{"id":6333,"date":"2021-12-02T12:59:04","date_gmt":"2021-12-02T12:59:04","guid":{"rendered":"https:\/\/www.academiabeta.galeria-arf-acad-ciencias.pt\/?page_id=6333"},"modified":"2025-04-23T12:38:46","modified_gmt":"2025-04-23T11:38:46","slug":"classe-de-ciencias-2","status":"publish","type":"page","link":"http:\/\/www.acad-ciencias.pt\/eng\/academicos\/classe-de-ciencias-2\/","title":{"rendered":"Class of Sciences"},"content":{"rendered":"<p><a href=\"https:\/\/www.acad-ciencias.pt\" title=\"Home\">Home<\/a>\t\t\t\t<\/p>\n<h1>Class of Sciences<\/h1>\n<p>\t\t\t\t\t\t\t\t\tPERMANENT MEMBERS<br \/>\n\t\t\t\t\t\t\t\t\tNATIONAL CORRESPONDENTS<br \/>\n\t\t\t\t\t\t\t\t\tFOREIGN CORRESPONDENTS<br \/>\n\t\t\t\t\t\t\t\t\tEMERITS<br \/>\n\t\t\t\t\t\t\t\t\tSUPERNUMERARIES<br \/>\n\t\t\t\t\t\t\t\t\tPERMANENT MEMBERS <\/p>\n<p><b>1<sup>st<\/sup> SECTION | Mathematics<\/b><\/p>\n<p style=\"letter-spacing: normal;\">Jo\u00e3o Paulo Carvalho Dias | 01.03.2007<\/p>\n<p>Jos\u00e9 Francisco Rodrigues | 23.04.2009<\/p>\n<p>Jo\u00e3o Filipe Queir\u00f3 | 26.02.2015<\/p>\n<p>Hugo Beir\u00e3o da Veiga | 02.03.2017<\/p>\n<p>Maria Ivette Gomes | 08.11.2018<\/p>\n<p>Fernando Inoc\u00eancio Ferreira | 26.05.2022<\/p>\n<p>Eduardo Marques S\u00e1 | 25.05.2023<\/p>\n<p><b>2<sup>nd<\/sup> SECTION | Physics<\/b><\/p>\n<p>Filipe Duarte Santos | 17.06.1999<\/p>\n<p>Paulo Peixeiro de Freitas | 02.06.2016\u00a0<\/p>\n<p>Ant\u00f3nio Amorim Barbosa | 03.12.2020<\/p>\n<p>Jo\u00e3o Pedro Conde | 26.05.2022<\/p>\n<p>Nuno Peres | 26.05.2022<\/p>\n<p>Lu\u00eds Carlos | 25.05.2023<\/p>\n<p>Lu\u00eds Oliveira e Silva | 10.12.2024<\/p>\n<p><b>3<sup>rd<\/sup> SECTION | Chemistry<\/b><\/p>\n<p>Armando Pombeiro | 21.01.1988<\/p>\n<p>Ant\u00f3nio Varandas | 03.12.2020<\/p>\n<p>Jo\u00e3o Rocha | 03.12.2020<\/p>\n<p>Jos\u00e9 Galhardas de Moura | 03.12.2020<\/p>\n<p>Jos\u00e9 Abrunheiro da Silva Cavaleiro | 25.05.2023<\/p>\n<p>Jos\u00e9 Lu\u00eds Figueiredo | 25.05.2023<\/p>\n<p>Victor Lobo | 25.05.2023<\/p>\n<p><b>4<sup>th<\/sup> SECTION | Earth and Space Sciences<\/b><\/p>\n<p>Miguel Telles Antunes | 29.06.2000<\/p>\n<p>Ant\u00f3nio Ribeiro | 29.06.2000<\/p>\n<p>Jos\u00e9 Pereira Os\u00f3rio | 17.07.2013<\/p>\n<p>Manuel Lemos de Sousa | 25.09.2014<\/p>\n<p>Fernando Barriga | 03.12.2020<\/p>\n<p>Miguel Miranda | 26.05.2022<\/p>\n<p>Jos\u00e9 Miguel Cardoso Pereira | 26.05.2022<\/p>\n<p><strong>5<sup>th<\/sup> SECTION <\/strong><strong>|<\/strong><strong> Biological Sciences<\/strong><\/p>\n<p>Maria Salom\u00e9 Pais | 24.11.2005<\/p>\n<p>Rui Malh\u00f3 | 06.06.2016<\/p>\n<p>Maria Cec\u00edlia Le\u00e3o | 05.12.2019<\/p>\n<p>Maria Helena Santos | 05.12.2019<\/p>\n<p>Ricardo Serr\u00e3o Santos | 26.05.2022<\/p>\n<p>Nuno Ferrand | 26.05.2022<\/p>\n<p>Isabel S\u00e1-Correia | 25.05.2023<\/p>\n<p><strong>6<sup>th<\/sup> SECTION <\/strong><strong>|<\/strong><strong> Medical and Health Sciences<\/strong><\/p>\n<p>Jos\u00e9 Manuel Toscano Rico | 21.01.1988<\/p>\n<p>Alexandre Castro-Caldas | 02.03.2017<\/p>\n<p>Jorge Soares | 03.12.2020<\/p>\n<p>Manuel Sobrinho Sim\u00f5es | 26.05.2022<\/p>\n<p>Jos\u00e9 Manuel Domingos Pereira Miguel | 10.12.2024<\/p>\n<p><strong>7<sup>th<\/sup> SECTION <\/strong><strong>|<\/strong><strong> Engineering Sciences<\/strong><\/p>\n<p>Maria Manuela Chaves | 06.12.2001<\/p>\n<p>Lu\u00eds Aires-Barros | 17.06.2010<\/p>\n<p>Carlos de Sousa Oliveira | 26.05.2022<\/p>\n<p>Rui Silva Martins | 26.05.2022<\/p>\n<p>Ant\u00f3nio Reis | 26.05.2022<\/p>\n<p>H\u00e9lder Rodrigues | 25.05.2023<\/p>\n<p>Paulo Tavares de Castro | 25.05.2023<\/p>\n<p><b>8<sup>th<\/sup> SECTION | Information Sciences and Technologies<\/b><\/p>\n<p>Carlos Salema | 29.03.2007<\/p>\n<p>Jos\u00e9 Fonseca de Moura | 26.05.2022<\/p>\n<p>M\u00e1rio Figueiredo | 25.05.2023<\/p>\n<p><b>9<sup>th<\/sup> SECTION | Technologies, Knowledge and Society<\/b><\/p>\n<p>Rui Vilela Mendes | 06.03.2008<\/p>\n<p>Henrique Leit\u00e3o | 26.05.2015<\/p>\n<p>Jo\u00e3o Queiroz e Melo | 02.02.2017<\/p>\n<p>Jo\u00e3o Lu\u00eds Cardoso | 26.05.2022<\/p>\n<p>\t\t\t\t\t\t\t\t\tNATIONAL CORRESPONDENTS<\/p>\n<h4>1.\u00aa SEC\u00c7\u00c3O\u00a0|\u00a0Matem\u00e1tica<\/h4>\n<p>Rui Loja Fernandes | 07.12.2006<\/p>\n<p>Ad\u00e9lia Sequeira | 08.11.2018<\/p>\n<p>Jorge Menezes de Almeida | 07.03.2019<\/p>\n<p>Ana Bela Cruzeiro | 30.01.2020<\/p>\n<p>Gon\u00e7alo Tabuada | 30.01.2020<\/p>\n<p>Jos\u00e9 Miguel Urbano | 30.01.2020<\/p>\n<p>Jorge Milhazes de Freitas | 30.01.2020<\/p>\n<p>Miguel Tribolet de Abreu | 26.05.2022<\/p>\n<p>Jos\u00e9 Ferreira Alves | 26.05.2022<\/p>\n<p>Andr\u00e9 Arroja Neves | 25.05.2023<\/p>\n<p>Ana Patr\u00edcia Carvalho Gon\u00e7alves | 25.05.2023<\/p>\n<p>Jo\u00e3o Eduardo Gouveia | 18.06.2024<\/p>\n<p>Pedro Miguel Duarte | 18.06.2024<\/p>\n<p><strong>2<sup>nd<\/sup> SECTION <\/strong><strong>|<\/strong><strong> Physics<\/strong><\/p>\n<p>Fernando Carvalho Rodrigues | 29.10.1987<\/p>\n<p>Jorge Pacheco | 19.03.2009<\/p>\n<p>Manuel Collares Pereira | 03.12.2020<\/p>\n<p>V\u00edtor Cardoso | 03.03.2022<\/p>\n<p>Yasser Omar | 03.03.2022<\/p>\n<p>Maria Constan\u00e7a da Provid\u00eancia Santar\u00e9m e Costa | 25.05.2023<\/p>\n<p>Maria Teresa de La Pe\u00f1a Stadler | 18.06.2024<\/p>\n<p>Nuno Ara\u00fajo | 10.12.2024<\/p>\n<p><strong>3<sup>rd<\/sup> SECTION <\/strong><strong>|<\/strong><strong> Chemistry<\/strong><\/p>\n<p>Ant\u00f3nio Rocha Gon\u00e7alves | 17.12.2009<\/p>\n<p>Manuel Nunes da Ponte | 15.05.2014<\/p>\n<p>Carlos Geraldes | 02.06.2016<\/p>\n<p>Isabel Moura | 03.12.2020<\/p>\n<p>Artur Silva | 03.12.2020<\/p>\n<p>Mara Guadalupe Freire Martins | 26.05.2022<\/p>\n<p>Maria de F\u00e1tima Guedes da Silva | 26.05.2022<\/p>\n<p>Carlos Afonso | 25.05.2023<\/p>\n<p>Cristina Freire | 25.05.2023<\/p>\n<p>Nuno Maulide | 18.06.2024<\/p>\n<p>Maria Jo\u00e3o Ramos | 18.06.2024<\/p>\n<p><strong>4<sup>th<\/sup> SECTION <\/strong><strong>|<\/strong><strong> Earth and Space Sciences<\/strong><\/p>\n<p>Fernando de Noronha | 24.11.2005<\/p>\n<p>Afzal Suleman | 26.02.2015<\/p>\n<p>Ausenda Balbino | 26.02.2015<\/p>\n<p>Ant\u00f3nio Ferreira Soares | 02.06.2016<\/p>\n<p>Rui Manuel Soares Dias | 05.12.2019<\/p>\n<p>Cristina Rodrigues | 03.12.2020<\/p>\n<p>Pedro Miguel Proen\u00e7a e Cunha | 26.05.2022<\/p>\n<p>Jo\u00e3o Daniel Casal Duarte | 26.05.2022<\/p>\n<p>Deolinda Maria dos Santos Flores M. Fonseca | 25.05.2023<\/p>\n<p>Isabel Trigo | 25.05.2023<\/p>\n<p>Jos\u00e9 Tom\u00e1s de Oliveira | 18.06.2024<\/p>\n<p>Emanuel Dutra | 10.12.2024<\/p>\n<p><strong>5<sup>th<\/sup> SECTION <\/strong><strong>|<\/strong><strong> Biological Sciences<\/strong><\/p>\n<p>Cec\u00edlia Arraiano | 23.04.2009<\/p>\n<p>Margarida Amaral | 15.05.2014<\/p>\n<p>Joaquim Sampaio Cabral | 26.02.2015<\/p>\n<p>Maria Manuel Salgueiro Romeiras | 08.03.2018<\/p>\n<p>Miguel Prud\u00eancio | 05.12.2019<\/p>\n<p>Bruno Silva-Santos | 26.05.2022<\/p>\n<p>Rodrigo Antunes da Cunha | 26.05.2022<\/p>\n<p>M\u00f3nica Bettencourt-Dias | 25.05.2023<\/p>\n<p>Cristina Branquinho | 25.05.2023<\/p>\n<p>Cla\u00fadio Sunkel | 10.12.2024<\/p>\n<p>Cec\u00edlia Rodrigues | 10.12.2024<\/p>\n<p><strong>6<sup>th<\/sup> SECTION <\/strong><strong>|<\/strong><strong> Medical and Health Sciences<\/strong><\/p>\n<p>Francisco Carvalho Guerra | 07.10.1976<\/p>\n<p>Maria do Carmo Fonseca | 17.07.2000<\/p>\n<p>Frederico Teixeira | 02.03.2017<\/p>\n<p>Henrique Vila\u00e7a Ramos | 04.05.2017<\/p>\n<p>Gil Pessanha Alcoforado | 07.03.2019\u00a0 \u00a0 \u00a0<\/p>\n<p>Duarte Nuno Vieira | 04.11.2021<\/p>\n<p>Henrique Barros | 04.11.2021<\/p>\n<p>Maria Concei\u00e7\u00e3o Peleteiro | 26.05.2022<\/p>\n<p>Jos\u00e9 Fragata | 26.05.2022<\/p>\n<p>Catarina Oliveira | 25.05.2023<\/p>\n<p>Nuno Sousa | 25.05.2023<\/p>\n<p>Ant\u00f3nio Medina de Almeida | 10.12.2024<\/p>\n<p>Helena Canh\u00e3o | 10.12.2024<\/p>\n<p><strong>7<sup>th<\/sup> SECTION <\/strong><strong>|<\/strong><strong> Engineering Sciences and Other Applied Sciences<\/strong><\/p>\n<p>Lu\u00eds Veiga da Cunha \u2013 06.03.2008<\/p>\n<p>Maria da Gra\u00e7a Carvalho | 19.03.2009<\/p>\n<p>Elvira Fortunato | 08.03.2018<\/p>\n<p>Jos\u00e9 Santos-V\u00edctor | 26.05.2022<\/p>\n<p style=\"font-size: 16.0016px;\">Isabel Ribeiro | 25.05.2023<\/p>\n<p style=\"font-size: 16.0016px;\">Pedro Ponces Camanho | 25.05.2023<\/p>\n<p>Manuela Veloso | 18.06.2024<\/p>\n<p><strong>8<sup>th<\/sup> SECTION <\/strong><strong>|<\/strong><strong> Information Sciences and Technologies<\/strong><\/p>\n<p>Lu\u00eds Filipe Coelho Antunes | 26.05.22<\/p>\n<p>M\u00e1rio Silveirinha | 26.05.22<\/p>\n<p>Carlos Ant\u00f3nio Cardoso Fernandes | 25.05.2023<\/p>\n<p>Jos\u00e9 Lu\u00eds Borbinha | 25.05.2023<\/p>\n<p>Andr\u00e9 Filipe Torres Martins | 25.05.2023<\/p>\n<p>Arlindo Oliveira | 18.06.2024<\/p>\n<p>Lu\u00eds Gouveia | 18.06.2024<\/p>\n<p>Paulo Mateus | 18.06.2024<\/p>\n<p><strong>9<sup>th<\/sup> SECTION <\/strong><strong>|<\/strong><strong>\u00a0Technologies, Knowledge and Society<\/strong><\/p>\n<p>Jorge Buescu | 26.05.22<\/p>\n<p>Jo\u00e3o Cara\u00e7a | 26.05.22<\/p>\n<p>Alexandre Quintanilha | 26.05.22<\/p>\n<p>Helena Freitas | 14.12.2023<\/p>\n<p>Lu\u00edz Oosterbeek | 14.12.2023<\/p>\n<p>Lu\u00eds Saraiva | 14.12.2023<\/p>\n<p>Carlos Fiolhais | 10.12.2024<\/p>\n<p>\t\t\t\t\t\t\t\t\tFOREIGN CORRESPONDENTS<\/p>\n<p>Benjamin Epstein (Estados Unidos da Am\u00e9rica)<\/p>\n<p>Philippe Taquet (Fran\u00e7a)<\/p>\n<p>Christof Thiemermann (Inglaterra)<\/p>\n<p>Li Daquian\u00a0(China)<\/p>\n<p>Sir John O\u2019Reilly (Inglaterra)<\/p>\n<p>Jean Claude All\u00e8gre (Fran\u00e7a)<\/p>\n<p>Herbert Mang (\u00c1ustria)<\/p>\n<p>Herwig Franz Schopper (Alemanha)<\/p>\n<p>Bj\u00f6rn Lindman (Su\u00e9cia)<\/p>\n<p>Henrik Georg Bohr (Dinamarca)<\/p>\n<p>J\u00fcri Engelbrecht (Est\u00f3nia)<\/p>\n<p>Giulio Maier (It\u00e1lia)<\/p>\n<p>Henry Keith Moffatt (Inglaterra)<\/p>\n<p>Craig de Mello (Estados Unidos da Am\u00e9rica)<\/p>\n<p>Bing-Joe Hwang (China, Taiwan)<\/p>\n<p>Ernst-Detlef Schulze (Alemanha)<\/p>\n<p>Vadim Kukushkin (R\u00fassia)<\/p>\n<p>Lhotar Willmitzer (Alemanha)<\/p>\n<p>Robert Whittaker (Inglaterra)<\/p>\n<p>George Perry (Estados Unidos da Am\u00e9rica)<\/p>\n<p>Jean Salen\u00e7on (Fran\u00e7a)<\/p>\n<p>Claudio Pettinari (It\u00e1lia)<\/p>\n<p>G\u00fcnter Wolfgang Hein (Alemanha)<\/p>\n<p>Klaus Palme (Alemanha)<\/p>\n<p>Maria-Carmen Risue\u00f1o (Espanha)<\/p>\n<p>Pierre Braunstein (Fran\u00e7a)<\/p>\n<p>Samir Zard (Fran\u00e7a)<\/p>\n<p>Carlos Cramez (Portugal\/Sui\u00e7a)<\/p>\n<p>Javier Francisco-Ortega (Estados Unidos da Am\u00e9rica)<\/p>\n<p>Pere Puigdom\u00e9nech (Espanha)<\/p>\n<p>Martin Almagro (Espanha)<\/p>\n<p>Ronald A. DePinho (Estados Unidos da Am\u00e9rica)<\/p>\n<p>Ludwig Paul Ary Evert Streit (Alemanha)<\/p>\n<p>Jean Pierre Bourguignon (Fran\u00e7a)<\/p>\n<p>Tomas Macek (Rep\u00fablica Checa)<\/p>\n<p>Maurizio Peruzzini (It\u00e1lia)<\/p>\n<p>Pierre Dixneuf (Fran\u00e7a)<\/p>\n<p>Lu\u00eds Ant\u00f3nio Oro Giral (Espanha)<\/p>\n<p>Alfio Quarteroni (It\u00e1lia)<\/p>\n<p>Irene Fonseca (Estados Unidos da Am\u00e9rica)<\/p>\n<p>Ahmed Bin Mohammed Al Jarwan (Emirados \u00c1rabes Unidos)<\/p>\n<p>Jes\u00fas \u00c1vila de Grado (Espanha)<\/p>\n<p>Christian Amatore (Fran\u00e7a)<\/p>\n<p>Eric Anders Carlen (Estados Unidos da Am\u00e9rica)<\/p>\n<p>Filippo Mancia\u00a0(Estados Unidos da Am\u00e9rica)<\/p>\n<p>Garabed Antranikian (Alemanha)<\/p>\n<p>Herm\u00ednia de Lencastre\u00a0(Estados Unidos da Am\u00e9rica)<\/p>\n<p>Pui-in Mak (China, Macau)<\/p>\n<p>Sierd Cloetingh (Holanda)<\/p>\n<h4>PALOP and East-Timor Correspondents<\/h4>\n<p>Tito Fernandes (Mo\u00e7ambique)<\/p>\n<h4>Brasil Correspondents<\/h4>\n<p>Alcides N\u00f3brega Sial<\/p>\n<p>Umberto Giusepe Cordani<\/p>\n<p>Zuleika Lopes Carretta<\/p>\n<p>Colombo Celso Gaeta Tassinari<\/p>\n<p>An\u00edbal Gil Lopes<\/p>\n<p>Jacob Palis Junior<\/p>\n<p>Ant\u00f3nio Carlos Sequeira Fernandes<\/p>\n<p>Marcelo Miranda Viana<\/p>\n<p>Alexander Kellner<\/p>\n<p>Jorge Alberto Costa e Silva<\/p>\n<p>V\u00edtor Francisco Ferreira<\/p>\n<p>\t\t\t\t\t\t\t\t\tEMERITS<\/p>\n<p>Eduardo Arantes e Oliveira<\/p>\n<p>Jos\u00e9 Sim\u00f5es Redinha<\/p>\n<p>Roberto Salema<\/p>\n<p>\t\t\t\t\t\t\t\t\tSUPERNUMERARIES<\/p>\n<p>Armando M\u00e1rio Lascher Brinca<\/p>\n<p>Jos\u00e9 Manuel C\u00e9sar de S\u00e1<\/p>\n<p>Joaquim Renato Pereira Ara\u00fajo<\/p>\n<p>Jos\u00e9 Manuel Urbano Munh\u00e1<\/p>\n<p>Lu\u00eds Torres de Magalh\u00e3es<\/p>\n<p>Ars\u00e9lio Pato Carvalho<\/p>\n<p>Vitor Madeira<\/p>\n<p>Wanda Viegas<\/p>\n<p>Joaquim Murta<\/p>\n<p>Jorge Carreira Gon\u00e7alves Calado<\/p>\n<p>Jo\u00e3o Bessa e Sousa<\/p>\n<p>Victor Hugo Forjaz<\/p>","protected":false},"excerpt":{"rendered":"<p>Home Classe de Ci\u00eancias EFETIVOS CORRESPONDENTES NACIONAIS CORRESPONDENTES ESTRANGEIROS EM\u00c9RITOS SUPRANUMER\u00c1RIOS EFETIVOS 1.\u00aa SEC\u00c7\u00c3O | Matem\u00e1tica Jo\u00e3o Paulo Carvalho Dias | 01.03.2007 Jos\u00e9 Francisco Rodrigues | 23.04.2009 Jo\u00e3o Filipe Queir\u00f3 | 26.02.2015 Hugo Beir\u00e3o da Veiga | 02.03.2017 Maria Ivette Gomes | 08.11.2018 Fernando Inoc\u00eancio Ferreira | 26.05.2022 Eduardo Marques S\u00e1 | 25.05.2023 2.\u00aa SEC\u00c7\u00c3O [&hellip;]<\/p>","protected":false},"author":1,"featured_media":0,"parent":13182,"menu_order":0,"comment_status":"closed","ping_status":"closed","template":"","meta":{"footnotes":""},"class_list":["post-6333","page","type-page","status-publish","hentry"],"_links":{"self":[{"href":"http:\/\/www.acad-ciencias.pt\/eng\/wp-json\/wp\/v2\/pages\/6333","targetHints":{"allow":["GET"]}}],"collection":[{"href":"http:\/\/www.acad-ciencias.pt\/eng\/wp-json\/wp\/v2\/pages"}],"about":[{"href":"http:\/\/www.acad-ciencias.pt\/eng\/wp-json\/wp\/v2\/types\/page"}],"author":[{"embeddable":true,"href":"http:\/\/www.acad-ciencias.pt\/eng\/wp-json\/wp\/v2\/users\/1"}],"replies":[{"embeddable":true,"href":"http:\/\/www.acad-ciencias.pt\/eng\/wp-json\/wp\/v2\/comments?post=6333"}],"version-history":[{"count":3,"href":"http:\/\/www.acad-ciencias.pt\/eng\/wp-json\/wp\/v2\/pages\/6333\/revisions"}],"predecessor-version":[{"id":24057,"href":"http:\/\/www.acad-ciencias.pt\/eng\/wp-json\/wp\/v2\/pages\/6333\/revisions\/24057"}],"up":[{"embeddable":true,"href":"http:\/\/www.acad-ciencias.pt\/eng\/wp-json\/wp\/v2\/pages\/13182"}],"wp:attachment":[{"href":"http:\/\/www.acad-ciencias.pt\/eng\/wp-json\/wp\/v2\/media?parent=6333"}],"curies":[{"name":"wp","href":"https:\/\/api.w.org\/{rel}","templated":true}]}}