{"id":20485,"date":"2024-12-18T15:21:13","date_gmt":"2024-12-18T15:21:13","guid":{"rendered":"https:\/\/www.acad-ciencias.pt\/?post_type=ac_scholars&#038;p=20485"},"modified":"2024-12-19T16:04:17","modified_gmt":"2024-12-19T16:04:17","slug":"acilio-da-silva-estanqueiro-rocha","status":"publish","type":"ac_scholars","link":"https:\/\/www.acad-ciencias.pt\/eng\/scholars\/acilio-da-silva-estanqueiro-rocha\/","title":{"rendered":"Ac\u00edlio da Silva Estanqueiro Rocha"},"content":{"rendered":"<p>Ac\u00edlio da Silva Estanqueiro Rocha, Professor Emeritus at the University of Minho (since 2014), was a full professor (since 1995). He holds a degree in Philosophy (1973, Faculty of Philosophy of Braga, UCP, with a final exam \u201cDe Universa\u201d and dissertation), a diploma in Political Science (Paris, Sorbonne, 1975), a postgraduate degree in \u201cHistoire des Syst\u00e8mes de Pens\u00e9e\u201d (Paris, Sorbonne, 1976), a PhD in Philosophy (Paris, Sorbonne, 1982), a PhD in Letters (University of Minho, 1984), and aggregation in Philosophy (University of Minho, 1994).<br>He was Director of the Philosophy Department (1984-1992) and of the International Relations Degree (1992-1996), Vice-President (1990-1994) and President (1994-2000) of the Institute of Letters and Human Sciences, and Vice-Rector of the University of Minho (2002-2009). He was a member of the \u2018Ethics Council\u2019 (2018-2023), chairing the \u2018Ethics Committee for Research in Social Sciences and Humanities\u2019.<br>He collaborated on the Encyclopedia of Luso-Brazilian Culture, LOGOS Encyclopedia, POLIS Encyclopedia, by Editorial Verbo; on Dicion\u00e1rio dos Antis: a cultura portuguesa em negativo; on Dignip\u00e9dia Global: Dicion\u00e1rio dos Direitos Humanos. In addition to the books Problem\u00e1tica do Estruturalismo: l\u00edngua, estrutura e conhecimento (1988), Justi\u00e7a e Direitos Humanos (coord., 2001), Europa, Cidadania e Multiculturalismo (coord. 2004), he is the author of publications on \u2018structuralism\u2019, \u2018post-structuralism\u2019, on \u2018ethics\u2019 and \u2018political philosophy\u2019, \u2018human rights\u2019, \u2018democracy\u2019, \u2018European studies\u2019, and \u2018philosophy in Portugal\u2019 (partly included in the RepositoriUM, 140 references). As a researcher, he is member of the \u201cCentro de \u00c9tica, Pol\u00edtica e Sociedade\u201d (CEPS).<br>He has been awarded the following prizes: \u201cScience and Education\u201d Award (\u201cOur Land\u201d Awards, Braga, Gala 8th edition (2005); \u201cSapientia\u201d Award (from the Interuniversity Society of Philosophy, based in Santiago de Compostela, 2019). The following works were dedicated to him: Pensar radicalmente a Humanidade: ensaios em homenagem a Ac\u00edlio da Silva Estanqueiro Rocha, Jo\u00e3o Rosas and V\u00edtor Moura (eds.), (Edi\u00e7\u00f5es H\u00famus, 2011) and Ac\u00edlio da Silva Estanqueiro Rocha: Filosofia e Utopia, coordinated by Marcelino Ag\u00eds Villaverde et al. (Santiago de Compostela, 2021).<\/p>","protected":false},"excerpt":{"rendered":"<p>Ac\u00edlio da Silva Estanqueiro Rocha, Professor Emeritus at the University of Minho (since 2014), was a full professor (since 1995). He holds a degree in Philosophy (1973, Faculty of Philosophy of Braga, UCP, with a final exam \u201cDe Universa\u201d and dissertation), a diploma in Political Science (Paris, Sorbonne, 1975), a postgraduate degree in \u201cHistoire des [&hellip;]<\/p>","protected":false},"author":15,"featured_media":20487,"menu_order":0,"template":"","format":"standard","meta":{"date":["2023-05-30"],"email":"acilio@elach.uminho.pt","show_email":false,"interest":"Estruturalismo; Filosofia Pol\u00edtica; Europa; Direitos Humanos; Filosofia em Portugal","interest_en":"Structuralism; Political Philosophy; Europe; Human Rights; Philosophy in Portugal","hyperlink":"https:\/\/orcid.org\/0000-0003-0188-4066 http:\/\/aciliorocha.wix.com\/rocha","footnotes":""},"ac_class":[118],"ac_bond":[120],"ac_section":[139],"class_list":["post-20485","ac_scholars","type-ac_scholars","status-publish","format-standard","has-post-thumbnail","hentry","ac_class-classe-de-letras","ac_bond-efetivos","ac_section-3-a-seccao-filosofia-psicologia-e-ciencias-da-educacao"],"_links":{"self":[{"href":"https:\/\/www.acad-ciencias.pt\/eng\/wp-json\/wp\/v2\/ac_scholars\/20485","targetHints":{"allow":["GET"]}}],"collection":[{"href":"https:\/\/www.acad-ciencias.pt\/eng\/wp-json\/wp\/v2\/ac_scholars"}],"about":[{"href":"https:\/\/www.acad-ciencias.pt\/eng\/wp-json\/wp\/v2\/types\/ac_scholars"}],"author":[{"embeddable":true,"href":"https:\/\/www.acad-ciencias.pt\/eng\/wp-json\/wp\/v2\/users\/15"}],"version-history":[{"count":0,"href":"https:\/\/www.acad-ciencias.pt\/eng\/wp-json\/wp\/v2\/ac_scholars\/20485\/revisions"}],"wp:featuredmedia":[{"embeddable":true,"href":"https:\/\/www.acad-ciencias.pt\/eng\/wp-json\/wp\/v2\/media\/20487"}],"wp:attachment":[{"href":"https:\/\/www.acad-ciencias.pt\/eng\/wp-json\/wp\/v2\/media?parent=20485"}],"wp:term":[{"taxonomy":"ac_class","embeddable":true,"href":"https:\/\/www.acad-ciencias.pt\/eng\/wp-json\/wp\/v2\/ac_class?post=20485"},{"taxonomy":"ac_bond","embeddable":true,"href":"https:\/\/www.acad-ciencias.pt\/eng\/wp-json\/wp\/v2\/ac_bond?post=20485"},{"taxonomy":"ac_section","embeddable":true,"href":"https:\/\/www.acad-ciencias.pt\/eng\/wp-json\/wp\/v2\/ac_section?post=20485"}],"curies":[{"name":"wp","href":"https:\/\/api.w.org\/{rel}","templated":true}]}}

Acílio da Silva Estanqueiro Rocha

<p>Acílio da Silva Estanqueiro Rocha, Professor Emeritus at the University of Minho (since 2014), was a full professor (since 1995). He holds a degree in Philosophy (1973, Faculty of Philosophy of Braga, UCP, with a final exam “De Universa” and dissertation), a diploma in Political Science (Paris, Sorbonne, 1975), a postgraduate degree in “Histoire des Systèmes de Pensée” (Paris, Sorbonne, 1976), a PhD in Philosophy (Paris, Sorbonne, 1982), a PhD in Letters (University of Minho, 1984), and aggregation in Philosophy (University of Minho, 1994).<br>He was Director of the Philosophy Department (1984-1992) and of the International Relations Degree (1992-1996), Vice-President (1990-1994) and President (1994-2000) of the Institute of Letters and Human Sciences, and Vice-Rector of the University of Minho (2002-2009). He was a member of the ‘Ethics Council’ (2018-2023), chairing the ‘Ethics Committee for Research in Social Sciences and Humanities’.<br>He collaborated on the Encyclopedia of Luso-Brazilian Culture, LOGOS Encyclopedia, POLIS Encyclopedia, by Editorial Verbo; on Dicionário dos Antis: a cultura portuguesa em negativo; on Dignipédia Global: Dicionário dos Direitos Humanos. In addition to the books Problemática do Estruturalismo: língua, estrutura e conhecimento (1988), Justiça e Direitos Humanos (coord., 2001), Europa, Cidadania e Multiculturalismo (coord. 2004), he is the author of publications on ‘structuralism’, ‘post-structuralism’, on ‘ethics’ and ‘political philosophy’, ‘human rights’, ‘democracy’, ‘European studies’, and ‘philosophy in Portugal’ (partly included in the RepositoriUM, 140 references). As a researcher, he is member of the “Centro de Ética, Política e Sociedade” (CEPS).<br>He has been awarded the following prizes: “Science and Education” Award (“Our Land” Awards, Braga, Gala 8th edition (2005); “Sapientia” Award (from the Interuniversity Society of Philosophy, based in Santiago de Compostela, 2019). The following works were dedicated to him: Pensar radicalmente a Humanidade: ensaios em homenagem a Acílio da Silva Estanqueiro Rocha, João Rosas and Vítor Moura (eds.), (Edições Húmus, 2011) and Acílio da Silva Estanqueiro Rocha: Filosofia e Utopia, coordinated by Marcelino Agís Villaverde et al. (Santiago de Compostela, 2021).</p>

<p>Acílio da Silva Estanqueiro Rocha, Professor Emeritus at the University of Minho (since 2014), was a full professor (since 1995). He holds a degree in Philosophy (1973, Faculty of Philosophy of Braga, UCP, with a final exam “De Universa” and dissertation), a diploma in Political Science (Paris, Sorbonne, 1975), a postgraduate degree in “Histoire des [&hellip;]</p>

Estruturalismo; Filosofia Política; Europa; Direitos Humanos; Filosofia em Portugal
