{"id":20611,"date":"2024-12-18T19:28:48","date_gmt":"2024-12-18T19:28:48","guid":{"rendered":"https:\/\/www.acad-ciencias.pt\/?post_type=ac_scholars&#038;p=20611"},"modified":"2024-12-18T19:28:51","modified_gmt":"2024-12-18T19:28:51","slug":"carlos-salema","status":"publish","type":"ac_scholars","link":"https:\/\/www.acad-ciencias.pt\/eng\/scholars\/carlos-salema\/","title":{"rendered":"Carlos Salema"},"content":{"rendered":"<p>Carlos Eduardo Rego da Costa Salema (Ponta Delgada, 1942) graduated in Electrical Engineering from the Instituto Superior T\u00e9cnico (IST) in 1965, and was then invited to become an assistant lecturer. He attended Queen Mary College at the University of London and, in 1972, carried out a doctoral thesis on radiation and transmissions entitled \u201cTheory and Design of Dielectric Cone Antennas\u201d, obtaining a PhD in Engineering Sciences in 1973.<br>With a degree in Electrical Engineering in 1978 and a Full Professor at IST between 1979 and 2003, Carlos Salema has carried out research in the field of electromagnetic radiation &#8211; in particular microwaves and Hertzian beams in their various applications to communication &#8211; which he has presented in articles, conferences and various works, including \u201cHertzian Beams\u201d (1998). In 2002, he was awarded the title of Doctor Emeritus by the Technical University of Lisbon. Since 2003 he has been an Invited Full Professor and Member of the Scientific Council of the Faculty of Engineering of the Portuguese Catholic University.<br>He was President of JNICT (1989-1992), and at the time was in charge of the CIENCIA and STRIDE programs. He was also President of the Telecommunications Institute, President of the Electrotechnical Engineering College of the Order of Engineers, President of the Executive Board of the Foundation for National Scientific Computation, a member of the General Council of the University of Beira Interior, and a member of the Portuguese section, created in 2005, of the Education Society Chapter of the Institute of Electrical and Electronic Engineers.<br>He was a national delegate for the EU programs RACE, DRIVE, DELTA and AIM and an evaluator for the Human Capital and Mobility programs, among others, and was part of the European teams evaluating the Tunisian and Greek scientific systems. A member of the Lisbon Academy of Sciences, he has been president of the Class of Sciences since 2016, having presided over the Academy of Sciences for the 2019-2021 triennium. He was awarded the Medal of Scientific Merit in 2021.<\/p>","protected":false},"excerpt":{"rendered":"<p>Carlos Eduardo Rego da Costa Salema (Ponta Delgada, 1942) graduated in Electrical Engineering from the Instituto Superior T\u00e9cnico (IST) in 1965, and was then invited to become an assistant lecturer. He attended Queen Mary College at the University of London and, in 1972, carried out a doctoral thesis on radiation and transmissions entitled \u201cTheory and [&hellip;]<\/p>","protected":false},"author":15,"featured_media":20612,"menu_order":0,"template":"","format":"standard","meta":{"date":["2007-03-29"],"email":"carlos.salema@it.pt","show_email":true,"interest":"Telecomunica\u00e7\u00f5es; R\u00e1dio; Avalia\u00e7\u00e3o de pol\u00edticas p\u00fablicas; Sistema cient\u00edfico e Tecnol\u00f3gico.","interest_en":"Telecommunications; Radio; Evaluation of public policies; Scientific and technological system.","hyperlink":"https:\/\/www.it.pt\/Members\/Index\/18 https:\/\/orcid.org\/0000-0002-5659-5053","footnotes":""},"ac_class":[119],"ac_bond":[120],"ac_section":[132],"class_list":["post-20611","ac_scholars","type-ac_scholars","status-publish","format-standard","has-post-thumbnail","hentry","ac_class-classe-de-ciencias","ac_bond-efetivos","ac_section-8-seccao-ciencias-e-tecnologias-da-informacao"],"_links":{"self":[{"href":"https:\/\/www.acad-ciencias.pt\/eng\/wp-json\/wp\/v2\/ac_scholars\/20611","targetHints":{"allow":["GET"]}}],"collection":[{"href":"https:\/\/www.acad-ciencias.pt\/eng\/wp-json\/wp\/v2\/ac_scholars"}],"about":[{"href":"https:\/\/www.acad-ciencias.pt\/eng\/wp-json\/wp\/v2\/types\/ac_scholars"}],"author":[{"embeddable":true,"href":"https:\/\/www.acad-ciencias.pt\/eng\/wp-json\/wp\/v2\/users\/15"}],"version-history":[{"count":0,"href":"https:\/\/www.acad-ciencias.pt\/eng\/wp-json\/wp\/v2\/ac_scholars\/20611\/revisions"}],"wp:featuredmedia":[{"embeddable":true,"href":"https:\/\/www.acad-ciencias.pt\/eng\/wp-json\/wp\/v2\/media\/20612"}],"wp:attachment":[{"href":"https:\/\/www.acad-ciencias.pt\/eng\/wp-json\/wp\/v2\/media?parent=20611"}],"wp:term":[{"taxonomy":"ac_class","embeddable":true,"href":"https:\/\/www.acad-ciencias.pt\/eng\/wp-json\/wp\/v2\/ac_class?post=20611"},{"taxonomy":"ac_bond","embeddable":true,"href":"https:\/\/www.acad-ciencias.pt\/eng\/wp-json\/wp\/v2\/ac_bond?post=20611"},{"taxonomy":"ac_section","embeddable":true,"href":"https:\/\/www.acad-ciencias.pt\/eng\/wp-json\/wp\/v2\/ac_section?post=20611"}],"curies":[{"name":"wp","href":"https:\/\/api.w.org\/{rel}","templated":true}]}}

<p>Carlos Eduardo Rego da Costa Salema (Ponta Delgada, 1942) graduated in Electrical Engineering from the Instituto Superior Técnico (IST) in 1965, and was then invited to become an assistant lecturer. He attended Queen Mary College at the University of London and, in 1972, carried out a doctoral thesis on radiation and transmissions entitled “Theory and Design of Dielectric Cone Antennas”, obtaining a PhD in Engineering Sciences in 1973.<br>With a degree in Electrical Engineering in 1978 and a Full Professor at IST between 1979 and 2003, Carlos Salema has carried out research in the field of electromagnetic radiation &#8211; in particular microwaves and Hertzian beams in their various applications to communication &#8211; which he has presented in articles, conferences and various works, including “Hertzian Beams” (1998). In 2002, he was awarded the title of Doctor Emeritus by the Technical University of Lisbon. Since 2003 he has been an Invited Full Professor and Member of the Scientific Council of the Faculty of Engineering of the Portuguese Catholic University.<br>He was President of JNICT (1989-1992), and at the time was in charge of the CIENCIA and STRIDE programs. He was also President of the Telecommunications Institute, President of the Electrotechnical Engineering College of the Order of Engineers, President of the Executive Board of the Foundation for National Scientific Computation, a member of the General Council of the University of Beira Interior, and a member of the Portuguese section, created in 2005, of the Education Society Chapter of the Institute of Electrical and Electronic Engineers.<br>He was a national delegate for the EU programs RACE, DRIVE, DELTA and AIM and an evaluator for the Human Capital and Mobility programs, among others, and was part of the European teams evaluating the Tunisian and Greek scientific systems. A member of the Lisbon Academy of Sciences, he has been president of the Class of Sciences since 2016, having presided over the Academy of Sciences for the 2019-2021 triennium. He was awarded the Medal of Scientific Merit in 2021.</p>

<p>Carlos Eduardo Rego da Costa Salema (Ponta Delgada, 1942) graduated in Electrical Engineering from the Instituto Superior Técnico (IST) in 1965, and was then invited to become an assistant lecturer. He attended Queen Mary College at the University of London and, in 1972, carried out a doctoral thesis on radiation and transmissions entitled “Theory and [&hellip;]</p>

Telecomunicações; Rádio; Avaliação de políticas públicas; Sistema científico e Tecnológico.
