{"id":20653,"date":"2024-12-18T22:14:34","date_gmt":"2024-12-18T22:14:34","guid":{"rendered":"https:\/\/www.acad-ciencias.pt\/?post_type=ac_scholars&#038;p=20653"},"modified":"2025-03-24T11:17:49","modified_gmt":"2025-03-24T11:17:49","slug":"telmo-verdelho","status":"publish","type":"ac_scholars","link":"https:\/\/www.acad-ciencias.pt\/eng\/scholars\/telmo-verdelho\/","title":{"rendered":"Telmo Verdelho"},"content":{"rendered":"<p>Holds a PhD in Portuguese Linguistics (1988).<\/p>\n\n\n\n<p>He is a retired Full Professor at the University of Aveiro and has been a Visiting Professor at the University of Paris IV (Sorbonne), the University of Santiago de Compostela, and the University of Coru\u00f1a. Additionally, he served as a &#8220;Charg\u00e9 de conf\u00e9rences&#8221; at the \u00c9cole Pratique des Hautes \u00c9tudes in Paris. He has also taught at the Portuguese Catholic University and delivered Portuguese linguistics courses under the Erasmus Programme at the universities of Hamburg, Li\u00e8ge, and C\u00e1ceres. Furthermore, he taught courses for foreign students at the University of Coimbra.<\/p>\n\n\n\n<p>In 2001, he directed a Summer Course in Arr\u00e1bida on &#8220;Portuguese Lexicography, Heritage, and Renewal,&#8221; featuring the participation of leading editors and authors of Portuguese, Brazilian, and Galician dictionaries.<\/p>\n\n\n\n<p>He planned and coordinated the Portuguese Lexicographic Corpus Project, available online since 2006, providing open-access texts of Portuguese dictionaries from the 16th, 17th, and 18th centuries, along with an interactive concordance tool for researching lexical units. This project is supported by the DICIweb information system, developed in collaboration with the Department of Electronics at the University of Aveiro.<\/p>\n\n\n\n<p>He participated in the development of the Updated Orthographic Vocabulary of the Portuguese Language (VOALP), published by the Lisbon Academy of Sciences in 2012. He also served as President of the International Institute of the Portuguese Language (ILLP) from 2018 to 2022.<\/p>\n\n\n\n<p>His research contributions extend to the Interuniversity Centre for Cam\u00f5es Studies, particularly in the publication of a Concordance of the Complete Works of Lu\u00eds de Cam\u00f5es.<\/p>\n\n\n\n<p>His academic and scientific career has been dedicated to the study of language sciences, the analysis of Portuguese manuscript and printed textual heritage (both ancient and modern), and its pedagogical and cultural renewal. In 2021, he was elected a Member of the Brazilian Academy of Letters.<\/p>\n\n\n\n<p>He is the author of an extensive body of published work, with a particular focus on linguistic reflection, the history and description of the Portuguese language, the recovery of lexical memory, the recognition of lexicographical production, and the enhancement of linguistic and literary heritage\u2014a key aspect in the defence, proper use, and promotion of the Portuguese language.<\/p>","protected":false},"excerpt":{"rendered":"<p>Holds a PhD in Portuguese Linguistics (1988). He is a retired Full Professor at the University of Aveiro and has been a Visiting Professor at the University of Paris IV (Sorbonne), the University of Santiago de Compostela, and the University of Coru\u00f1a. Additionally, he served as a &#8220;Charg\u00e9 de conf\u00e9rences&#8221; at the \u00c9cole Pratique des [&hellip;]<\/p>","protected":false},"author":15,"featured_media":22515,"menu_order":0,"template":"","format":"standard","meta":{"date":["2016-02-23"],"email":"tverdelho@ua.pt","show_email":true,"interest":"Lingu\u00edstica te\u00f3rica; Hist\u00f3ria da l\u00edngua, lexicografia e dicionar\u00edstica; Patrim\u00f3nio liter\u00e1rio e mem\u00f3ria lingu\u00edstica; Ci\u00eancias da comunica\u00e7\u00e3o; Memorialismo, hist\u00f3ria e cultura regionais","interest_en":"","hyperlink":"https:\/\/acrobat.adobe.com\/id\/urn:aaid:sc:EU:1875377f-6c3d-4def-884d-2c4d567e28c9","footnotes":""},"ac_class":[118],"ac_bond":[120],"ac_section":[144],"class_list":["post-20653","ac_scholars","type-ac_scholars","status-publish","format-standard","has-post-thumbnail","hentry","ac_class-classe-de-letras","ac_bond-efetivos","ac_section-2-a-seccao-filologia-e-linguistica"],"_links":{"self":[{"href":"https:\/\/www.acad-ciencias.pt\/eng\/wp-json\/wp\/v2\/ac_scholars\/20653","targetHints":{"allow":["GET"]}}],"collection":[{"href":"https:\/\/www.acad-ciencias.pt\/eng\/wp-json\/wp\/v2\/ac_scholars"}],"about":[{"href":"https:\/\/www.acad-ciencias.pt\/eng\/wp-json\/wp\/v2\/types\/ac_scholars"}],"author":[{"embeddable":true,"href":"https:\/\/www.acad-ciencias.pt\/eng\/wp-json\/wp\/v2\/users\/15"}],"version-history":[{"count":2,"href":"https:\/\/www.acad-ciencias.pt\/eng\/wp-json\/wp\/v2\/ac_scholars\/20653\/revisions"}],"predecessor-version":[{"id":23401,"href":"https:\/\/www.acad-ciencias.pt\/eng\/wp-json\/wp\/v2\/ac_scholars\/20653\/revisions\/23401"}],"wp:featuredmedia":[{"embeddable":true,"href":"https:\/\/www.acad-ciencias.pt\/eng\/wp-json\/wp\/v2\/media\/22515"}],"wp:attachment":[{"href":"https:\/\/www.acad-ciencias.pt\/eng\/wp-json\/wp\/v2\/media?parent=20653"}],"wp:term":[{"taxonomy":"ac_class","embeddable":true,"href":"https:\/\/www.acad-ciencias.pt\/eng\/wp-json\/wp\/v2\/ac_class?post=20653"},{"taxonomy":"ac_bond","embeddable":true,"href":"https:\/\/www.acad-ciencias.pt\/eng\/wp-json\/wp\/v2\/ac_bond?post=20653"},{"taxonomy":"ac_section","embeddable":true,"href":"https:\/\/www.acad-ciencias.pt\/eng\/wp-json\/wp\/v2\/ac_section?post=20653"}],"curies":[{"name":"wp","href":"https:\/\/api.w.org\/{rel}","templated":true}]}}

<p>Holds a PhD in Portuguese Linguistics (1988).</p>



<p>He is a retired Full Professor at the University of Aveiro and has been a Visiting Professor at the University of Paris IV (Sorbonne), the University of Santiago de Compostela, and the University of Coruña. Additionally, he served as a &#8220;Chargé de conférences&#8221; at the École Pratique des Hautes Études in Paris. He has also taught at the Portuguese Catholic University and delivered Portuguese linguistics courses under the Erasmus Programme at the universities of Hamburg, Liège, and Cáceres. Furthermore, he taught courses for foreign students at the University of Coimbra.</p>



<p>In 2001, he directed a Summer Course in Arrábida on &#8220;Portuguese Lexicography, Heritage, and Renewal,&#8221; featuring the participation of leading editors and authors of Portuguese, Brazilian, and Galician dictionaries.</p>



<p>He planned and coordinated the Portuguese Lexicographic Corpus Project, available online since 2006, providing open-access texts of Portuguese dictionaries from the 16th, 17th, and 18th centuries, along with an interactive concordance tool for researching lexical units. This project is supported by the DICIweb information system, developed in collaboration with the Department of Electronics at the University of Aveiro.</p>



<p>He participated in the development of the Updated Orthographic Vocabulary of the Portuguese Language (VOALP), published by the Lisbon Academy of Sciences in 2012. He also served as President of the International Institute of the Portuguese Language (ILLP) from 2018 to 2022.</p>



<p>His research contributions extend to the Interuniversity Centre for Camões Studies, particularly in the publication of a Concordance of the Complete Works of Luís de Camões.</p>



<p>His academic and scientific career has been dedicated to the study of language sciences, the analysis of Portuguese manuscript and printed textual heritage (both ancient and modern), and its pedagogical and cultural renewal. In 2021, he was elected a Member of the Brazilian Academy of Letters.</p>



<p>He is the author of an extensive body of published work, with a particular focus on linguistic reflection, the history and description of the Portuguese language, the recovery of lexical memory, the recognition of lexicographical production, and the enhancement of linguistic and literary heritage—a key aspect in the defence, proper use, and promotion of the Portuguese language.</p>

<p>Holds a PhD in Portuguese Linguistics (1988). He is a retired Full Professor at the University of Aveiro and has been a Visiting Professor at the University of Paris IV (Sorbonne), the University of Santiago de Compostela, and the University of Coruña. Additionally, he served as a &#8220;Chargé de conférences&#8221; at the École Pratique des [&hellip;]</p>

Linguística teórica; História da língua, lexicografia e dicionarística; Património literário e memória linguística; Ciências da comunicação; Memorialismo, história e cultura regionais
