{"id":20661,"date":"2024-12-18T22:32:03","date_gmt":"2024-12-18T22:32:03","guid":{"rendered":"https:\/\/www.acad-ciencias.pt\/?post_type=ac_scholars&#038;p=20661"},"modified":"2025-01-15T16:08:10","modified_gmt":"2025-01-15T16:08:10","slug":"jose-esteves-pereira","status":"publish","type":"ac_scholars","link":"https:\/\/www.acad-ciencias.pt\/eng\/scholars\/jose-esteves-pereira\/","title":{"rendered":"Jos\u00e9 Esteves Pereira"},"content":{"rendered":"<p>Full Professor (jubilado,retired) at the Political Studies Department of the Faculty of Human and Social Sciences (FCSH)\/ New University of Lisbon (NOVA), Former Vice Rector of the New University of Lisbon (NOVA):1994-2000 and 2010-2014. lecturer at the Institute of Political Studies, Portuguese Catholic University. At the Full researcher at Center for the Humanities (CHAM) of the New University of Lisboa (NOVA)<br>Member of the Academy of Sciences of Lisbon ( Philosophy), Member of International Academy of Portuguese Culture (General Secretary), Brazilian Academy of Philosophy and other brazilian academies..President of Islamic World ObservatoryVice-President of the General Assembly of Portuguese Association of Political Science (APCP)<\/p>\n\n\n\n<p>Graduate, Ph.D.8University of Coimbra.fFormer professor at the University of Coimbra( Pilosophy and History of Ideas) until 1980.Between 1992 and 2004, Head of the Centre for the History of Culture\/FCSH.Head of the Department of Political Studies of New University of Lisbon(NOVA) until 2010. Former President of the Institute of Portuguese and Brazilian Philosophy (Instituto de Filosofia Luso- Brasileira) and now President of the General Assembly<\/p>","protected":false},"excerpt":{"rendered":"<p>Full Professor (jubilado,retired) at the Political Studies Department of the Faculty of Human and Social Sciences (FCSH)\/ New University of Lisbon (NOVA), Former Vice Rector of the New University of Lisbon (NOVA):1994-2000 and 2010-2014. lecturer at the Institute of Political Studies, Portuguese Catholic University. At the Full researcher at Center for the Humanities (CHAM) of [&hellip;]<\/p>","protected":false},"author":15,"featured_media":21344,"menu_order":0,"template":"","format":"standard","meta":{"date":["2022-05-03"],"email":"jep@fcsh.unl.pt","show_email":true,"interest":"Hist\u00f3ria das Ideias Pol\u00edticas e Econ\u00f3micas; Filosofia Pol\u00edtica; Teoria do Estado; Pensamento Hisp\u00e2nico","interest_en":"History of Political and Economic ideas; Political Philosophy; Theory of State; Hispanic Thought","hyperlink":"https:\/\/cham.fcsh.unl.pt\/investigador-perfil.php?p=76","footnotes":""},"ac_class":[118],"ac_bond":[120],"ac_section":[139],"class_list":["post-20661","ac_scholars","type-ac_scholars","status-publish","format-standard","has-post-thumbnail","hentry","ac_class-classe-de-letras","ac_bond-efetivos","ac_section-3-a-seccao-filosofia-psicologia-e-ciencias-da-educacao"],"_links":{"self":[{"href":"https:\/\/www.acad-ciencias.pt\/eng\/wp-json\/wp\/v2\/ac_scholars\/20661","targetHints":{"allow":["GET"]}}],"collection":[{"href":"https:\/\/www.acad-ciencias.pt\/eng\/wp-json\/wp\/v2\/ac_scholars"}],"about":[{"href":"https:\/\/www.acad-ciencias.pt\/eng\/wp-json\/wp\/v2\/types\/ac_scholars"}],"author":[{"embeddable":true,"href":"https:\/\/www.acad-ciencias.pt\/eng\/wp-json\/wp\/v2\/users\/15"}],"version-history":[{"count":0,"href":"https:\/\/www.acad-ciencias.pt\/eng\/wp-json\/wp\/v2\/ac_scholars\/20661\/revisions"}],"wp:featuredmedia":[{"embeddable":true,"href":"https:\/\/www.acad-ciencias.pt\/eng\/wp-json\/wp\/v2\/media\/21344"}],"wp:attachment":[{"href":"https:\/\/www.acad-ciencias.pt\/eng\/wp-json\/wp\/v2\/media?parent=20661"}],"wp:term":[{"taxonomy":"ac_class","embeddable":true,"href":"https:\/\/www.acad-ciencias.pt\/eng\/wp-json\/wp\/v2\/ac_class?post=20661"},{"taxonomy":"ac_bond","embeddable":true,"href":"https:\/\/www.acad-ciencias.pt\/eng\/wp-json\/wp\/v2\/ac_bond?post=20661"},{"taxonomy":"ac_section","embeddable":true,"href":"https:\/\/www.acad-ciencias.pt\/eng\/wp-json\/wp\/v2\/ac_section?post=20661"}],"curies":[{"name":"wp","href":"https:\/\/api.w.org\/{rel}","templated":true}]}}

José Esteves Pereira

História das Ideias Políticas e Económicas; Filosofia Política; Teoria do Estado; Pensamento Hispânico
