{"id":20674,"date":"2024-12-18T22:44:20","date_gmt":"2024-12-18T22:44:20","guid":{"rendered":"https:\/\/www.acad-ciencias.pt\/?post_type=ac_scholars&#038;p=20674"},"modified":"2025-03-25T12:20:56","modified_gmt":"2025-03-25T12:20:56","slug":"jose-augusto-de-sottomayor-pizarro","status":"publish","type":"ac_scholars","link":"https:\/\/www.acad-ciencias.pt\/eng\/scholars\/jose-augusto-de-sottomayor-pizarro\/","title":{"rendered":"Jos\u00e9 Augusto de Sottomayor-Pizarro"},"content":{"rendered":"<p>Jos\u00e9 Augusto de Sottomayor-Pizarro (Porto, 1958)<\/p>\n\n\n\n<p>Master\u2019s degree (1987), PhD (1998), and Habilitation (2007) in Medieval History from the University of Porto, where he is a Full Professor at the Faculty of Arts and Humanities, teaching since 1984.<\/p>\n\n\n\n<p>He is responsible for undergraduate courses in Political History in the Medieval Period, Iberian Medieval History, and Genealogy and Heraldry, as well as postgraduate courses on Sources for the Study of the Middle Ages and a seminar on Portuguese Medieval Nobility. He also served as Director of the S\u00e1nchez Albornoz Chair of Medieval History of Spain (1999-2003).<\/p>\n\n\n\n<p>Since 2015, he has been the Director of the Portugaliae Monumenta Historica collection at the Lisbon Academy of Sciences and, since 2021, Director of the Historical Archive of the Lisbon Academy of Sciences.<\/p>\n\n\n\n<p>A disciple of Jos\u00e9 Mattoso and Lu\u00eds Ad\u00e3o da Fonseca, his research focuses on two complementary areas: the Portuguese nobility until the 14th century, which he has studied alongside the edition of the still-unpublished General Inquiries; the political and diplomatic relations between Portugal and other Hispanic kingdoms, particularly in relation to the Iberian aristocracy.<\/p>\n\n\n\n<p>More recently, his research has aimed at assessing the material and political power of the nobility and its impact on relations with the monarchy between the 12th and early 15th centuries.<\/p>\n\n\n\n<p>Among his 160 published works, the most notable include:<\/p>\n\n\n\n<ul class=\"wp-block-list\">\n<li><em>Os Patronos do Mosteiro de Grij\u00f3. Evolu\u00e7\u00e3o e Estrutura da Fam\u00edlia Nobre (S\u00e9culos XI a XIV)<\/em> (1987), Ponte de Lima, 1995.<\/li>\n\n\n\n<li><em>Linhagens Medievais Portuguesas. Genealogias e Estrat\u00e9gias (1279-1325)<\/em>, 3 volumes, Porto, 1999 (awarded the Prix XX\u00e8me Si\u00e8cle \u2013 Edgar Br\u00fcnner, Conf\u00e9d\u00e9ration Internationale de G\u00e9n\u00e9alogie et H\u00e9raldique, 2000).<\/li>\n\n\n\n<li><em>D. Dinis (1261-1325)<\/em>, Lisbon, 2005 (2nd edition, 2008).<\/li>\n\n\n\n<li><em>Inquiri\u00e7\u00f5es Gerais de D. Dinis \u2013 1284<\/em>, Lisbon, Academy of Sciences, 2007.<\/li>\n\n\n\n<li><em>Inquiri\u00e7\u00f5es Gerais de D. Dinis \u2013 1288\/1290<\/em>, 2 vols., Lisbon, Academy of Sciences, 2012-2015.<\/li>\n\n\n\n<li><em>Aristocracia e Mosteiros na Rota do Rom\u00e2nico. A Senhorializa\u00e7\u00e3o dos Vales do Sousa, do T\u00e2mega e do Douro (s\u00e9culos XI a XIII)<\/em>, Lousada, Rota do Rom\u00e2nico, 2014.<\/li>\n\n\n\n<li><em>Inquiri\u00e7\u00f5es Gerais de D. Dinis \u2013 1301, 1303-1304 e 1307-1315<\/em>, Lisbon, Academy of Sciences, 2024.<\/li>\n<\/ul>\n\n\n\n<p>Memberships &amp; Affiliations: Founding Member of the Portuguese Society for Medieval Studies and the Centre for Population, Economy, and Society Studies (University of Porto); Full Member of the Lisbon Academy of Sciences and the Portuguese Institute of Heraldry; Full Member of the Conf\u00e9d\u00e9ration Internationale de G\u00e9n\u00e9alogie; Founding and Full Member of the Ibero-American Academy of Genealogy and Heraldry. Corresponding Member of: Royal Academy of History (Madrid); Royal Matritense Academy of Heraldry and Genealogy;Historical and Geographical Institute of S\u00e3o Paulo; Toledo Society for Heraldic and Genealogical Studies.<\/p>","protected":false},"excerpt":{"rendered":"<p>Jos\u00e9 Augusto de Sottomayor-Pizarro (Porto, 1958) Master\u2019s degree (1987), PhD (1998), and Habilitation (2007) in Medieval History from the University of Porto, where he is a Full Professor at the Faculty of Arts and Humanities, teaching since 1984. He is responsible for undergraduate courses in Political History in the Medieval Period, Iberian Medieval History, and [&hellip;]<\/p>","protected":false},"author":15,"featured_media":22307,"menu_order":0,"template":"","format":"standard","meta":{"date":["2022-05-03"],"email":"pizarro.jo@gmail.com","show_email":true,"interest":"Portugal; Idade M\u00e9dia; Nobreza; Rela\u00e7\u00f5es Diplom\u00e1ticas; Hisp\u00e2nia","interest_en":"","hyperlink":"http:\/\/orcid.org\/0000-0002-6016-6024","footnotes":""},"ac_class":[118],"ac_bond":[120],"ac_section":[145],"class_list":["post-20674","ac_scholars","type-ac_scholars","status-publish","format-standard","has-post-thumbnail","hentry","ac_class-classe-de-letras","ac_bond-efetivos","ac_section-4-a-seccao-historia"],"_links":{"self":[{"href":"https:\/\/www.acad-ciencias.pt\/eng\/wp-json\/wp\/v2\/ac_scholars\/20674","targetHints":{"allow":["GET"]}}],"collection":[{"href":"https:\/\/www.acad-ciencias.pt\/eng\/wp-json\/wp\/v2\/ac_scholars"}],"about":[{"href":"https:\/\/www.acad-ciencias.pt\/eng\/wp-json\/wp\/v2\/types\/ac_scholars"}],"author":[{"embeddable":true,"href":"https:\/\/www.acad-ciencias.pt\/eng\/wp-json\/wp\/v2\/users\/15"}],"version-history":[{"count":3,"href":"https:\/\/www.acad-ciencias.pt\/eng\/wp-json\/wp\/v2\/ac_scholars\/20674\/revisions"}],"predecessor-version":[{"id":23511,"href":"https:\/\/www.acad-ciencias.pt\/eng\/wp-json\/wp\/v2\/ac_scholars\/20674\/revisions\/23511"}],"wp:featuredmedia":[{"embeddable":true,"href":"https:\/\/www.acad-ciencias.pt\/eng\/wp-json\/wp\/v2\/media\/22307"}],"wp:attachment":[{"href":"https:\/\/www.acad-ciencias.pt\/eng\/wp-json\/wp\/v2\/media?parent=20674"}],"wp:term":[{"taxonomy":"ac_class","embeddable":true,"href":"https:\/\/www.acad-ciencias.pt\/eng\/wp-json\/wp\/v2\/ac_class?post=20674"},{"taxonomy":"ac_bond","embeddable":true,"href":"https:\/\/www.acad-ciencias.pt\/eng\/wp-json\/wp\/v2\/ac_bond?post=20674"},{"taxonomy":"ac_section","embeddable":true,"href":"https:\/\/www.acad-ciencias.pt\/eng\/wp-json\/wp\/v2\/ac_section?post=20674"}],"curies":[{"name":"wp","href":"https:\/\/api.w.org\/{rel}","templated":true}]}}

José Augusto de Sottomayor-Pizarro

<p>José Augusto de Sottomayor-Pizarro (Porto, 1958)</p>



<p>Master’s degree (1987), PhD (1998), and Habilitation (2007) in Medieval History from the University of Porto, where he is a Full Professor at the Faculty of Arts and Humanities, teaching since 1984.</p>



<p>He is responsible for undergraduate courses in Political History in the Medieval Period, Iberian Medieval History, and Genealogy and Heraldry, as well as postgraduate courses on Sources for the Study of the Middle Ages and a seminar on Portuguese Medieval Nobility. He also served as Director of the Sánchez Albornoz Chair of Medieval History of Spain (1999-2003).</p>



<p>Since 2015, he has been the Director of the Portugaliae Monumenta Historica collection at the Lisbon Academy of Sciences and, since 2021, Director of the Historical Archive of the Lisbon Academy of Sciences.</p>



<p>A disciple of José Mattoso and Luís Adão da Fonseca, his research focuses on two complementary areas: the Portuguese nobility until the 14th century, which he has studied alongside the edition of the still-unpublished General Inquiries; the political and diplomatic relations between Portugal and other Hispanic kingdoms, particularly in relation to the Iberian aristocracy.</p>



<p>More recently, his research has aimed at assessing the material and political power of the nobility and its impact on relations with the monarchy between the 12th and early 15th centuries.</p>



<p>Among his 160 published works, the most notable include:</p>



<ul class="wp-block-list">
<li><em>Os Patronos do Mosteiro de Grijó. Evolução e Estrutura da Família Nobre (Séculos XI a XIV)</em> (1987), Ponte de Lima, 1995.</li>



<li><em>Linhagens Medievais Portuguesas. Genealogias e Estratégias (1279-1325)</em>, 3 volumes, Porto, 1999 (awarded the Prix XXème Siècle – Edgar Brünner, Confédération Internationale de Généalogie et Héraldique, 2000).</li>



<li><em>D. Dinis (1261-1325)</em>, Lisbon, 2005 (2nd edition, 2008).</li>



<li><em>Inquirições Gerais de D. Dinis – 1284</em>, Lisbon, Academy of Sciences, 2007.</li>



<li><em>Inquirições Gerais de D. Dinis – 1288/1290</em>, 2 vols., Lisbon, Academy of Sciences, 2012-2015.</li>



<li><em>Aristocracia e Mosteiros na Rota do Românico. A Senhorialização dos Vales do Sousa, do Tâmega e do Douro (séculos XI a XIII)</em>, Lousada, Rota do Românico, 2014.</li>



<li><em>Inquirições Gerais de D. Dinis – 1301, 1303-1304 e 1307-1315</em>, Lisbon, Academy of Sciences, 2024.</li>
</ul>



<p>Memberships &amp; Affiliations: Founding Member of the Portuguese Society for Medieval Studies and the Centre for Population, Economy, and Society Studies (University of Porto); Full Member of the Lisbon Academy of Sciences and the Portuguese Institute of Heraldry; Full Member of the Confédération Internationale de Généalogie; Founding and Full Member of the Ibero-American Academy of Genealogy and Heraldry. Corresponding Member of: Royal Academy of History (Madrid); Royal Matritense Academy of Heraldry and Genealogy;Historical and Geographical Institute of São Paulo; Toledo Society for Heraldic and Genealogical Studies.</p>

<p>José Augusto de Sottomayor-Pizarro (Porto, 1958) Master’s degree (1987), PhD (1998), and Habilitation (2007) in Medieval History from the University of Porto, where he is a Full Professor at the Faculty of Arts and Humanities, teaching since 1984. He is responsible for undergraduate courses in Political History in the Medieval Period, Iberian Medieval History, and [&hellip;]</p>

Portugal; Idade Média; Nobreza; Relações Diplomáticas; Hispânia
