{"id":20688,"date":"2024-12-18T23:02:52","date_gmt":"2024-12-18T23:02:52","guid":{"rendered":"https:\/\/www.acad-ciencias.pt\/?post_type=ac_scholars&#038;p=20688"},"modified":"2025-03-25T12:11:44","modified_gmt":"2025-03-25T12:11:44","slug":"vitor-serrao","status":"publish","type":"ac_scholars","link":"https:\/\/www.acad-ciencias.pt\/eng\/scholars\/vitor-serrao\/","title":{"rendered":"Vitor Serr\u00e3o"},"content":{"rendered":"<p>He is an Emeritus Full Professor at the Faculty of Arts and Humanities of the University of Lisbon and a researcher at ARTIS-IHA-FLUL.<\/p>\n\n\n\n<p>He worked as a cultural services officer at Sintra City Council (1979-1989) and was a professor at the University of Coimbra (1990-1994) and the University of Lisbon (1995 until retirement).<\/p>\n\n\n\n<p>He is the author of an extensive bibliography on Portuguese Art, Art Theory, and Heritage Studies, namely: <em>O Maneirismo e o Estatuto Social dos Pintores Portugueses<\/em> (IN\/CM, 1983); <em>Estudos de Pintura Maneirista e Barroca<\/em> (Caminho, 1989); <em>Sintra<\/em> (Presen\u00e7a, 1989); <em>Santar\u00e9m<\/em> (Presen\u00e7a, 1990); <em>Josefa de \u00d3bidos e o Tempo Barroco<\/em> (IPPC, 1991); <em>A Pintura Maneirista em Portugal. Arte no Tempo de Cam\u00f5es<\/em> (CNCDP, 1995); <em>A Cripto-Hist\u00f3ria de Arte. An\u00e1lise de Obras de Arte Inexistentes<\/em> (Horizonte, 2001); <em>O Renascimento e o Maneirismo<\/em> (Presen\u00e7a, 2002); <em>O Barroco<\/em> (Presen\u00e7a, 2003); <em>A Trans-Mem\u00f3ria das Imagens. Estudos Iconol\u00f3gicos de Pintura Portuguesa<\/em> (Cosmos, 2005); <em>O Fresco Maneirista do Pa\u00e7o de Vila Vi\u00e7osa, Parnaso dos Duques de Bragan\u00e7a<\/em> (FCB, 2008); <em>Arte, Religi\u00e3o e Imagens em \u00c9vora no Tempo do Arcebispo D. Teot\u00f3nio de Bragan\u00e7a<\/em> (FCB, 2015); <em>Os Retratos dos Meses da S\u00e9 de Miranda do Douro<\/em> (DRCN, 2019); <em>Cam\u00f5es: Altos Cumes, Scabelicastro e Correlatos<\/em> (Cosmos, 2024, co-authored with M\u00e1rio Rui Silvestre); He is a member of the editorial boards of the journals <em>Monumentos, ARTIS, ARTisON, Quintana<\/em>, and <em>BSAA.<\/em><\/p>\n\n\n\n<p>He is a Full Member of the Lisbon Academy of Sciences, the Portuguese Academy of History, the Naval Academy, and the Academy of Fine Arts. In 2023, he was awarded the Medal of Cultural Merit by the Portuguese Ministry of Culture.<\/p>","protected":false},"excerpt":{"rendered":"<p>He is an Emeritus Full Professor at the Faculty of Arts and Humanities of the University of Lisbon and a researcher at ARTIS-IHA-FLUL. He worked as a cultural services officer at Sintra City Council (1979-1989) and was a professor at the University of Coimbra (1990-1994) and the University of Lisbon (1995 until retirement). He is [&hellip;]<\/p>","protected":false},"author":15,"featured_media":23193,"menu_order":0,"template":"","format":"standard","meta":{"date":["2015-04-21"],"email":"vit.ser@letras.ulisboa.pt","show_email":false,"interest":"","interest_en":"","hyperlink":"","footnotes":""},"ac_class":[118],"ac_bond":[120],"ac_section":[145],"class_list":["post-20688","ac_scholars","type-ac_scholars","status-publish","format-standard","has-post-thumbnail","hentry","ac_class-classe-de-letras","ac_bond-efetivos","ac_section-4-a-seccao-historia"],"_links":{"self":[{"href":"https:\/\/www.acad-ciencias.pt\/eng\/wp-json\/wp\/v2\/ac_scholars\/20688","targetHints":{"allow":["GET"]}}],"collection":[{"href":"https:\/\/www.acad-ciencias.pt\/eng\/wp-json\/wp\/v2\/ac_scholars"}],"about":[{"href":"https:\/\/www.acad-ciencias.pt\/eng\/wp-json\/wp\/v2\/types\/ac_scholars"}],"author":[{"embeddable":true,"href":"https:\/\/www.acad-ciencias.pt\/eng\/wp-json\/wp\/v2\/users\/15"}],"version-history":[{"count":2,"href":"https:\/\/www.acad-ciencias.pt\/eng\/wp-json\/wp\/v2\/ac_scholars\/20688\/revisions"}],"predecessor-version":[{"id":23502,"href":"https:\/\/www.acad-ciencias.pt\/eng\/wp-json\/wp\/v2\/ac_scholars\/20688\/revisions\/23502"}],"wp:featuredmedia":[{"embeddable":true,"href":"https:\/\/www.acad-ciencias.pt\/eng\/wp-json\/wp\/v2\/media\/23193"}],"wp:attachment":[{"href":"https:\/\/www.acad-ciencias.pt\/eng\/wp-json\/wp\/v2\/media?parent=20688"}],"wp:term":[{"taxonomy":"ac_class","embeddable":true,"href":"https:\/\/www.acad-ciencias.pt\/eng\/wp-json\/wp\/v2\/ac_class?post=20688"},{"taxonomy":"ac_bond","embeddable":true,"href":"https:\/\/www.acad-ciencias.pt\/eng\/wp-json\/wp\/v2\/ac_bond?post=20688"},{"taxonomy":"ac_section","embeddable":true,"href":"https:\/\/www.acad-ciencias.pt\/eng\/wp-json\/wp\/v2\/ac_section?post=20688"}],"curies":[{"name":"wp","href":"https:\/\/api.w.org\/{rel}","templated":true}]}}

Vitor Serrão

<p>He is an Emeritus Full Professor at the Faculty of Arts and Humanities of the University of Lisbon and a researcher at ARTIS-IHA-FLUL.</p>



<p>He worked as a cultural services officer at Sintra City Council (1979-1989) and was a professor at the University of Coimbra (1990-1994) and the University of Lisbon (1995 until retirement).</p>



<p>He is the author of an extensive bibliography on Portuguese Art, Art Theory, and Heritage Studies, namely: <em>O Maneirismo e o Estatuto Social dos Pintores Portugueses</em> (IN/CM, 1983); <em>Estudos de Pintura Maneirista e Barroca</em> (Caminho, 1989); <em>Sintra</em> (Presença, 1989); <em>Santarém</em> (Presença, 1990); <em>Josefa de Óbidos e o Tempo Barroco</em> (IPPC, 1991); <em>A Pintura Maneirista em Portugal. Arte no Tempo de Camões</em> (CNCDP, 1995); <em>A Cripto-História de Arte. Análise de Obras de Arte Inexistentes</em> (Horizonte, 2001); <em>O Renascimento e o Maneirismo</em> (Presença, 2002); <em>O Barroco</em> (Presença, 2003); <em>A Trans-Memória das Imagens. Estudos Iconológicos de Pintura Portuguesa</em> (Cosmos, 2005); <em>O Fresco Maneirista do Paço de Vila Viçosa, Parnaso dos Duques de Bragança</em> (FCB, 2008); <em>Arte, Religião e Imagens em Évora no Tempo do Arcebispo D. Teotónio de Bragança</em> (FCB, 2015); <em>Os Retratos dos Meses da Sé de Miranda do Douro</em> (DRCN, 2019); <em>Camões: Altos Cumes, Scabelicastro e Correlatos</em> (Cosmos, 2024, co-authored with Mário Rui Silvestre); He is a member of the editorial boards of the journals <em>Monumentos, ARTIS, ARTisON, Quintana</em>, and <em>BSAA.</em></p>



<p>He is a Full Member of the Lisbon Academy of Sciences, the Portuguese Academy of History, the Naval Academy, and the Academy of Fine Arts. In 2023, he was awarded the Medal of Cultural Merit by the Portuguese Ministry of Culture.</p>
