{"id":20740,"date":"2024-12-19T06:55:07","date_gmt":"2024-12-19T06:55:07","guid":{"rendered":"https:\/\/www.acad-ciencias.pt\/?post_type=ac_scholars&#038;p=20740"},"modified":"2025-03-25T11:46:03","modified_gmt":"2025-03-25T11:46:03","slug":"jorge-barbosa-gaspar","status":"publish","type":"ac_scholars","link":"https:\/\/www.acad-ciencias.pt\/eng\/scholars\/jorge-barbosa-gaspar\/","title":{"rendered":"Jorge Gaspar"},"content":{"rendered":"<p>Emeritus Full Professor at the University of Lisbon. President of the Humanities Class and Vice-President of the Lisbon Academy of Sciences (2019\/2021). Geographer and Urban Planner. Researcher at the Centre for Geographical Studies, University of Lisbon. Visiting Full Professor at Instituto Superior T\u00e9cnico and the Universities of Ume\u00e4 (1988), East Asia (Macau, 1991), and Paris X (1998 and 2003).<\/p>\n\n\n\n<p>Holds a degree in Geography from the University of Lisbon (1960-1965) and a postgraduate diploma in Regional and Urban Analysis from the University of Lund, Sweden (1966-1968). Earned a PhD from the University of Lisbon (1972) with the dissertation <em>The Influence Area of \u00c9vora \u2013 System of Functions and Central Places<\/em>.<\/p>\n\n\n\n<p>He has held several academic leadership roles, including Director of the Department of Geography at the Faculty of Arts and Humanities (UL), President of the Faculty Board, and Vice-Rector of the University of Lisbon (1989-1990). He has led and coordinated numerous research projects in Geography, Planning, and Urban Development, funded by the EU, ESF, VW Stiftung, FCG, and INIC\/JNICT\/FCT.<\/p>\n\n\n\n<p>Awards and Honours: Honour Medal of the Parish Council of Quinta do Conde (2020); Scientific Merit Medal from the Ministry of Science, Technology, and Higher Education (2018); Honour Medal of the Municipality of Alvito (2017); Grand Officer of the Order of Infante D. Henrique (2010); University of Lisbon Award (2010); International Geocr\u00edtica Award (2007); Honorary Doctorates from the Universities of Le\u00f3n, Geneva, and \u00c9vora; Full Member of the Academia Europaea.<\/p>\n\n\n\n<p>Research Areas: Human Geography; Prospective Studies: Society and Territory; Urban and Regional Studies; Electoral Studies (Geography and Sociology of Elections); European Community \u2013 Integration and Territorial Transformations; Telecommunications and Regional Development<\/p>\n\n\n\n<p>He was Technical Coordinator of the National Programme for Territorial Planning Policy (PNPOT).<\/p>\n\n\n\n<p>Publications: Published around 40 books and over 200 articles in leading academic journals, including: <em>Finisterra \u2013 Revista Portuguesa de Geografia<\/em> (Portugal); <em>L\u2019Espace G\u00e9ographique<\/em> (France); <em>Sports Place<\/em> (USA); <em>Geografisk Annaler<\/em> (Sweden); <em>Pol\u00edgonos<\/em> (Spain); <em>Progress in Human Geography<\/em> (UK); <em>International Encyclopedia of Human Geography; Research in Geographic Education; Berliner Geographische Arbeiten; Die Erde; Applied Geography; Kluwer Academic Publishers; G\u00e9ographie, \u00c9conomie, Soci\u00e9t\u00e9, \u00c9ditions scientifiques et m\u00e9dicales; Elsevier; Sud-Ouest Europ\u00e9en; Cadernos de Geografia; GeoJournal; Anales de Geograf\u00eda de la Universidad Complutense; Rassegna; Urban Studies; International Journal of Urban and Regional Research;&nbsp; Annales de G\u00e9ographie; Espaces Populations Soci\u00e9t\u00e9s; Quaderni dell\u2019Osservatorio Elettorale; Biblos; Lund Studies in Geography \u2013 Ser. <\/em><em>B<\/em><\/p>\n\n\n\n<p>Recent Publications: <em>Geografia e Ge\u00f3grafos \u2013 Colheita Tardia<\/em>, Associa\u00e7\u00e3o Portuguesa de Ge\u00f3grafos, Lisbon, 2024, 410 pp.; <em>Alentejo \u2013 Apontamentos Geogr\u00e1ficos<\/em>, in <em>Casa do Alentejo \u2013 Cultura, Liberdade e Solidariedade \u2013 100.\u00ba Anivers\u00e1rio<\/em>, Edi\u00e7\u00f5es Colibri\/Casa do Alentejo, Lisbon, 2023, pp. 93-110; <em>A Centralidade de Abrantes e os Portos Fluviais do Tejo<\/em>, Munic\u00edpio de Abrantes, Abrantes, 2023, 64 pp.<\/p>\n\n\n\n<p>Editorial Board Memberships: <em>Finisterra \u2013 Revista Portuguesa de Geografia<\/em> (Portugal); <em>L\u2019Espace G\u00e9ographique<\/em> (France); <em>Sports Place<\/em> (USA); <em>Iberian Studies<\/em> (UK); <em>Ci\u00eancia Pol\u00edtica<\/em> (Portugal); <em>Geografisk Annaler<\/em> (Sweden); <em>Pol\u00edgonos<\/em> (Spain); <em>Scottish Geographical Journal<\/em> (UK).<\/p>","protected":false},"excerpt":{"rendered":"<p>Emeritus Full Professor at the University of Lisbon. President of the Humanities Class and Vice-President of the Lisbon Academy of Sciences (2019\/2021). Geographer and Urban Planner. Researcher at the Centre for Geographical Studies, University of Lisbon. Visiting Full Professor at Instituto Superior T\u00e9cnico and the Universities of Ume\u00e4 (1988), East Asia (Macau, 1991), and Paris [&hellip;]<\/p>","protected":false},"author":15,"featured_media":22946,"menu_order":0,"template":"","format":"standard","meta":{"date":["2013-01-29"],"email":"jorgegaspar@campus.ul.pt","show_email":true,"interest":"Geografia e Ordenamento do Territ\u00f3rio; Prospetiva: Sociedade e Territ\u00f3rio; Estudos Eleitorais (Geografia e Sociologia das Elei\u00e7\u00f5es); Comunidade Europeia - a Integra\u00e7\u00e3o e as Transforma\u00e7\u00f5es no Territ\u00f3rio; Telecomunica\u00e7\u00f5es e Desenvolvimento Regional","interest_en":"","hyperlink":"https:\/\/orcid.org\/0000-0003-2164-7252","footnotes":""},"ac_class":[118],"ac_bond":[120],"ac_section":[151],"class_list":["post-20740","ac_scholars","type-ac_scholars","status-publish","format-standard","has-post-thumbnail","hentry","ac_class-classe-de-letras","ac_bond-efetivos","ac_section-8-a-seccao-geografia-e-ordenamento-do-territorio"],"_links":{"self":[{"href":"https:\/\/www.acad-ciencias.pt\/eng\/wp-json\/wp\/v2\/ac_scholars\/20740","targetHints":{"allow":["GET"]}}],"collection":[{"href":"https:\/\/www.acad-ciencias.pt\/eng\/wp-json\/wp\/v2\/ac_scholars"}],"about":[{"href":"https:\/\/www.acad-ciencias.pt\/eng\/wp-json\/wp\/v2\/types\/ac_scholars"}],"author":[{"embeddable":true,"href":"https:\/\/www.acad-ciencias.pt\/eng\/wp-json\/wp\/v2\/users\/15"}],"version-history":[{"count":2,"href":"https:\/\/www.acad-ciencias.pt\/eng\/wp-json\/wp\/v2\/ac_scholars\/20740\/revisions"}],"predecessor-version":[{"id":23492,"href":"https:\/\/www.acad-ciencias.pt\/eng\/wp-json\/wp\/v2\/ac_scholars\/20740\/revisions\/23492"}],"wp:featuredmedia":[{"embeddable":true,"href":"https:\/\/www.acad-ciencias.pt\/eng\/wp-json\/wp\/v2\/media\/22946"}],"wp:attachment":[{"href":"https:\/\/www.acad-ciencias.pt\/eng\/wp-json\/wp\/v2\/media?parent=20740"}],"wp:term":[{"taxonomy":"ac_class","embeddable":true,"href":"https:\/\/www.acad-ciencias.pt\/eng\/wp-json\/wp\/v2\/ac_class?post=20740"},{"taxonomy":"ac_bond","embeddable":true,"href":"https:\/\/www.acad-ciencias.pt\/eng\/wp-json\/wp\/v2\/ac_bond?post=20740"},{"taxonomy":"ac_section","embeddable":true,"href":"https:\/\/www.acad-ciencias.pt\/eng\/wp-json\/wp\/v2\/ac_section?post=20740"}],"curies":[{"name":"wp","href":"https:\/\/api.w.org\/{rel}","templated":true}]}}

<p>Emeritus Full Professor at the University of Lisbon. President of the Humanities Class and Vice-President of the Lisbon Academy of Sciences (2019/2021). Geographer and Urban Planner. Researcher at the Centre for Geographical Studies, University of Lisbon. Visiting Full Professor at Instituto Superior Técnico and the Universities of Umeä (1988), East Asia (Macau, 1991), and Paris X (1998 and 2003).</p>



<p>Holds a degree in Geography from the University of Lisbon (1960-1965) and a postgraduate diploma in Regional and Urban Analysis from the University of Lund, Sweden (1966-1968). Earned a PhD from the University of Lisbon (1972) with the dissertation <em>The Influence Area of Évora – System of Functions and Central Places</em>.</p>



<p>He has held several academic leadership roles, including Director of the Department of Geography at the Faculty of Arts and Humanities (UL), President of the Faculty Board, and Vice-Rector of the University of Lisbon (1989-1990). He has led and coordinated numerous research projects in Geography, Planning, and Urban Development, funded by the EU, ESF, VW Stiftung, FCG, and INIC/JNICT/FCT.</p>



<p>Awards and Honours: Honour Medal of the Parish Council of Quinta do Conde (2020); Scientific Merit Medal from the Ministry of Science, Technology, and Higher Education (2018); Honour Medal of the Municipality of Alvito (2017); Grand Officer of the Order of Infante D. Henrique (2010); University of Lisbon Award (2010); International Geocrítica Award (2007); Honorary Doctorates from the Universities of León, Geneva, and Évora; Full Member of the Academia Europaea.</p>



<p>Research Areas: Human Geography; Prospective Studies: Society and Territory; Urban and Regional Studies; Electoral Studies (Geography and Sociology of Elections); European Community – Integration and Territorial Transformations; Telecommunications and Regional Development</p>



<p>He was Technical Coordinator of the National Programme for Territorial Planning Policy (PNPOT).</p>



<p>Publications: Published around 40 books and over 200 articles in leading academic journals, including: <em>Finisterra – Revista Portuguesa de Geografia</em> (Portugal); <em>L’Espace Géographique</em> (France); <em>Sports Place</em> (USA); <em>Geografisk Annaler</em> (Sweden); <em>Polígonos</em> (Spain); <em>Progress in Human Geography</em> (UK); <em>International Encyclopedia of Human Geography; Research in Geographic Education; Berliner Geographische Arbeiten; Die Erde; Applied Geography; Kluwer Academic Publishers; Géographie, Économie, Société, Éditions scientifiques et médicales; Elsevier; Sud-Ouest Européen; Cadernos de Geografia; GeoJournal; Anales de Geografía de la Universidad Complutense; Rassegna; Urban Studies; International Journal of Urban and Regional Research;&nbsp; Annales de Géographie; Espaces Populations Sociétés; Quaderni dell’Osservatorio Elettorale; Biblos; Lund Studies in Geography – Ser. </em><em>B</em></p>



<p>Recent Publications: <em>Geografia e Geógrafos – Colheita Tardia</em>, Associação Portuguesa de Geógrafos, Lisbon, 2024, 410 pp.; <em>Alentejo – Apontamentos Geográficos</em>, in <em>Casa do Alentejo – Cultura, Liberdade e Solidariedade – 100.º Aniversário</em>, Edições Colibri/Casa do Alentejo, Lisbon, 2023, pp. 93-110; <em>A Centralidade de Abrantes e os Portos Fluviais do Tejo</em>, Município de Abrantes, Abrantes, 2023, 64 pp.</p>



<p>Editorial Board Memberships: <em>Finisterra – Revista Portuguesa de Geografia</em> (Portugal); <em>L’Espace Géographique</em> (France); <em>Sports Place</em> (USA); <em>Iberian Studies</em> (UK); <em>Ciência Política</em> (Portugal); <em>Geografisk Annaler</em> (Sweden); <em>Polígonos</em> (Spain); <em>Scottish Geographical Journal</em> (UK).</p>

<p>Emeritus Full Professor at the University of Lisbon. President of the Humanities Class and Vice-President of the Lisbon Academy of Sciences (2019/2021). Geographer and Urban Planner. Researcher at the Centre for Geographical Studies, University of Lisbon. Visiting Full Professor at Instituto Superior Técnico and the Universities of Umeä (1988), East Asia (Macau, 1991), and Paris [&hellip;]</p>

Geografia e Ordenamento do Território; Prospetiva: Sociedade e Território; Estudos Eleitorais (Geografia e Sociologia das Eleições); Comunidade Europeia - a Integração e as Transformações no Território; Telecomunicações e Desenvolvimento Regional
