{"id":20796,"date":"2024-12-19T09:53:22","date_gmt":"2024-12-19T09:53:22","guid":{"rendered":"https:\/\/www.acad-ciencias.pt\/?post_type=ac_scholars&#038;p=20796"},"modified":"2025-03-31T09:59:19","modified_gmt":"2025-03-31T08:59:19","slug":"teresa-pena","status":"publish","type":"ac_scholars","link":"https:\/\/www.acad-ciencias.pt\/eng\/scholars\/teresa-pena\/","title":{"rendered":"Teresa Pe\u00f1a"},"content":{"rendered":"<p>Full Professor, in Joint Appointment\u201d at the Department of Physics and the Department of Nuclear Engineering and Sciences of the Instituto Superior T\u00e9cnico (IST). Ph.D. in Physics at IST. Post-doctoral fellow at the University of Hannover. Habilitation at IST in 1996. Senior researcher at LIP and leader of the hadron physics theory group NPSTRONG.<\/p>\n\n\n\n<p>Her areas of interest and scientific work include nuclear\/hadronic physics &#8211; interactions between three nucleons, relativistic effects in spectroscopy and the structure of mesons and baryons, with emphasis on the use of vector meson dominance in quark-photon coupling and pioneering the use of QCD data in networks to calibrate the electromagnetic current in baryons.<\/p>\n\n\n\n<p>Her cultural and knowledge transfer activities are numerous, including: International publication \u201cNucleus: A trip to the heart of matter,\u201d ed. Johns Hopkins University Press, translated into Portuguese, Czech, Hungarian, French, Swedish, and Korean, and the national \u201cEinstein, Albert Einstein, Homem, Cidad\u00e3o e Cientista\/Einstein\u201d and \u201cHist\u00f3rias da F\u00edsica em Portugal no s\u00e9culo XX\u201d, both ed. Gradiva. Curator of Exhibit \u201cRadioactivity \u2013 alpha, beta, gamma: signs of Nature\u201d, Museum of Science ULisboa; Adaptation to Pt of Khan Academy 145 Physics videos; Series of Short Videos \u201cRiddles in Science\u201d for a TV channel.<\/p>\n\n\n\n<p>She is an associate member of the Helmholtz Research Academy Hesse for FAIR\/GSI. Nominated by FCT national representative for NuPECC, expert committee of the European Science Foundation. She has held the following positions, among others: President of the Portuguese Society of Physics (SPF), Chief Editor of the SPF publication \u201cGazeta de F\u00edsica,\u201d member of the Editorial Advisory Board of \u201cEurophysics News\u201d of the European Physical Society (EPS), elected member of the EPS Executive Committee for two terms, member of the EPS Working Group \u201cPhysics for Development.\u201d Member of the European Research Committee on Few-Body Problems; Member of the International Light Cone Advisory Committee, ILCAC, Member of the International Advisory Committee of several Conferences in the field.<\/p>\n\n\n\n<p>She has had important roles in academic innovation and university management: At IST, proposed and launched the Master\u2019s and Ph.D. programs in Biomedical Engineering, served the Scientific Council, was President of the Department of Physics, President of the Pedagogical Council. Member of the University Senate of Universidade T\u00e9cnica de Lisboa, member of the Permanent Senate Committee for Scientific Affairs, member of the University Senate of the University of Lisbon.<\/p>\n\n\n\n<p>She received the distinctions: \u201cVisiting Professorship\u201d of the Ohio University, for \u201cDistinguished individuals who have attained wide recognition based upon (\u2026) scientific achievement\u201d; \u201cHonorary Member\u201d of the SPF; distinguished in Women\u2019s Day by Ag\u00eancia Nacional Ci\u00eancia Viva.<\/p>","protected":false},"excerpt":{"rendered":"<p>Full Professor, in Joint Appointment\u201d at the Department of Physics and the Department of Nuclear Engineering and Sciences of the Instituto Superior T\u00e9cnico (IST). Ph.D. in Physics at IST. Post-doctoral fellow at the University of Hannover. Habilitation at IST in 1996. Senior researcher at LIP and leader of the hadron physics theory group NPSTRONG. Her [&hellip;]<\/p>","protected":false},"author":15,"featured_media":20797,"menu_order":0,"template":"","format":"standard","meta":{"date":["2024-06-18"],"email":"teresa.pena@tecnico.ulisboa.pt","show_email":true,"interest":"F\u00edsica Nuclear; F\u00edsica Hadr\u00f3nica; Astrof\u00edsica, Computa\u00e7\u00e3o Avan\u00e7ada; F\u00edsica M\u00e9dica","interest_en":"Nuclear Physics; Hadronic Physics; Astrophysics; Advanced Computing; Medical Physics","hyperlink":"https:\/\/fenix.tecnico.ulisboa.pt\/homepage\/ist12091 https:\/\/orcid.org\/0000-0002-3529-2408","footnotes":""},"ac_class":[119],"ac_bond":[121],"ac_section":[126],"class_list":["post-20796","ac_scholars","type-ac_scholars","status-publish","format-standard","has-post-thumbnail","hentry","ac_class-classe-de-ciencias","ac_bond-correspondentes-nacionais","ac_section-2-seccao-fisica"],"_links":{"self":[{"href":"https:\/\/www.acad-ciencias.pt\/eng\/wp-json\/wp\/v2\/ac_scholars\/20796","targetHints":{"allow":["GET"]}}],"collection":[{"href":"https:\/\/www.acad-ciencias.pt\/eng\/wp-json\/wp\/v2\/ac_scholars"}],"about":[{"href":"https:\/\/www.acad-ciencias.pt\/eng\/wp-json\/wp\/v2\/types\/ac_scholars"}],"author":[{"embeddable":true,"href":"https:\/\/www.acad-ciencias.pt\/eng\/wp-json\/wp\/v2\/users\/15"}],"version-history":[{"count":1,"href":"https:\/\/www.acad-ciencias.pt\/eng\/wp-json\/wp\/v2\/ac_scholars\/20796\/revisions"}],"predecessor-version":[{"id":23786,"href":"https:\/\/www.acad-ciencias.pt\/eng\/wp-json\/wp\/v2\/ac_scholars\/20796\/revisions\/23786"}],"wp:featuredmedia":[{"embeddable":true,"href":"https:\/\/www.acad-ciencias.pt\/eng\/wp-json\/wp\/v2\/media\/20797"}],"wp:attachment":[{"href":"https:\/\/www.acad-ciencias.pt\/eng\/wp-json\/wp\/v2\/media?parent=20796"}],"wp:term":[{"taxonomy":"ac_class","embeddable":true,"href":"https:\/\/www.acad-ciencias.pt\/eng\/wp-json\/wp\/v2\/ac_class?post=20796"},{"taxonomy":"ac_bond","embeddable":true,"href":"https:\/\/www.acad-ciencias.pt\/eng\/wp-json\/wp\/v2\/ac_bond?post=20796"},{"taxonomy":"ac_section","embeddable":true,"href":"https:\/\/www.acad-ciencias.pt\/eng\/wp-json\/wp\/v2\/ac_section?post=20796"}],"curies":[{"name":"wp","href":"https:\/\/api.w.org\/{rel}","templated":true}]}}

Teresa Peña

<p>Full Professor, in Joint Appointment” at the Department of Physics and the Department of Nuclear Engineering and Sciences of the Instituto Superior Técnico (IST). Ph.D. in Physics at IST. Post-doctoral fellow at the University of Hannover. Habilitation at IST in 1996. Senior researcher at LIP and leader of the hadron physics theory group NPSTRONG.</p>



<p>Her areas of interest and scientific work include nuclear/hadronic physics &#8211; interactions between three nucleons, relativistic effects in spectroscopy and the structure of mesons and baryons, with emphasis on the use of vector meson dominance in quark-photon coupling and pioneering the use of QCD data in networks to calibrate the electromagnetic current in baryons.</p>



<p>Her cultural and knowledge transfer activities are numerous, including: International publication “Nucleus: A trip to the heart of matter,” ed. Johns Hopkins University Press, translated into Portuguese, Czech, Hungarian, French, Swedish, and Korean, and the national “Einstein, Albert Einstein, Homem, Cidadão e Cientista/Einstein” and “Histórias da Física em Portugal no século XX”, both ed. Gradiva. Curator of Exhibit “Radioactivity – alpha, beta, gamma: signs of Nature”, Museum of Science ULisboa; Adaptation to Pt of Khan Academy 145 Physics videos; Series of Short Videos “Riddles in Science” for a TV channel.</p>



<p>She is an associate member of the Helmholtz Research Academy Hesse for FAIR/GSI. Nominated by FCT national representative for NuPECC, expert committee of the European Science Foundation. She has held the following positions, among others: President of the Portuguese Society of Physics (SPF), Chief Editor of the SPF publication “Gazeta de Física,” member of the Editorial Advisory Board of “Europhysics News” of the European Physical Society (EPS), elected member of the EPS Executive Committee for two terms, member of the EPS Working Group “Physics for Development.” Member of the European Research Committee on Few-Body Problems; Member of the International Light Cone Advisory Committee, ILCAC, Member of the International Advisory Committee of several Conferences in the field.</p>



<p>She has had important roles in academic innovation and university management: At IST, proposed and launched the Master’s and Ph.D. programs in Biomedical Engineering, served the Scientific Council, was President of the Department of Physics, President of the Pedagogical Council. Member of the University Senate of Universidade Técnica de Lisboa, member of the Permanent Senate Committee for Scientific Affairs, member of the University Senate of the University of Lisbon.</p>



<p>She received the distinctions: “Visiting Professorship” of the Ohio University, for “Distinguished individuals who have attained wide recognition based upon (…) scientific achievement”; “Honorary Member” of the SPF; distinguished in Women’s Day by Agência Nacional Ciência Viva.</p>

<p>Full Professor, in Joint Appointment” at the Department of Physics and the Department of Nuclear Engineering and Sciences of the Instituto Superior Técnico (IST). Ph.D. in Physics at IST. Post-doctoral fellow at the University of Hannover. Habilitation at IST in 1996. Senior researcher at LIP and leader of the hadron physics theory group NPSTRONG. Her [&hellip;]</p>

Física Nuclear; Física Hadrónica; Astrofísica, Computação Avançada; Física Médica
