{"id":20966,"date":"2024-12-19T13:18:46","date_gmt":"2024-12-19T13:18:46","guid":{"rendered":"https:\/\/www.acad-ciencias.pt\/?post_type=ac_scholars&#038;p=20966"},"modified":"2025-01-07T14:33:04","modified_gmt":"2025-01-07T14:33:04","slug":"mafalda-miranda-barbosa","status":"publish","type":"ac_scholars","link":"https:\/\/www.acad-ciencias.pt\/eng\/scholars\/mafalda-miranda-barbosa\/","title":{"rendered":"Mafalda Miranda Barbosa"},"content":{"rendered":"<ol class=\"wp-block-list\">\n<li>Do nexo de causalidade ao nexo de imputa\u00e7\u00e3o. Contributo para a compreens\u00e3o da natureza bin\u00e1ria e personal\u00edstica do requisito causal ao n\u00edvel da responsabilidade civil extracontratual, Princ\u00edpia, 2013<\/li>\n\n\n\n<li>Li\u00e7\u00f5es de Responsabilidade Civil, Princ\u00edpia, 2017<\/li>\n\n\n\n\n\n<li>Li\u00e7\u00f5es de Teoria Geral do Direito Civil, 3\u00aa edi\u00e7\u00e3o (revista e aumentada), Gestlegal, 2024<\/li>\n\n\n\n<li>Intelig\u00eancia artificial. Entre a utopia e a distopia. Alguns problemas jur\u00eddicos, 2\u00aa edi\u00e7\u00e3o, Gestlegal, 2024<\/li>\n\n\n\n<li>O tr\u00edptico da exclus\u00e3o da ilicitude: causas de legitima\u00e7\u00e3o, causas de justifica\u00e7\u00e3o e causas de n\u00e3o imputa\u00e7\u00e3o, Gestlegal, 2023<\/li>\n\n\n\n<li>Litigiosidade jur\u00eddico-religiosa: a possibilidade de tutela jur\u00eddica do sentimento religioso, Princ\u00edpia, 2015<\/li>\n\n\n\n<li>Direito e pessoa n\u00e3o nascida. O problema do estatuto jur\u00eddico do nascituro, Editora Foco, 2022<\/li>\n\n\n\n<li>A dignidade da pessoa. A fundamenta\u00e7\u00e3o do jur\u00eddico, a (re)compreens\u00e3o do direito \u00e0 luz do dever e o bloqueio da simples aspira\u00e7\u00e3o, Gestlegal, 2024<\/li>\n<\/ol>","protected":false},"excerpt":{"rendered":"","protected":false},"author":15,"featured_media":20967,"menu_order":0,"template":"","format":"standard","meta":{"date":["2023-05-30"],"email":"mcnmb@fd.uc.pt","show_email":false,"interest":"Direito civil; Responsabilidade civil; Filosofia do direito; Intelig\u00eancia artificial; Mercados financeiros","interest_en":"","hyperlink":"https:\/\/www.cienciavitae.pt\/portal\/C313-72CA-DFB7 https:\/\/orcid.org\/0000-0003-0578-4249","footnotes":""},"ac_class":[118],"ac_bond":[121],"ac_section":[148],"class_list":["post-20966","ac_scholars","type-ac_scholars","status-publish","format-standard","has-post-thumbnail","hentry","ac_class-classe-de-letras","ac_bond-correspondentes-nacionais","ac_section-5-a-seccao-direito"],"_links":{"self":[{"href":"https:\/\/www.acad-ciencias.pt\/eng\/wp-json\/wp\/v2\/ac_scholars\/20966","targetHints":{"allow":["GET"]}}],"collection":[{"href":"https:\/\/www.acad-ciencias.pt\/eng\/wp-json\/wp\/v2\/ac_scholars"}],"about":[{"href":"https:\/\/www.acad-ciencias.pt\/eng\/wp-json\/wp\/v2\/types\/ac_scholars"}],"author":[{"embeddable":true,"href":"https:\/\/www.acad-ciencias.pt\/eng\/wp-json\/wp\/v2\/users\/15"}],"version-history":[{"count":0,"href":"https:\/\/www.acad-ciencias.pt\/eng\/wp-json\/wp\/v2\/ac_scholars\/20966\/revisions"}],"wp:featuredmedia":[{"embeddable":true,"href":"https:\/\/www.acad-ciencias.pt\/eng\/wp-json\/wp\/v2\/media\/20967"}],"wp:attachment":[{"href":"https:\/\/www.acad-ciencias.pt\/eng\/wp-json\/wp\/v2\/media?parent=20966"}],"wp:term":[{"taxonomy":"ac_class","embeddable":true,"href":"https:\/\/www.acad-ciencias.pt\/eng\/wp-json\/wp\/v2\/ac_class?post=20966"},{"taxonomy":"ac_bond","embeddable":true,"href":"https:\/\/www.acad-ciencias.pt\/eng\/wp-json\/wp\/v2\/ac_bond?post=20966"},{"taxonomy":"ac_section","embeddable":true,"href":"https:\/\/www.acad-ciencias.pt\/eng\/wp-json\/wp\/v2\/ac_section?post=20966"}],"curies":[{"name":"wp","href":"https:\/\/api.w.org\/{rel}","templated":true}]}}

<ol class="wp-block-list">
<li>Do nexo de causalidade ao nexo de imputação. Contributo para a compreensão da natureza binária e personalística do requisito causal ao nível da responsabilidade civil extracontratual, Princípia, 2013</li>



<li>Lições de Responsabilidade Civil, Princípia, 2017</li>





<li>Lições de Teoria Geral do Direito Civil, 3ª edição (revista e aumentada), Gestlegal, 2024</li>



<li>Inteligência artificial. Entre a utopia e a distopia. Alguns problemas jurídicos, 2ª edição, Gestlegal, 2024</li>



<li>O tríptico da exclusão da ilicitude: causas de legitimação, causas de justificação e causas de não imputação, Gestlegal, 2023</li>



<li>Litigiosidade jurídico-religiosa: a possibilidade de tutela jurídica do sentimento religioso, Princípia, 2015</li>



<li>Direito e pessoa não nascida. O problema do estatuto jurídico do nascituro, Editora Foco, 2022</li>



<li>A dignidade da pessoa. A fundamentação do jurídico, a (re)compreensão do direito à luz do dever e o bloqueio da simples aspiração, Gestlegal, 2024</li>
</ol>

Direito civil; Responsabilidade civil; Filosofia do direito; Inteligência artificial; Mercados financeiros
