{"id":20997,"date":"2024-12-19T14:28:50","date_gmt":"2024-12-19T14:28:50","guid":{"rendered":"https:\/\/www.acad-ciencias.pt\/?post_type=ac_scholars&#038;p=20997"},"modified":"2025-02-11T11:07:13","modified_gmt":"2025-02-11T11:07:13","slug":"nazare-costa-cabral","status":"publish","type":"ac_scholars","link":"https:\/\/www.acad-ciencias.pt\/eng\/scholars\/nazare-costa-cabral\/","title":{"rendered":"Nazar\u00e9 da Costa Cabral"},"content":{"rendered":"<p>Short academic biography<br>Nazar\u00e9 da Costa Cabral holds a degree in Law (1994) from the Faculty of Law of the University of Lisbon and in a degree in Economics (2015) from Nova SBE \u2013 School of Business &amp; Economics. She has earned a master&#8217;s degree in European Law (1998) and a PhD in Law (2007) from the Faculty of Law of the Lisbon University (Universidade de Lisboa).<br>Nazar\u00e9 is Associate Professor with Aggregation at the Faculty of Law of the University of Lisbon and she also lectured at several Portuguese and foreign universities. She has a strong activity as a researcher, with several books and articles published, mainly in the fields of public finances, economic and monetary union, public budgeting and social security.<br>Nazar\u00e9 is deputy director of the journal Revista de Finan\u00e7as P\u00fablicas e Direito Fiscal (Public Finances and Tax Law Journal), published by IDEFF and Almedina Editors.<br>In June 2022, Nazar\u00e9 was elected national corresponding member of the Lisbon Academy of Sciences (Class of Letters, 6th section &#8211; Economics and Finance).<\/p>\n\n\n\n<p>Professional experience<br>Between 1997 and 2002 and between 2005 and 2007, Nazar\u00e9 da Costa Cabral performed legal advisory and consultancy roles in government offices in the areas of Labor and Social Security. During this period, she was also part of several working groups in charge of revising legislation in the field of social security, e.g. Base Law of Social Security, pensions&#8217; legal regime and social security financing rules.<br>In 2014, she was appointed, by order of the Minister of State and Finance, to join the Commission for the Reform of the Budgetary Framework Law.<br>In 2015 and 2016, she was part of the project \u201cNational feasibility assessment of the different European unemployment benefit scheme options\u201d, of the consortium led by the Center for European Policy Studies (CEPS), with the European Commission, and responsible for evaluating the conditions and feasibility of creating a European-wide unemployment benefit.<br>In 2018, she was a member of the High Level Expert Group on Pensions and an expert in the European project MoveS (Network of independent experts in the fields of free movement of workers (FMW) and social security coordination), in a consortium led by EFTHEIA with the European Commission.<\/p>\n\n\n\n<p>Nazar\u00e9 da Costa Cabral is currently servicing as Chair of the Superior Board of the Portuguese Public Finance Council, and was appointed with the Resolution of the Council of Ministers no. 34\/2019, of 15 February.<\/p>","protected":false},"excerpt":{"rendered":"<p>Short academic biographyNazar\u00e9 da Costa Cabral holds a degree in Law (1994) from the Faculty of Law of the University of Lisbon and in a degree in Economics (2015) from Nova SBE \u2013 School of Business &amp; Economics. She has earned a master&#8217;s degree in European Law (1998) and a PhD in Law (2007) from [&hellip;]<\/p>","protected":false},"author":15,"featured_media":22410,"menu_order":0,"template":"","format":"standard","meta":{"date":["2022-06-21"],"email":"nazarecabral@fd.ulisboa.pt","show_email":true,"interest":"Finan\u00e7as P\u00fablicas; Uni\u00e3o Econ\u00f3mica e Monet\u00e1ria; Seguran\u00e7a Social; Pol\u00edticas p\u00fablicas","interest_en":"Public Finances; Economic and Monetary Union; Social Security; Public Policies","hyperlink":"https:\/\/orcid.org\/my-orcid?orcid=0000-0002-7070-4236","footnotes":""},"ac_class":[118],"ac_bond":[121],"ac_section":[149],"class_list":["post-20997","ac_scholars","type-ac_scholars","status-publish","format-standard","has-post-thumbnail","hentry","ac_class-classe-de-letras","ac_bond-correspondentes-nacionais","ac_section-6-a-seccao-economia-e-financas"],"_links":{"self":[{"href":"https:\/\/www.acad-ciencias.pt\/eng\/wp-json\/wp\/v2\/ac_scholars\/20997","targetHints":{"allow":["GET"]}}],"collection":[{"href":"https:\/\/www.acad-ciencias.pt\/eng\/wp-json\/wp\/v2\/ac_scholars"}],"about":[{"href":"https:\/\/www.acad-ciencias.pt\/eng\/wp-json\/wp\/v2\/types\/ac_scholars"}],"author":[{"embeddable":true,"href":"https:\/\/www.acad-ciencias.pt\/eng\/wp-json\/wp\/v2\/users\/15"}],"version-history":[{"count":1,"href":"https:\/\/www.acad-ciencias.pt\/eng\/wp-json\/wp\/v2\/ac_scholars\/20997\/revisions"}],"predecessor-version":[{"id":22337,"href":"https:\/\/www.acad-ciencias.pt\/eng\/wp-json\/wp\/v2\/ac_scholars\/20997\/revisions\/22337"}],"wp:featuredmedia":[{"embeddable":true,"href":"https:\/\/www.acad-ciencias.pt\/eng\/wp-json\/wp\/v2\/media\/22410"}],"wp:attachment":[{"href":"https:\/\/www.acad-ciencias.pt\/eng\/wp-json\/wp\/v2\/media?parent=20997"}],"wp:term":[{"taxonomy":"ac_class","embeddable":true,"href":"https:\/\/www.acad-ciencias.pt\/eng\/wp-json\/wp\/v2\/ac_class?post=20997"},{"taxonomy":"ac_bond","embeddable":true,"href":"https:\/\/www.acad-ciencias.pt\/eng\/wp-json\/wp\/v2\/ac_bond?post=20997"},{"taxonomy":"ac_section","embeddable":true,"href":"https:\/\/www.acad-ciencias.pt\/eng\/wp-json\/wp\/v2\/ac_section?post=20997"}],"curies":[{"name":"wp","href":"https:\/\/api.w.org\/{rel}","templated":true}]}}

Nazaré da Costa Cabral

<p>Short academic biography<br>Nazaré da Costa Cabral holds a degree in Law (1994) from the Faculty of Law of the University of Lisbon and in a degree in Economics (2015) from Nova SBE – School of Business &amp; Economics. She has earned a master&#8217;s degree in European Law (1998) and a PhD in Law (2007) from the Faculty of Law of the Lisbon University (Universidade de Lisboa).<br>Nazaré is Associate Professor with Aggregation at the Faculty of Law of the University of Lisbon and she also lectured at several Portuguese and foreign universities. She has a strong activity as a researcher, with several books and articles published, mainly in the fields of public finances, economic and monetary union, public budgeting and social security.<br>Nazaré is deputy director of the journal Revista de Finanças Públicas e Direito Fiscal (Public Finances and Tax Law Journal), published by IDEFF and Almedina Editors.<br>In June 2022, Nazaré was elected national corresponding member of the Lisbon Academy of Sciences (Class of Letters, 6th section &#8211; Economics and Finance).</p>



<p>Professional experience<br>Between 1997 and 2002 and between 2005 and 2007, Nazaré da Costa Cabral performed legal advisory and consultancy roles in government offices in the areas of Labor and Social Security. During this period, she was also part of several working groups in charge of revising legislation in the field of social security, e.g. Base Law of Social Security, pensions&#8217; legal regime and social security financing rules.<br>In 2014, she was appointed, by order of the Minister of State and Finance, to join the Commission for the Reform of the Budgetary Framework Law.<br>In 2015 and 2016, she was part of the project “National feasibility assessment of the different European unemployment benefit scheme options”, of the consortium led by the Center for European Policy Studies (CEPS), with the European Commission, and responsible for evaluating the conditions and feasibility of creating a European-wide unemployment benefit.<br>In 2018, she was a member of the High Level Expert Group on Pensions and an expert in the European project MoveS (Network of independent experts in the fields of free movement of workers (FMW) and social security coordination), in a consortium led by EFTHEIA with the European Commission.</p>



<p>Nazaré da Costa Cabral is currently servicing as Chair of the Superior Board of the Portuguese Public Finance Council, and was appointed with the Resolution of the Council of Ministers no. 34/2019, of 15 February.</p>

<p>Short academic biographyNazaré da Costa Cabral holds a degree in Law (1994) from the Faculty of Law of the University of Lisbon and in a degree in Economics (2015) from Nova SBE – School of Business &amp; Economics. She has earned a master&#8217;s degree in European Law (1998) and a PhD in Law (2007) from [&hellip;]</p>

Finanças Públicas; União Económica e Monetária; Segurança Social; Políticas públicas
