{"id":21111,"date":"2024-12-19T15:52:46","date_gmt":"2024-12-19T15:52:46","guid":{"rendered":"https:\/\/www.acad-ciencias.pt\/?post_type=ac_scholars&#038;p=21111"},"modified":"2025-03-17T15:51:20","modified_gmt":"2025-03-17T15:51:20","slug":"joao-dionisio","status":"publish","type":"ac_scholars","link":"https:\/\/www.acad-ciencias.pt\/eng\/scholars\/joao-dionisio\/","title":{"rendered":"Jo\u00e3o Dion\u00edsio"},"content":{"rendered":"<p>J. Dion\u00edsio teaches at the School of Arts and Humanities (University of Lisbon), where he directed the Programme in Textual Criticism between 2010 and 2013. He also coordinated the Philology group at the Center of Linguistics at the University of Lisbon (CLUL), between 2019 and 2024. His current interests are focused on the interaction between textual materiality and hermeneutics. His most recent publications are the edition of Eduardo Louren\u00e7o&#8217;s O Labirinto da Saudade (Lisbon: Funda\u00e7\u00e3o Calouste Gulbenkian, 2023) and of Almeida Garrett&#8217;s Frei Lu\u00eds de Sousa (Lisbon: Imprensa Nacional, 2022). He was the president of the European Society for Textual Scholarship in 2013-2016.<\/p>","protected":false},"excerpt":{"rendered":"<p>J. Dion\u00edsio teaches at the School of Arts and Humanities (University of Lisbon), where he directed the Programme in Textual Criticism between 2010 and 2013. He also coordinated the Philology group at the Center of Linguistics at the University of Lisbon (CLUL), between 2019 and 2024. His current interests are focused on the interaction between [&hellip;]<\/p>","protected":false},"author":15,"featured_media":23208,"menu_order":0,"template":"","format":"standard","meta":{"date":["2023-05-30"],"email":"joaodionisio@campus.ul.pt","show_email":true,"interest":"Literatura Portuguesa; Cr\u00edtica Textual; Cr\u00edtica Gen\u00e9tica","interest_en":"Portuguese Literature; Textual Criticism; Genetic Criticism","hyperlink":"https:\/\/orcid.org\/0000-0002-5211-0290","footnotes":""},"ac_class":[118],"ac_bond":[121],"ac_section":[144],"class_list":["post-21111","ac_scholars","type-ac_scholars","status-publish","format-standard","has-post-thumbnail","hentry","ac_class-classe-de-letras","ac_bond-correspondentes-nacionais","ac_section-2-a-seccao-filologia-e-linguistica"],"_links":{"self":[{"href":"https:\/\/www.acad-ciencias.pt\/eng\/wp-json\/wp\/v2\/ac_scholars\/21111","targetHints":{"allow":["GET"]}}],"collection":[{"href":"https:\/\/www.acad-ciencias.pt\/eng\/wp-json\/wp\/v2\/ac_scholars"}],"about":[{"href":"https:\/\/www.acad-ciencias.pt\/eng\/wp-json\/wp\/v2\/types\/ac_scholars"}],"author":[{"embeddable":true,"href":"https:\/\/www.acad-ciencias.pt\/eng\/wp-json\/wp\/v2\/users\/15"}],"version-history":[{"count":1,"href":"https:\/\/www.acad-ciencias.pt\/eng\/wp-json\/wp\/v2\/ac_scholars\/21111\/revisions"}],"predecessor-version":[{"id":23206,"href":"https:\/\/www.acad-ciencias.pt\/eng\/wp-json\/wp\/v2\/ac_scholars\/21111\/revisions\/23206"}],"wp:featuredmedia":[{"embeddable":true,"href":"https:\/\/www.acad-ciencias.pt\/eng\/wp-json\/wp\/v2\/media\/23208"}],"wp:attachment":[{"href":"https:\/\/www.acad-ciencias.pt\/eng\/wp-json\/wp\/v2\/media?parent=21111"}],"wp:term":[{"taxonomy":"ac_class","embeddable":true,"href":"https:\/\/www.acad-ciencias.pt\/eng\/wp-json\/wp\/v2\/ac_class?post=21111"},{"taxonomy":"ac_bond","embeddable":true,"href":"https:\/\/www.acad-ciencias.pt\/eng\/wp-json\/wp\/v2\/ac_bond?post=21111"},{"taxonomy":"ac_section","embeddable":true,"href":"https:\/\/www.acad-ciencias.pt\/eng\/wp-json\/wp\/v2\/ac_section?post=21111"}],"curies":[{"name":"wp","href":"https:\/\/api.w.org\/{rel}","templated":true}]}}

João Dionísio

<p>J. Dionísio teaches at the School of Arts and Humanities (University of Lisbon), where he directed the Programme in Textual Criticism between 2010 and 2013. He also coordinated the Philology group at the Center of Linguistics at the University of Lisbon (CLUL), between 2019 and 2024. His current interests are focused on the interaction between textual materiality and hermeneutics. His most recent publications are the edition of Eduardo Lourenço&#8217;s O Labirinto da Saudade (Lisbon: Fundação Calouste Gulbenkian, 2023) and of Almeida Garrett&#8217;s Frei Luís de Sousa (Lisbon: Imprensa Nacional, 2022). He was the president of the European Society for Textual Scholarship in 2013-2016.</p>

<p>J. Dionísio teaches at the School of Arts and Humanities (University of Lisbon), where he directed the Programme in Textual Criticism between 2010 and 2013. He also coordinated the Philology group at the Center of Linguistics at the University of Lisbon (CLUL), between 2019 and 2024. His current interests are focused on the interaction between [&hellip;]</p>

Literatura Portuguesa; Crítica Textual; Crítica Genética
