{"id":21121,"date":"2024-12-19T16:02:38","date_gmt":"2024-12-19T16:02:38","guid":{"rendered":"https:\/\/www.acad-ciencias.pt\/?post_type=ac_scholars&#038;p=21121"},"modified":"2025-03-18T16:35:48","modified_gmt":"2025-03-18T16:35:48","slug":"albano-estrela","status":"publish","type":"ac_scholars","link":"https:\/\/www.acad-ciencias.pt\/eng\/scholars\/albano-estrela\/","title":{"rendered":"Albano Estrela"},"content":{"rendered":"<p>He is an Emeritus Full Professor at the Faculty of Psychology and Educational Sciences of the University of Lisbon (FPCEUL). He holds a degree in Historical-Philosophical Sciences from the Faculty of Arts and Humanities of the University of Coimbra (1960) and a PhD in <em>Sciences de l\u2019\u00c9ducation<\/em> from the Universit\u00e9 de Caen (France) (1981). At FPCEUL, where he developed his academic career, he coordinated the Master&#8217;s programmes in Educational Sciences and was responsible for the Teacher and Trainer Training Unit.<\/p>\n\n\n\n<p>He was the lead researcher in several major projects in the field of education: PLUX \u2013 Teaching Portuguese to the children of Portuguese emigrant workers in the Grand Duchy of Luxembourg, FOCO \u2013 Teacher Training through Competencies (1983-1986), and IRA \u2013 Research, Reflection, Action, and Teacher Training.<\/p>\n\n\n\n<p>He was a member of the National Education Council (1997-2004), President of the Portuguese Section of the Association Francophone Internationale de Recherche Scientifique en \u00c9ducation, President of the Curricular Reform Monitoring Council, and President of the Portuguese Society of Educational Sciences.<\/p>\n\n\n\n<p>Among his key publications in the field of Educational Sciences are <em>Teoria e Pr\u00e1tica de Observa\u00e7\u00e3o de Classes: uma estrat\u00e9gia de forma\u00e7\u00e3o de professores<\/em> (1984) (<em>Theory and Practice of Classroom Observation: A Teacher Training Strategy<\/em>), <em>Pedagogia, Ci\u00eancia da Educa\u00e7\u00e3o?<\/em> (1992) (<em>Pedagogy, Education Science?<\/em>), <em>O Tempo e o Lugar das Ci\u00eancias da Educa\u00e7\u00e3o<\/em> (1999) (<em>The Time and Place of Educational Sciences<\/em>), <em>Est\u00f3rias com Pedagogia Dentro<\/em> (2003) (<em>Stories with Pedagogy Inside<\/em>). Alongside his academic work, he has published short stories, chronicles, and other literary texts, including <em>Mapa dos Sabores<\/em> (1994), <em>Cr\u00f3nicas de um portuense arrependido<\/em> (1997), <em>As Mem\u00f3rias que Salazar n\u00e3o escreveu<\/em> (1999), <em>O enterro do Conde de Orgaz: sete hist\u00f3rias em desassossego<\/em> (2000, <em>Porto entrevisto: tr\u00eas paisagens com gente dentro<\/em> (2001), <em>A Minha Vida por um Sonho<\/em> (2004), <em>Um raio de luz na noite escura<\/em> (2006), <em>Contos fant\u00e1sticos e outros textos<\/em> (2018). In 2004, a collective work was published in his honour: <em>Curriculum, Educational Situations, and Teacher Training. <\/em><em>Studies in Honour of Albano Estrela<\/em>.<\/p>","protected":false},"excerpt":{"rendered":"<p>He is an Emeritus Full Professor at the Faculty of Psychology and Educational Sciences of the University of Lisbon (FPCEUL). He holds a degree in Historical-Philosophical Sciences from the Faculty of Arts and Humanities of the University of Coimbra (1960) and a PhD in Sciences de l\u2019\u00c9ducation from the Universit\u00e9 de Caen (France) (1981). At [&hellip;]<\/p>","protected":false},"author":15,"featured_media":23239,"menu_order":0,"template":"","format":"standard","meta":{"date":["2004-04-21"],"email":"mtestrela@net.sapo.pt","show_email":false,"interest":"","interest_en":"","hyperlink":"","footnotes":""},"ac_class":[118],"ac_bond":[121],"ac_section":[139],"class_list":["post-21121","ac_scholars","type-ac_scholars","status-publish","format-standard","has-post-thumbnail","hentry","ac_class-classe-de-letras","ac_bond-correspondentes-nacionais","ac_section-3-a-seccao-filosofia-psicologia-e-ciencias-da-educacao"],"_links":{"self":[{"href":"https:\/\/www.acad-ciencias.pt\/eng\/wp-json\/wp\/v2\/ac_scholars\/21121","targetHints":{"allow":["GET"]}}],"collection":[{"href":"https:\/\/www.acad-ciencias.pt\/eng\/wp-json\/wp\/v2\/ac_scholars"}],"about":[{"href":"https:\/\/www.acad-ciencias.pt\/eng\/wp-json\/wp\/v2\/types\/ac_scholars"}],"author":[{"embeddable":true,"href":"https:\/\/www.acad-ciencias.pt\/eng\/wp-json\/wp\/v2\/users\/15"}],"version-history":[{"count":1,"href":"https:\/\/www.acad-ciencias.pt\/eng\/wp-json\/wp\/v2\/ac_scholars\/21121\/revisions"}],"predecessor-version":[{"id":23241,"href":"https:\/\/www.acad-ciencias.pt\/eng\/wp-json\/wp\/v2\/ac_scholars\/21121\/revisions\/23241"}],"wp:featuredmedia":[{"embeddable":true,"href":"https:\/\/www.acad-ciencias.pt\/eng\/wp-json\/wp\/v2\/media\/23239"}],"wp:attachment":[{"href":"https:\/\/www.acad-ciencias.pt\/eng\/wp-json\/wp\/v2\/media?parent=21121"}],"wp:term":[{"taxonomy":"ac_class","embeddable":true,"href":"https:\/\/www.acad-ciencias.pt\/eng\/wp-json\/wp\/v2\/ac_class?post=21121"},{"taxonomy":"ac_bond","embeddable":true,"href":"https:\/\/www.acad-ciencias.pt\/eng\/wp-json\/wp\/v2\/ac_bond?post=21121"},{"taxonomy":"ac_section","embeddable":true,"href":"https:\/\/www.acad-ciencias.pt\/eng\/wp-json\/wp\/v2\/ac_section?post=21121"}],"curies":[{"name":"wp","href":"https:\/\/api.w.org\/{rel}","templated":true}]}}

<p>He is an Emeritus Full Professor at the Faculty of Psychology and Educational Sciences of the University of Lisbon (FPCEUL). He holds a degree in Historical-Philosophical Sciences from the Faculty of Arts and Humanities of the University of Coimbra (1960) and a PhD in <em>Sciences de l’Éducation</em> from the Université de Caen (France) (1981). At FPCEUL, where he developed his academic career, he coordinated the Master&#8217;s programmes in Educational Sciences and was responsible for the Teacher and Trainer Training Unit.</p>



<p>He was the lead researcher in several major projects in the field of education: PLUX – Teaching Portuguese to the children of Portuguese emigrant workers in the Grand Duchy of Luxembourg, FOCO – Teacher Training through Competencies (1983-1986), and IRA – Research, Reflection, Action, and Teacher Training.</p>



<p>He was a member of the National Education Council (1997-2004), President of the Portuguese Section of the Association Francophone Internationale de Recherche Scientifique en Éducation, President of the Curricular Reform Monitoring Council, and President of the Portuguese Society of Educational Sciences.</p>



<p>Among his key publications in the field of Educational Sciences are <em>Teoria e Prática de Observação de Classes: uma estratégia de formação de professores</em> (1984) (<em>Theory and Practice of Classroom Observation: A Teacher Training Strategy</em>), <em>Pedagogia, Ciência da Educação?</em> (1992) (<em>Pedagogy, Education Science?</em>), <em>O Tempo e o Lugar das Ciências da Educação</em> (1999) (<em>The Time and Place of Educational Sciences</em>), <em>Estórias com Pedagogia Dentro</em> (2003) (<em>Stories with Pedagogy Inside</em>). Alongside his academic work, he has published short stories, chronicles, and other literary texts, including <em>Mapa dos Sabores</em> (1994), <em>Crónicas de um portuense arrependido</em> (1997), <em>As Memórias que Salazar não escreveu</em> (1999), <em>O enterro do Conde de Orgaz: sete histórias em desassossego</em> (2000, <em>Porto entrevisto: três paisagens com gente dentro</em> (2001), <em>A Minha Vida por um Sonho</em> (2004), <em>Um raio de luz na noite escura</em> (2006), <em>Contos fantásticos e outros textos</em> (2018). In 2004, a collective work was published in his honour: <em>Curriculum, Educational Situations, and Teacher Training. </em><em>Studies in Honour of Albano Estrela</em>.</p>

<p>He is an Emeritus Full Professor at the Faculty of Psychology and Educational Sciences of the University of Lisbon (FPCEUL). He holds a degree in Historical-Philosophical Sciences from the Faculty of Arts and Humanities of the University of Coimbra (1960) and a PhD in Sciences de l’Éducation from the Université de Caen (France) (1981). At [&hellip;]</p>
