{"id":21143,"date":"2024-12-19T16:27:17","date_gmt":"2024-12-19T16:27:17","guid":{"rendered":"https:\/\/www.acad-ciencias.pt\/?post_type=ac_scholars&#038;p=21143"},"modified":"2025-02-27T10:43:27","modified_gmt":"2025-02-27T10:43:27","slug":"bernardo-vasconcelos-e-sousa","status":"publish","type":"ac_scholars","link":"https:\/\/www.acad-ciencias.pt\/eng\/scholars\/bernardo-vasconcelos-e-sousa\/","title":{"rendered":"Bernardo Vasconcelos e Sousa"},"content":{"rendered":"<p>Graduated in History (Facudade de Letras da Universidade de Lisboa, 1980). PhD in Medieval History (Faculdade de Ci\u00eancias Sociais e Humanas da Universidade Nova de Lisboa- FCSH-UNL, 1995). Member of the Instituto de Estudos Medievais (IEM) at FCSH-UNL. Coordinater of the Master in History at FCSH-UNL (2009-2017). President of the IEM (2006-2008) and director of the online journal Medievalista (2007-2008; 2015-2020).<br>Publications (books or book chapters): A Propriedade das Albergarias de \u00c9vora nos Finais da Idade M\u00e9dia, Lisboa, Instituto Nacional de Investiga\u00e7\u00e3o Cient\u00edfica, 1990 (D. Josefina da Gl\u00f3ria Pereira Prize, Portuguese Academy of History), Os Piment\u00e9is. Percursos de uma linhagem da Nobreza Medieval Portuguesa (S\u00e9culos XIII-XIV), Lisboa, IN-CM, 2000 (J\u00falio de Melo Foga\u00e7a Prize, Academy of Sciences), D. Afonso IV (1291-1357), Lisboa, Temas e Debates, 2009, and the part on the Middle Ages of the Hist\u00f3ria de Portugal directed by Rui Ramos, 12th edition, D. Quixote, 2024 (D. Dinis Prize 2009, Casa de Mateus Foundation). Editor of Ordens Religiosas em Portugal. Das Origens a Trento \u2013 Guia Hist\u00f3rico, 3rd ed., Lisboa, Livros Horizonte, 2016 (A. de Almeida Fernandes Prize of Medieval History, 2006) and of the volume on the Middle Ages of Hist\u00f3ria da Vida Privada em Portugal, directed by Jos\u00e9 Mattoso, Lisboa, C\u00edrculo de Leitores-Temas e Debates, 2010. Coordinator of the section on the Middle Ages in Hist\u00f3ria Global de Portugal, directed by Carlos Fiolhais, Jos\u00e9 Eduardo Franco and Jos\u00e9 Pedro Paiva, Lisboa, Temas e Debates, 2020.<br>Member of the Board of the Associa\u00e7\u00e3o de Professores de Hist\u00f3ria (1988-1990). Deputy Director of the National Archives Institute\/Torre do Tombo (1996-1998) and its Director (1998-2001). Vice-President of the Conselho Superior de Arquivos (2001-2003).<br>Member of the Board of the Sociedade Portuguesa de Estudos Medievais, Correspondent Member of the Academia Portuguesa da Hist\u00f3ria, Correspondent Member of the Academia de Marinha, Correspondent Member of the Academia das Ci\u00eancias de Lisboa and Full Member of the Acad\u00e9mie Internationale de G\u00e9n\u00e9alogie.<\/p>","protected":false},"excerpt":{"rendered":"<p>Graduated in History (Facudade de Letras da Universidade de Lisboa, 1980). PhD in Medieval History (Faculdade de Ci\u00eancias Sociais e Humanas da Universidade Nova de Lisboa- FCSH-UNL, 1995). Member of the Instituto de Estudos Medievais (IEM) at FCSH-UNL. Coordinater of the Master in History at FCSH-UNL (2009-2017). President of the IEM (2006-2008) and director of [&hellip;]<\/p>","protected":false},"author":15,"featured_media":22831,"menu_order":0,"template":"","format":"standard","meta":{"date":["2024-06-18"],"email":"bves@fcsh.unl.pt","show_email":true,"interest":"Hist\u00f3ria; Hist\u00f3ria Medieval; Arquivos","interest_en":"History; Medieval History; Archives","hyperlink":"https:\/\/orcid.org\/0009-0006-8521-3612","footnotes":""},"ac_class":[118],"ac_bond":[121],"ac_section":[145],"class_list":["post-21143","ac_scholars","type-ac_scholars","status-publish","format-standard","has-post-thumbnail","hentry","ac_class-classe-de-letras","ac_bond-correspondentes-nacionais","ac_section-4-a-seccao-historia"],"_links":{"self":[{"href":"https:\/\/www.acad-ciencias.pt\/eng\/wp-json\/wp\/v2\/ac_scholars\/21143","targetHints":{"allow":["GET"]}}],"collection":[{"href":"https:\/\/www.acad-ciencias.pt\/eng\/wp-json\/wp\/v2\/ac_scholars"}],"about":[{"href":"https:\/\/www.acad-ciencias.pt\/eng\/wp-json\/wp\/v2\/types\/ac_scholars"}],"author":[{"embeddable":true,"href":"https:\/\/www.acad-ciencias.pt\/eng\/wp-json\/wp\/v2\/users\/15"}],"version-history":[{"count":1,"href":"https:\/\/www.acad-ciencias.pt\/eng\/wp-json\/wp\/v2\/ac_scholars\/21143\/revisions"}],"predecessor-version":[{"id":22833,"href":"https:\/\/www.acad-ciencias.pt\/eng\/wp-json\/wp\/v2\/ac_scholars\/21143\/revisions\/22833"}],"wp:featuredmedia":[{"embeddable":true,"href":"https:\/\/www.acad-ciencias.pt\/eng\/wp-json\/wp\/v2\/media\/22831"}],"wp:attachment":[{"href":"https:\/\/www.acad-ciencias.pt\/eng\/wp-json\/wp\/v2\/media?parent=21143"}],"wp:term":[{"taxonomy":"ac_class","embeddable":true,"href":"https:\/\/www.acad-ciencias.pt\/eng\/wp-json\/wp\/v2\/ac_class?post=21143"},{"taxonomy":"ac_bond","embeddable":true,"href":"https:\/\/www.acad-ciencias.pt\/eng\/wp-json\/wp\/v2\/ac_bond?post=21143"},{"taxonomy":"ac_section","embeddable":true,"href":"https:\/\/www.acad-ciencias.pt\/eng\/wp-json\/wp\/v2\/ac_section?post=21143"}],"curies":[{"name":"wp","href":"https:\/\/api.w.org\/{rel}","templated":true}]}}

<p>Graduated in History (Facudade de Letras da Universidade de Lisboa, 1980). PhD in Medieval History (Faculdade de Ciências Sociais e Humanas da Universidade Nova de Lisboa- FCSH-UNL, 1995). Member of the Instituto de Estudos Medievais (IEM) at FCSH-UNL. Coordinater of the Master in History at FCSH-UNL (2009-2017). President of the IEM (2006-2008) and director of the online journal Medievalista (2007-2008; 2015-2020).<br>Publications (books or book chapters): A Propriedade das Albergarias de Évora nos Finais da Idade Média, Lisboa, Instituto Nacional de Investigação Científica, 1990 (D. Josefina da Glória Pereira Prize, Portuguese Academy of History), Os Pimentéis. Percursos de uma linhagem da Nobreza Medieval Portuguesa (Séculos XIII-XIV), Lisboa, IN-CM, 2000 (Júlio de Melo Fogaça Prize, Academy of Sciences), D. Afonso IV (1291-1357), Lisboa, Temas e Debates, 2009, and the part on the Middle Ages of the História de Portugal directed by Rui Ramos, 12th edition, D. Quixote, 2024 (D. Dinis Prize 2009, Casa de Mateus Foundation). Editor of Ordens Religiosas em Portugal. Das Origens a Trento – Guia Histórico, 3rd ed., Lisboa, Livros Horizonte, 2016 (A. de Almeida Fernandes Prize of Medieval History, 2006) and of the volume on the Middle Ages of História da Vida Privada em Portugal, directed by José Mattoso, Lisboa, Círculo de Leitores-Temas e Debates, 2010. Coordinator of the section on the Middle Ages in História Global de Portugal, directed by Carlos Fiolhais, José Eduardo Franco and José Pedro Paiva, Lisboa, Temas e Debates, 2020.<br>Member of the Board of the Associação de Professores de História (1988-1990). Deputy Director of the National Archives Institute/Torre do Tombo (1996-1998) and its Director (1998-2001). Vice-President of the Conselho Superior de Arquivos (2001-2003).<br>Member of the Board of the Sociedade Portuguesa de Estudos Medievais, Correspondent Member of the Academia Portuguesa da História, Correspondent Member of the Academia de Marinha, Correspondent Member of the Academia das Ciências de Lisboa and Full Member of the Académie Internationale de Généalogie.</p>

<p>Graduated in History (Facudade de Letras da Universidade de Lisboa, 1980). PhD in Medieval History (Faculdade de Ciências Sociais e Humanas da Universidade Nova de Lisboa- FCSH-UNL, 1995). Member of the Instituto de Estudos Medievais (IEM) at FCSH-UNL. Coordinater of the Master in History at FCSH-UNL (2009-2017). President of the IEM (2006-2008) and director of [&hellip;]</p>

História; História Medieval; Arquivos
