{"id":21148,"date":"2024-12-19T16:41:24","date_gmt":"2024-12-19T16:41:24","guid":{"rendered":"https:\/\/www.acad-ciencias.pt\/?post_type=ac_scholars&#038;p=21148"},"modified":"2025-01-07T17:51:33","modified_gmt":"2025-01-07T17:51:33","slug":"mario-jorge-barroca","status":"publish","type":"ac_scholars","link":"https:\/\/www.acad-ciencias.pt\/eng\/scholars\/mario-jorge-barroca\/","title":{"rendered":"M\u00e1rio Jorge Barroca"},"content":{"rendered":"<p>Full Professor at the Faculty of Arts and Humanities of the University of Porto, where he is currently Vice-Dean. He is director of the Casa dos Livros | Centro de Estudos da Cultura em Portugal da Universidade do Porto. He is member of the Academia Europaea and researcher at CITCEM (Transdisciplinary Research Center \u201cCulture, Space and Memory\u201d). His research focuses on Medieval Archaeology, covering areas such as Military Architecture (Castles), Medieval Armaments, Manorial Architecture (domus fortis) and Portuguese Medieval Epigraphy (which was the subject of his PhD). He is the author of more than 160 studies (books and articles).<br>He is the scientific coordinator, together with Lu\u00eds Carlos Amaral, of the Commission for the Commemoration of the 900th anniversary of the Battle of S. Mamede (1128-2028). He was director of the magazine PORTVGALIA (1999-2024). Together with Jorge de Alarc\u00e3o, he coordinated the Dictionary of Portuguese Archaeology (Porto, Figueirinhas, 2012) and was one of the four coordinators of the Encyclopedia of the Romanesque in Portugal (3 vols., Fundaci\u00f3n Santa Maria la Real, Aguilar de Campoo, 2023).<br>His works include Epigrafia Medieval Portuguesa (862-1422), 4 vols., Lisbon, FCG-FCT, 2000; Nova Hist\u00f3ria Militar de Portugal, vol. 1, Coord. Jos\u00e9 Mattoso, Lisbon, C\u00edrculo de Leitores, 2003 (with Jo\u00e3o Gouveia Monteiro and Lu\u00eds Miguel Duarte); A Condessa-Rainha Teresa, Lisbon, CL, 2012 (with Lu\u00eds Carlos Amaral) (2nd ed., 2020); Portugaliae Monumenta Historica, Nova S\u00e9rie, vol. VIII-1, Inscriptiones &#8211; Corpvs Epigraphicum Portugalensium, S\u00e9c. IX a XII, Lisboa, Academia das Ci\u00eancias de Lisboa, 2017; No tempo de D. Afonso Henriques. Reflex\u00f5es sobre o primeiro s\u00e9culo portugu\u00eas, Porto, CITCEM, 2017 (Coord.); Mil Anos da Incurs\u00e3o Normanda ao Castelo de Vermoim, Porto, CITCEM, 2018 (Coord., with Armando Coelho Ferreira da Silva); and Castelo de Guimar\u00e3es. Livro-Guia do Centro Interpretativo, Guimar\u00e3es, AAPDBCG, 2019 (in collaboration with Lu\u00eds Carlos Amaral).<\/p>","protected":false},"excerpt":{"rendered":"<p>Full Professor at the Faculty of Arts and Humanities of the University of Porto, where he is currently Vice-Dean. He is director of the Casa dos Livros | Centro de Estudos da Cultura em Portugal da Universidade do Porto. He is member of the Academia Europaea and researcher at CITCEM (Transdisciplinary Research Center \u201cCulture, Space [&hellip;]<\/p>","protected":false},"author":15,"featured_media":21149,"menu_order":0,"template":"","format":"standard","meta":{"date":["2024-06-18"],"email":"","show_email":false,"interest":"Arqueologia Medieval; Castelos; Armamento; Arquitectura Medieval; Epigrafia Medieval","interest_en":"Medieval Archaeology; Castles; Arms and Armour; Medieval Architecture; Medieval Epigraphy","hyperlink":"https:\/\/orcid.org\/0000-0001-7432-3089 https:\/\/www.cienciavitae.pt\/411A-5315-5D61 https:\/\/sigarra.up.pt\/flup\/pt\/func_geral.formview?p_codigo=215067 https:\/\/www.acad-ciencias.pt\/wp-content\/uploads\/2024\/12\/Bio_Mario_Jorge_Barroca.pdf","footnotes":""},"ac_class":[118],"ac_bond":[121],"ac_section":[145],"class_list":["post-21148","ac_scholars","type-ac_scholars","status-publish","format-standard","has-post-thumbnail","hentry","ac_class-classe-de-letras","ac_bond-correspondentes-nacionais","ac_section-4-a-seccao-historia"],"_links":{"self":[{"href":"https:\/\/www.acad-ciencias.pt\/eng\/wp-json\/wp\/v2\/ac_scholars\/21148","targetHints":{"allow":["GET"]}}],"collection":[{"href":"https:\/\/www.acad-ciencias.pt\/eng\/wp-json\/wp\/v2\/ac_scholars"}],"about":[{"href":"https:\/\/www.acad-ciencias.pt\/eng\/wp-json\/wp\/v2\/types\/ac_scholars"}],"author":[{"embeddable":true,"href":"https:\/\/www.acad-ciencias.pt\/eng\/wp-json\/wp\/v2\/users\/15"}],"version-history":[{"count":0,"href":"https:\/\/www.acad-ciencias.pt\/eng\/wp-json\/wp\/v2\/ac_scholars\/21148\/revisions"}],"wp:featuredmedia":[{"embeddable":true,"href":"https:\/\/www.acad-ciencias.pt\/eng\/wp-json\/wp\/v2\/media\/21149"}],"wp:attachment":[{"href":"https:\/\/www.acad-ciencias.pt\/eng\/wp-json\/wp\/v2\/media?parent=21148"}],"wp:term":[{"taxonomy":"ac_class","embeddable":true,"href":"https:\/\/www.acad-ciencias.pt\/eng\/wp-json\/wp\/v2\/ac_class?post=21148"},{"taxonomy":"ac_bond","embeddable":true,"href":"https:\/\/www.acad-ciencias.pt\/eng\/wp-json\/wp\/v2\/ac_bond?post=21148"},{"taxonomy":"ac_section","embeddable":true,"href":"https:\/\/www.acad-ciencias.pt\/eng\/wp-json\/wp\/v2\/ac_section?post=21148"}],"curies":[{"name":"wp","href":"https:\/\/api.w.org\/{rel}","templated":true}]}}

Mário Jorge Barroca

<p>Full Professor at the Faculty of Arts and Humanities of the University of Porto, where he is currently Vice-Dean. He is director of the Casa dos Livros | Centro de Estudos da Cultura em Portugal da Universidade do Porto. He is member of the Academia Europaea and researcher at CITCEM (Transdisciplinary Research Center “Culture, Space and Memory”). His research focuses on Medieval Archaeology, covering areas such as Military Architecture (Castles), Medieval Armaments, Manorial Architecture (domus fortis) and Portuguese Medieval Epigraphy (which was the subject of his PhD). He is the author of more than 160 studies (books and articles).<br>He is the scientific coordinator, together with Luís Carlos Amaral, of the Commission for the Commemoration of the 900th anniversary of the Battle of S. Mamede (1128-2028). He was director of the magazine PORTVGALIA (1999-2024). Together with Jorge de Alarcão, he coordinated the Dictionary of Portuguese Archaeology (Porto, Figueirinhas, 2012) and was one of the four coordinators of the Encyclopedia of the Romanesque in Portugal (3 vols., Fundación Santa Maria la Real, Aguilar de Campoo, 2023).<br>His works include Epigrafia Medieval Portuguesa (862-1422), 4 vols., Lisbon, FCG-FCT, 2000; Nova História Militar de Portugal, vol. 1, Coord. José Mattoso, Lisbon, Círculo de Leitores, 2003 (with João Gouveia Monteiro and Luís Miguel Duarte); A Condessa-Rainha Teresa, Lisbon, CL, 2012 (with Luís Carlos Amaral) (2nd ed., 2020); Portugaliae Monumenta Historica, Nova Série, vol. VIII-1, Inscriptiones &#8211; Corpvs Epigraphicum Portugalensium, Séc. IX a XII, Lisboa, Academia das Ciências de Lisboa, 2017; No tempo de D. Afonso Henriques. Reflexões sobre o primeiro século português, Porto, CITCEM, 2017 (Coord.); Mil Anos da Incursão Normanda ao Castelo de Vermoim, Porto, CITCEM, 2018 (Coord., with Armando Coelho Ferreira da Silva); and Castelo de Guimarães. Livro-Guia do Centro Interpretativo, Guimarães, AAPDBCG, 2019 (in collaboration with Luís Carlos Amaral).</p>
