{"id":21726,"date":"2025-01-24T12:05:20","date_gmt":"2025-01-24T12:05:20","guid":{"rendered":"https:\/\/www.acad-ciencias.pt\/?post_type=ac_scholars&#038;p=21726"},"modified":"2025-05-16T11:17:03","modified_gmt":"2025-05-16T10:17:03","slug":"ana-maria-machado","status":"publish","type":"ac_scholars","link":"https:\/\/www.acad-ciencias.pt\/eng\/scholars\/ana-maria-machado\/","title":{"rendered":"Ana Maria Machado"},"content":{"rendered":"<p>Considerada pela cr\u00edtica como uma das mais completas e vers\u00e1teis escritoras brasileiras contempor\u00e2neas, Ana Maria Machado ocupa desde 2003 a cadeira n\u00famero 1 da Academia Brasileira de Letras, institui\u00e7\u00e3o que presidiu em 2012 e 2013.<\/p>\n\n\n\n<p>Antes disso, ganhara em 2001 o mais importante pr\u00eamio liter\u00e1rio nacional &#8211; o Machado de Assis, outorgado pela ABL, pelo conjunto de sua obra como romancista, ensa\u00edsta e autora de livros infantojuvenis. Um ano antes, recebera do IBBY (International Board on Books for the Youth) a Medalha Hans Christian Andersen, considerado o Nobel da Literatura Infantil, por ser o mais alto pr\u00eamio internacional do g\u00eanero, conferido a cada dois anos a um escritor, pelo conjunto da obra.<\/p>\n\n\n\n<p>Ana Maria Machado nasceu no Rio de Janeiro em 1941. Come\u00e7ou como pintora, tendo estudado no Museu de Arte Moderna do Rio e no de Nova Iorque. Participou de diversas exposi\u00e7\u00f5es individuais e coletivas.<\/p>\n\n\n\n<p>Ap\u00f3s se formar em Letras Neolatinas, estudou com Roland Barthes, sob cuja orienta\u00e7\u00e3o fez sua tese de p\u00f3s-gradua\u00e7\u00e3o em Linguistica e Semiologia (sobre Guimar\u00e3es Rosa,&nbsp; depois publicada sob o t\u00edtulo <em>Recado do Nome<\/em>) na Ecole Pratique des Hautes Etudes, em Paris &#8211; onde tamb\u00e9m lecionou na Sorbonne em 1970-1971. Deu aulas na Faculdade de Letras e na Escola de Comunica\u00e7\u00e3o da Universidade Federal do Rio de Janeir, na Universidade de Berkeley e na de Oxford..<\/p>\n\n\n\n<p>Como jornalista, trabalhou na revista ELLE em Paris e na BBC de Londres, al\u00e9m de em v\u00e1rios jornais e revistas no Brasil (Correio da Manh\u00e3, Jornal do Brasil, O Globo, Isto \u00c9). Fez parte&nbsp; da diretoria da Associa\u00e7\u00e3o Brasileira de Imprensa. e do Sindicato de Escritores do Rio de Janeiro.<\/p>\n\n\n\n<p>Come\u00e7ou a escrever em 1969 e j\u00e1 publicou mais de 100\u00a0t\u00edtulos, tanto para adultos como para crian\u00e7as. Seus livros venderam mais de vinte milh\u00f5es de exemplares e t\u00eam sido objeto de numerosas teses universit\u00e1rias dentro e fora do Brasil. Sua obra para crian\u00e7as e jovens \u00a0(com destaque para t\u00edtulos como <em>Bisa Bia, Bisa Bel, Menina Bonita do La\u00e7o de Fita, Do Outro Mundo, Raul da Ferrugem Azul e Procura-se Lobo) <\/em>est\u00e1 traduzida e publicada em mais de vinte pa\u00edses, tendo recebido todos os principais pr\u00eamios no Brasil \u00a0(inclusive tr\u00eas Jabutis)\u00a0 e alguns no exterior. Entre eles, o Premio Casa de las Americas, em Cuba, o Pr\u00edncipe Claus na Holanda, o premio Iberoamericano de Literatura Infantojuvenil, dois pr\u00e9mios do Instituto Jean Piaget (Su\u00ed\u00e7a)\u00a0 e duas men\u00e7\u00f5es de Honra no Premio America, nos Estados Unidos . Sua obra para adultos, tamb\u00e9m muito premiada, \u00e9 considerada pela cr\u00edtica como uma das mais significativas e vers\u00e1teis da Literatura Brasileira contempor\u00e2nea. Entre seus romances, destacam-se <em>Tropical Sol da Liberdade, Canteiros de Saturno, O Mar Nunca Transborda, Palavra de Honra, \u00a0A Aud\u00e1cia dessa Mulher,\u00a0 Inf\u00e2mia e Um Mapa Todo Seu.<\/em><\/p>\n\n\n\n<p>Conhecendo o mercado editorial em seus diversos aspetos, a autora fundou em 1979 no Rio a primeira livraria exclusivamente infantojuvenil do pa\u00eds, que administrou por 18 anos.\u00a0Foi tamb\u00e9m editora, como s\u00f3cia da Quinteto Editorial por 4 anos, e tem trabalhado regularmente como consultora de diversas organiza\u00e7\u00f5es. Exerceu intensa atividade no fomento do livro, no Brasil e no exterior, seja dando consultoria \u00e0 UNESCO e a institui\u00e7\u00f5es locais, seja por meio de cursos, palestras e semin\u00e1rios.<\/p>\n\n\n\n<p>Ana Maria Machado foi condecorada no Brasil com a Ordem do M\u00e9rito Cultural, no grau de Gr\u00e3o-Mestre. Recebeu na Col\u00f4mbia a Grande Ordem Cultural por servi\u00e7os prestados \u00e0 cultura latino-americana.<\/p>\n\n\n\n<p>\u00c9 membro do P.E.N. Club e do Semin\u00e1rio de Literatura da Universidade de Cambridge na Inglaterra.<\/p>","protected":false},"excerpt":{"rendered":"<p>Considerada pela cr\u00edtica como uma das mais completas e vers\u00e1teis escritoras brasileiras contempor\u00e2neas, Ana Maria Machado ocupa desde 2003 a cadeira n\u00famero 1 da Academia Brasileira de Letras, institui\u00e7\u00e3o que presidiu em 2012 e 2013. Antes disso, ganhara em 2001 o mais importante pr\u00eamio liter\u00e1rio nacional &#8211; o Machado de Assis, outorgado pela ABL, pelo [&hellip;]<\/p>","protected":false},"author":16,"featured_media":24401,"menu_order":0,"template":"","format":"standard","meta":{"date":["2012-03-06"],"email":"","show_email":false,"interest":"","interest_en":"","hyperlink":"","footnotes":""},"ac_class":[118],"ac_bond":[122],"ac_section":[],"class_list":["post-21726","ac_scholars","type-ac_scholars","status-publish","format-standard","has-post-thumbnail","hentry","ac_class-classe-de-letras","ac_bond-correspondentes-estrangeiros"],"_links":{"self":[{"href":"https:\/\/www.acad-ciencias.pt\/eng\/wp-json\/wp\/v2\/ac_scholars\/21726","targetHints":{"allow":["GET"]}}],"collection":[{"href":"https:\/\/www.acad-ciencias.pt\/eng\/wp-json\/wp\/v2\/ac_scholars"}],"about":[{"href":"https:\/\/www.acad-ciencias.pt\/eng\/wp-json\/wp\/v2\/types\/ac_scholars"}],"author":[{"embeddable":true,"href":"https:\/\/www.acad-ciencias.pt\/eng\/wp-json\/wp\/v2\/users\/16"}],"version-history":[{"count":2,"href":"https:\/\/www.acad-ciencias.pt\/eng\/wp-json\/wp\/v2\/ac_scholars\/21726\/revisions"}],"predecessor-version":[{"id":24403,"href":"https:\/\/www.acad-ciencias.pt\/eng\/wp-json\/wp\/v2\/ac_scholars\/21726\/revisions\/24403"}],"wp:featuredmedia":[{"embeddable":true,"href":"https:\/\/www.acad-ciencias.pt\/eng\/wp-json\/wp\/v2\/media\/24401"}],"wp:attachment":[{"href":"https:\/\/www.acad-ciencias.pt\/eng\/wp-json\/wp\/v2\/media?parent=21726"}],"wp:term":[{"taxonomy":"ac_class","embeddable":true,"href":"https:\/\/www.acad-ciencias.pt\/eng\/wp-json\/wp\/v2\/ac_class?post=21726"},{"taxonomy":"ac_bond","embeddable":true,"href":"https:\/\/www.acad-ciencias.pt\/eng\/wp-json\/wp\/v2\/ac_bond?post=21726"},{"taxonomy":"ac_section","embeddable":true,"href":"https:\/\/www.acad-ciencias.pt\/eng\/wp-json\/wp\/v2\/ac_section?post=21726"}],"curies":[{"name":"wp","href":"https:\/\/api.w.org\/{rel}","templated":true}]}}

<p>Considerada pela crítica como uma das mais completas e versáteis escritoras brasileiras contemporâneas, Ana Maria Machado ocupa desde 2003 a cadeira número 1 da Academia Brasileira de Letras, instituição que presidiu em 2012 e 2013.</p>



<p>Antes disso, ganhara em 2001 o mais importante prêmio literário nacional &#8211; o Machado de Assis, outorgado pela ABL, pelo conjunto de sua obra como romancista, ensaísta e autora de livros infantojuvenis. Um ano antes, recebera do IBBY (International Board on Books for the Youth) a Medalha Hans Christian Andersen, considerado o Nobel da Literatura Infantil, por ser o mais alto prêmio internacional do gênero, conferido a cada dois anos a um escritor, pelo conjunto da obra.</p>



<p>Ana Maria Machado nasceu no Rio de Janeiro em 1941. Começou como pintora, tendo estudado no Museu de Arte Moderna do Rio e no de Nova Iorque. Participou de diversas exposições individuais e coletivas.</p>



<p>Após se formar em Letras Neolatinas, estudou com Roland Barthes, sob cuja orientação fez sua tese de pós-graduação em Linguistica e Semiologia (sobre Guimarães Rosa,&nbsp; depois publicada sob o título <em>Recado do Nome</em>) na Ecole Pratique des Hautes Etudes, em Paris &#8211; onde também lecionou na Sorbonne em 1970-1971. Deu aulas na Faculdade de Letras e na Escola de Comunicação da Universidade Federal do Rio de Janeir, na Universidade de Berkeley e na de Oxford..</p>



<p>Como jornalista, trabalhou na revista ELLE em Paris e na BBC de Londres, além de em vários jornais e revistas no Brasil (Correio da Manhã, Jornal do Brasil, O Globo, Isto É). Fez parte&nbsp; da diretoria da Associação Brasileira de Imprensa. e do Sindicato de Escritores do Rio de Janeiro.</p>



<p>Começou a escrever em 1969 e já publicou mais de 100 títulos, tanto para adultos como para crianças. Seus livros venderam mais de vinte milhões de exemplares e têm sido objeto de numerosas teses universitárias dentro e fora do Brasil. Sua obra para crianças e jovens  (com destaque para títulos como <em>Bisa Bia, Bisa Bel, Menina Bonita do Laço de Fita, Do Outro Mundo, Raul da Ferrugem Azul e Procura-se Lobo) </em>está traduzida e publicada em mais de vinte países, tendo recebido todos os principais prêmios no Brasil  (inclusive três Jabutis)  e alguns no exterior. Entre eles, o Premio Casa de las Americas, em Cuba, o Príncipe Claus na Holanda, o premio Iberoamericano de Literatura Infantojuvenil, dois prémios do Instituto Jean Piaget (Suíça)  e duas menções de Honra no Premio America, nos Estados Unidos . Sua obra para adultos, também muito premiada, é considerada pela crítica como uma das mais significativas e versáteis da Literatura Brasileira contemporânea. Entre seus romances, destacam-se <em>Tropical Sol da Liberdade, Canteiros de Saturno, O Mar Nunca Transborda, Palavra de Honra,  A Audácia dessa Mulher,  Infâmia e Um Mapa Todo Seu.</em></p>



<p>Conhecendo o mercado editorial em seus diversos aspetos, a autora fundou em 1979 no Rio a primeira livraria exclusivamente infantojuvenil do país, que administrou por 18 anos. Foi também editora, como sócia da Quinteto Editorial por 4 anos, e tem trabalhado regularmente como consultora de diversas organizações. Exerceu intensa atividade no fomento do livro, no Brasil e no exterior, seja dando consultoria à UNESCO e a instituições locais, seja por meio de cursos, palestras e seminários.</p>



<p>Ana Maria Machado foi condecorada no Brasil com a Ordem do Mérito Cultural, no grau de Grão-Mestre. Recebeu na Colômbia a Grande Ordem Cultural por serviços prestados à cultura latino-americana.</p>



<p>É membro do P.E.N. Club e do Seminário de Literatura da Universidade de Cambridge na Inglaterra.</p>

<p>Considerada pela crítica como uma das mais completas e versáteis escritoras brasileiras contemporâneas, Ana Maria Machado ocupa desde 2003 a cadeira número 1 da Academia Brasileira de Letras, instituição que presidiu em 2012 e 2013. Antes disso, ganhara em 2001 o mais importante prêmio literário nacional &#8211; o Machado de Assis, outorgado pela ABL, pelo [&hellip;]</p>
