{"id":22047,"date":"2025-01-28T11:22:14","date_gmt":"2025-01-28T11:22:14","guid":{"rendered":"https:\/\/www.acad-ciencias.pt\/?post_type=ac_scholars&#038;p=22047"},"modified":"2025-02-21T16:04:11","modified_gmt":"2025-02-21T16:04:11","slug":"ricardo-cavaliere","status":"publish","type":"ac_scholars","link":"https:\/\/www.acad-ciencias.pt\/eng\/scholars\/ricardo-cavaliere\/","title":{"rendered":"Ricardo Cavaliere"},"content":{"rendered":"<p>Ricardo Cavaliere holds a PhD in Portuguese Language (1997) from the Federal University of Rio de Janeiro and a degree in Legal and Social Sciences from the same university. He completed a post-doctoral internship in the History of Grammar in Brazil (2005) at the State University of Rio de Janeiro, under the supervision of Prof. Dr. Evanildo Bechara. He is currently a retired professor at Fluminense Federal University, a member of the Brazilian Academy of Letters, where he occupies chair no. 8, the Brazilian Academy of Philology, where he occupies chair no. 29, and a corresponding member of the Lisbon Academy of Sciences. He is a member of the Board of Directors of the <em>Real Gabinete Portugu\u00eas de Leitura<\/em> in Rio de Janeiro and the<em> Liceu Liter\u00e1rio Portugu\u00eas<\/em> in Rio de Janeiro. He is a member of national and international associations in his field of research, including the <em>Soci\u00e9t\u00e9 de Linguistique Romane<\/em>, the Henry Sweet Society for the History of Linguistic Ideas, the <em>Societas Linguistica Europeae<\/em>, the <em>Associa\u00e7\u00e3o Brasileira de Lingu\u00edstica<\/em> and the Soci\u00e9t\u00e9 d&#8217;Histoire et d&#8217;\u00c9pist\u00e9mologie des Sciences du Langage. He has experience in the fields of Literature and Linguistics, with an emphasis on the description of Portuguese and the historiography of grammatical studies. He is the author of over a hundred academic works in his field, including <em>Fo<\/em>n<em>ologia e morfologia na gram\u00e1tica cient\u00edfica brasileira<\/em>\u00a0(2000),\u00a0<em>Pontos essenciais em fon\u00e9tica e fonologia<\/em>\u00a0(2005),\u00a0<em>Palavras denotativas e termos afins: uma vis\u00e3o argumentativa<\/em>\u00a0(2009),\u00a0<em>A gram\u00e1tica no Brasil: ideias, percursos e par\u00e2metros<\/em>\u00a0(2014) e\u00a0<em>Hist\u00f3ria da gram\u00e1tica no Brasil: s\u00e9culos XVI a XIX<\/em>\u00a0(2022). His awards include the Medal of Philological Merit from the Brazilian Academy of Philology (2018) and the Celso Cunha Award from the Brazilian Writers&#8217; Union (2015).<\/p>","protected":false},"excerpt":{"rendered":"<p>Ricardo Cavaliere holds a PhD in Portuguese Language (1997) from the Federal University of Rio de Janeiro and a degree in Legal and Social Sciences from the same university. He completed a post-doctoral internship in the History of Grammar in Brazil (2005) at the State University of Rio de Janeiro, under the supervision of Prof. [&hellip;]<\/p>","protected":false},"author":16,"featured_media":22713,"menu_order":0,"template":"","format":"standard","meta":{"date":["2024-03-12"],"email":"","show_email":false,"interest":"","interest_en":"","hyperlink":"","footnotes":""},"ac_class":[118],"ac_bond":[122],"ac_section":[],"class_list":["post-22047","ac_scholars","type-ac_scholars","status-publish","format-standard","has-post-thumbnail","hentry","ac_class-classe-de-letras","ac_bond-correspondentes-estrangeiros"],"_links":{"self":[{"href":"https:\/\/www.acad-ciencias.pt\/eng\/wp-json\/wp\/v2\/ac_scholars\/22047","targetHints":{"allow":["GET"]}}],"collection":[{"href":"https:\/\/www.acad-ciencias.pt\/eng\/wp-json\/wp\/v2\/ac_scholars"}],"about":[{"href":"https:\/\/www.acad-ciencias.pt\/eng\/wp-json\/wp\/v2\/types\/ac_scholars"}],"author":[{"embeddable":true,"href":"https:\/\/www.acad-ciencias.pt\/eng\/wp-json\/wp\/v2\/users\/16"}],"version-history":[{"count":1,"href":"https:\/\/www.acad-ciencias.pt\/eng\/wp-json\/wp\/v2\/ac_scholars\/22047\/revisions"}],"predecessor-version":[{"id":22714,"href":"https:\/\/www.acad-ciencias.pt\/eng\/wp-json\/wp\/v2\/ac_scholars\/22047\/revisions\/22714"}],"wp:featuredmedia":[{"embeddable":true,"href":"https:\/\/www.acad-ciencias.pt\/eng\/wp-json\/wp\/v2\/media\/22713"}],"wp:attachment":[{"href":"https:\/\/www.acad-ciencias.pt\/eng\/wp-json\/wp\/v2\/media?parent=22047"}],"wp:term":[{"taxonomy":"ac_class","embeddable":true,"href":"https:\/\/www.acad-ciencias.pt\/eng\/wp-json\/wp\/v2\/ac_class?post=22047"},{"taxonomy":"ac_bond","embeddable":true,"href":"https:\/\/www.acad-ciencias.pt\/eng\/wp-json\/wp\/v2\/ac_bond?post=22047"},{"taxonomy":"ac_section","embeddable":true,"href":"https:\/\/www.acad-ciencias.pt\/eng\/wp-json\/wp\/v2\/ac_section?post=22047"}],"curies":[{"name":"wp","href":"https:\/\/api.w.org\/{rel}","templated":true}]}}

<p>Ricardo Cavaliere holds a PhD in Portuguese Language (1997) from the Federal University of Rio de Janeiro and a degree in Legal and Social Sciences from the same university. He completed a post-doctoral internship in the History of Grammar in Brazil (2005) at the State University of Rio de Janeiro, under the supervision of Prof. Dr. Evanildo Bechara. He is currently a retired professor at Fluminense Federal University, a member of the Brazilian Academy of Letters, where he occupies chair no. 8, the Brazilian Academy of Philology, where he occupies chair no. 29, and a corresponding member of the Lisbon Academy of Sciences. He is a member of the Board of Directors of the <em>Real Gabinete Português de Leitura</em> in Rio de Janeiro and the<em> Liceu Literário Português</em> in Rio de Janeiro. He is a member of national and international associations in his field of research, including the <em>Société de Linguistique Romane</em>, the Henry Sweet Society for the History of Linguistic Ideas, the <em>Societas Linguistica Europeae</em>, the <em>Associação Brasileira de Linguística</em> and the Société d&#8217;Histoire et d&#8217;Épistémologie des Sciences du Langage. He has experience in the fields of Literature and Linguistics, with an emphasis on the description of Portuguese and the historiography of grammatical studies. He is the author of over a hundred academic works in his field, including <em>Fo</em>n<em>ologia e morfologia na gramática científica brasileira</em> (2000), <em>Pontos essenciais em fonética e fonologia</em> (2005), <em>Palavras denotativas e termos afins: uma visão argumentativa</em> (2009), <em>A gramática no Brasil: ideias, percursos e parâmetros</em> (2014) e <em>História da gramática no Brasil: séculos XVI a XIX</em> (2022). His awards include the Medal of Philological Merit from the Brazilian Academy of Philology (2018) and the Celso Cunha Award from the Brazilian Writers&#8217; Union (2015).</p>
