{"id":24827,"date":"2025-07-11T11:46:33","date_gmt":"2025-07-11T10:46:33","guid":{"rendered":"https:\/\/www.acad-ciencias.pt\/?post_type=ac_scholars&#038;p=24827"},"modified":"2025-07-11T11:47:10","modified_gmt":"2025-07-11T10:47:10","slug":"dario-moura-vicente","status":"publish","type":"ac_scholars","link":"https:\/\/www.acad-ciencias.pt\/eng\/scholars\/dario-moura-vicente\/","title":{"rendered":"D\u00e1rio Moura Vicente"},"content":{"rendered":"<p>D\u00e1rio Moura Vicente holds a PhD in Law from the University of Lisbon, where he also obtained his Aggregation in Legal Sciences.<\/p>\n\n\n\n<p>Full Professor at the Faculty of Law of the University of Lisbon, where he teaches Civil Law, Comparative Law, Private International Law and Intellectual Property Law.<\/p>\n\n\n\n<p>He chaired the Institute for Legal Cooperation at the same Faculty between 2006 and 2020 and its Scientific Council between 2020 and 2022. Since 2023, he is President of its Private Law Research Centre.<\/p>\n\n\n\n<p>Visiting professor at The Hague Academy of International Law, the University of Paris V, the Complutense University of Madrid and the University of Urbino.<\/p>\n\n\n\n<p>In other Portuguese-speaking countries, he taught at the Agostinho Neto University in Angola; at the Universities of Bras\u00edlia, Minas Gerais, Paran\u00e1, Santa Catarina and S\u00e3o Paulo in Brazil; the Institute of Legal and Social Sciences and the University of Mindelo in Cape Verde; the Salg\u00e3ocar and Kare Colleges of Law in Goa; and the Eduardo Mondlane University in Mozambique. Adjunct Professor at the University of Macau.<\/p>\n\n\n\n<p>President of the Hispano-Luso-American Institute of International Law; Vice-President of the <em>Deutsch-Lusitanische Juristenvereinigung<\/em>; Member of the <em>Acad\u00e9mie Internationale de Droit Compar\u00e9<\/em>; Member of the International Law Association; and member of the Scientific Council and President of the General Assembly of the European Association of Private International Law. Member of the Scientific Advisory Board of the Max Planck Institute for Innovation and Competition.<\/p>\n\n\n\n<p>Author of the following works, among others: <em>Da arbitragem comercial internacional: Direito aplic\u00e1vel ao m\u00e9rito da causa<\/em> (1990); <em>Da responsabilidade pr\u00e9-contratual em Direito Internacional Privado<\/em> (2001); <em>Direito Internacional Privado: Ensaios<\/em> (5 vols., 2002-2024); <em>La propri\u00e9t\u00e9 intellectuelle en droit international priv\u00e9<\/em> (2009); <em>The International Protection of Intellectual Property<\/em> (2nd ed., 2019); <em>Comparative Law<\/em> (vol. I, 6th ed., 2025; vol. II, 2017); <em>Comparative Law of Obligations<\/em> (reprint, 2023).<\/p>","protected":false},"excerpt":{"rendered":"<p>D\u00e1rio Moura Vicente holds a PhD in Law from the University of Lisbon, where he also obtained his Aggregation in Legal Sciences. Full Professor at the Faculty of Law of the University of Lisbon, where he teaches Civil Law, Comparative Law, Private International Law and Intellectual Property Law. He chaired the Institute for Legal Cooperation [&hellip;]<\/p>","protected":false},"author":16,"featured_media":24828,"menu_order":0,"template":"","format":"standard","meta":{"date":["2025-06-17"],"email":"profmv@mouravicente.com","show_email":true,"interest":"Direito Civil; Direito Comparado; Direito Internacional Privado; Direito da Propriedade Intelectual; Direito da Uni\u00e3o Europeia.","interest_en":"Civil Law; Comparative Law; Private International Law; Intellectual Property Law; European Union Law.","hyperlink":"https:\/\/orcid.org\/0000-0003-0526-1886 https:\/\/www.cienciavitae.pt\/portal\/DD1B-37FA-2352","footnotes":""},"ac_class":[118],"ac_bond":[121],"ac_section":[148],"class_list":["post-24827","ac_scholars","type-ac_scholars","status-publish","format-standard","has-post-thumbnail","hentry","ac_class-classe-de-letras","ac_bond-correspondentes-nacionais","ac_section-5-a-seccao-direito"],"_links":{"self":[{"href":"https:\/\/www.acad-ciencias.pt\/eng\/wp-json\/wp\/v2\/ac_scholars\/24827","targetHints":{"allow":["GET"]}}],"collection":[{"href":"https:\/\/www.acad-ciencias.pt\/eng\/wp-json\/wp\/v2\/ac_scholars"}],"about":[{"href":"https:\/\/www.acad-ciencias.pt\/eng\/wp-json\/wp\/v2\/types\/ac_scholars"}],"author":[{"embeddable":true,"href":"https:\/\/www.acad-ciencias.pt\/eng\/wp-json\/wp\/v2\/users\/16"}],"version-history":[{"count":1,"href":"https:\/\/www.acad-ciencias.pt\/eng\/wp-json\/wp\/v2\/ac_scholars\/24827\/revisions"}],"predecessor-version":[{"id":24829,"href":"https:\/\/www.acad-ciencias.pt\/eng\/wp-json\/wp\/v2\/ac_scholars\/24827\/revisions\/24829"}],"wp:featuredmedia":[{"embeddable":true,"href":"https:\/\/www.acad-ciencias.pt\/eng\/wp-json\/wp\/v2\/media\/24828"}],"wp:attachment":[{"href":"https:\/\/www.acad-ciencias.pt\/eng\/wp-json\/wp\/v2\/media?parent=24827"}],"wp:term":[{"taxonomy":"ac_class","embeddable":true,"href":"https:\/\/www.acad-ciencias.pt\/eng\/wp-json\/wp\/v2\/ac_class?post=24827"},{"taxonomy":"ac_bond","embeddable":true,"href":"https:\/\/www.acad-ciencias.pt\/eng\/wp-json\/wp\/v2\/ac_bond?post=24827"},{"taxonomy":"ac_section","embeddable":true,"href":"https:\/\/www.acad-ciencias.pt\/eng\/wp-json\/wp\/v2\/ac_section?post=24827"}],"curies":[{"name":"wp","href":"https:\/\/api.w.org\/{rel}","templated":true}]}}

Dário Moura Vicente

<p>Dário Moura Vicente holds a PhD in Law from the University of Lisbon, where he also obtained his Aggregation in Legal Sciences.</p>



<p>Full Professor at the Faculty of Law of the University of Lisbon, where he teaches Civil Law, Comparative Law, Private International Law and Intellectual Property Law.</p>



<p>He chaired the Institute for Legal Cooperation at the same Faculty between 2006 and 2020 and its Scientific Council between 2020 and 2022. Since 2023, he is President of its Private Law Research Centre.</p>



<p>Visiting professor at The Hague Academy of International Law, the University of Paris V, the Complutense University of Madrid and the University of Urbino.</p>



<p>In other Portuguese-speaking countries, he taught at the Agostinho Neto University in Angola; at the Universities of Brasília, Minas Gerais, Paraná, Santa Catarina and São Paulo in Brazil; the Institute of Legal and Social Sciences and the University of Mindelo in Cape Verde; the Salgãocar and Kare Colleges of Law in Goa; and the Eduardo Mondlane University in Mozambique. Adjunct Professor at the University of Macau.</p>



<p>President of the Hispano-Luso-American Institute of International Law; Vice-President of the <em>Deutsch-Lusitanische Juristenvereinigung</em>; Member of the <em>Académie Internationale de Droit Comparé</em>; Member of the International Law Association; and member of the Scientific Council and President of the General Assembly of the European Association of Private International Law. Member of the Scientific Advisory Board of the Max Planck Institute for Innovation and Competition.</p>



<p>Author of the following works, among others: <em>Da arbitragem comercial internacional: Direito aplicável ao mérito da causa</em> (1990); <em>Da responsabilidade pré-contratual em Direito Internacional Privado</em> (2001); <em>Direito Internacional Privado: Ensaios</em> (5 vols., 2002-2024); <em>La propriété intellectuelle en droit international privé</em> (2009); <em>The International Protection of Intellectual Property</em> (2nd ed., 2019); <em>Comparative Law</em> (vol. I, 6th ed., 2025; vol. II, 2017); <em>Comparative Law of Obligations</em> (reprint, 2023).</p>

<p>Dário Moura Vicente holds a PhD in Law from the University of Lisbon, where he also obtained his Aggregation in Legal Sciences. Full Professor at the Faculty of Law of the University of Lisbon, where he teaches Civil Law, Comparative Law, Private International Law and Intellectual Property Law. He chaired the Institute for Legal Cooperation [&hellip;]</p>

Direito Civil; Direito Comparado; Direito Internacional Privado; Direito da Propriedade Intelectual; Direito da União Europeia.
