{"id":25199,"date":"2025-09-02T11:21:17","date_gmt":"2025-09-02T10:21:17","guid":{"rendered":"https:\/\/www.acad-ciencias.pt\/?post_type=ac_scholars&#038;p=25199"},"modified":"2026-04-06T11:08:44","modified_gmt":"2026-04-06T10:08:44","slug":"isabel-pires-de-lima","status":"publish","type":"ac_scholars","link":"https:\/\/www.acad-ciencias.pt\/eng\/scholars\/isabel-pires-de-lima\/","title":{"rendered":"Isabel Pires de Lima"},"content":{"rendered":"<p>Professora Catedr\u00e1tica e Em\u00e9rita da Universidade do Porto, \u00e9 investigadora na \u00e1reas da Literatura Portuguesa e Comparada e dos Estudos Interart\u00edsticos. \u00c9 especialista na obra de E\u00e7a de Queir\u00f3s. Licenciada em Filologia Rom\u00e2nica (1974) e Doutora em Literatura Portuguesa (1987), dedicou a sua carreira acad\u00e9mica aos estudos liter\u00e1rios em torno de autores cl\u00e1ssicos e contempor\u00e2neos. \u00a0Entre as suas numerosas publica\u00e7\u00f5es em Portugal e no estrangeiro, destacam-se t\u00edtulos como\u00a0<em>As M\u00e1scaras do Desengano: para uma abordagem sociol\u00f3gica de \u201cOs Maias\u201d de E\u00e7a de Queir\u00f3s<\/em>\u00a0(1986),\u00a0<em>E\u00e7a e \u201cOs Mais\u201d: cem anos depois<\/em>\u00a0(1990),\u00a0<em>Lettres Europ\u00e9ennes \u2013 Manuel d\u2019Histoire de la Litt\u00e9rature Europ\u00e9enne<\/em>\u00a0(1992),\u00a0<em>Antero de Quental e o Destino de uma Gera\u00e7\u00e3o<\/em>\u00a0(1993), <em>Sentido que a vida faz \u2013 Estudos para \u00d3scar Lopes<\/em>\u00a0(1997),<em> Vozes e Olhares no Feminino<\/em>\u00a0(2001),\u00a0<em>Viagem do S\u00e9culo XX em Jos\u00e9 Gomes Ferreira <\/em>(2002), <em>O tempo dos \u2018inuntens\u00edlios\u2019: o lugar das humanidades na contemporaneidade<\/em>\u00a0(2015), \u00a0<em>\u00c9tica e Pol\u00edtica na Obra de Agustina Bessa-Lu\u00eds<\/em> (2017)<em>,<\/em><em>Verg\u00edlio Ferreira \u2013 Escrever e Pensar ou O Apelo Invenc\u00edvel da Arte<\/em> (2017). Foi curadora da Exposi\u00e7\u00e3o \u201cTudo o que tenho no saco\u201d: E\u00e7a e <em>Os Maias<\/em> (Funda\u00e7\u00e3o Calouste Gulbenkian, 2018-9). Integrou pain\u00e9is de avalia\u00e7\u00e3o de diversos pr\u00e9mios liter\u00e1rios, incluindo o Pr\u00e9mio Cam\u00f5es (2002-3). Paralelamente, integrou os Conselhos Administra\u00e7\u00e3o de institui\u00e7\u00f5es como a Funda\u00e7\u00e3o E\u00e7a de Queir\u00f3s e a Funda\u00e7\u00e3o de Serralves. Foi deputada \u00e0 Assembleia da Rep\u00fablica (1999-2009) e incorporou o Conselho Nacional de Educa\u00e7\u00e3o. Foi Ministra da Cultura no XVII Governo Constitucional (2005-8). Foi agraciada com os graus de Grande-Oficial da Ordem do Infante D. Henrique (2010), de Doutora \u201cHonoris Causa\u201d pela Universidade de S\u00f3fia (2020) e de Chevalier de l\u2019Ordre National de la L\u00e9gion d\u2019Honneur (2025).<\/p>","protected":false},"excerpt":{"rendered":"<p>Professora Catedr\u00e1tica e Em\u00e9rita da Universidade do Porto, \u00e9 investigadora na \u00e1reas da Literatura Portuguesa e Comparada e dos Estudos Interart\u00edsticos. \u00c9 especialista na obra de E\u00e7a de Queir\u00f3s. Licenciada em Filologia Rom\u00e2nica (1974) e Doutora em Literatura Portuguesa (1987), dedicou a sua carreira acad\u00e9mica aos estudos liter\u00e1rios em torno de autores cl\u00e1ssicos e contempor\u00e2neos. [&hellip;]<\/p>","protected":false},"author":16,"featured_media":27476,"menu_order":0,"template":"","format":"standard","meta":{"date":["2025-06-17"],"email":"","show_email":false,"interest":"","interest_en":"","hyperlink":"","footnotes":""},"ac_class":[118],"ac_bond":[121],"ac_section":[152],"class_list":["post-25199","ac_scholars","type-ac_scholars","status-publish","format-standard","has-post-thumbnail","hentry","ac_class-classe-de-letras","ac_bond-correspondentes-nacionais","ac_section-9-a-seccao-comunicacao-e-artes"],"_links":{"self":[{"href":"https:\/\/www.acad-ciencias.pt\/eng\/wp-json\/wp\/v2\/ac_scholars\/25199","targetHints":{"allow":["GET"]}}],"collection":[{"href":"https:\/\/www.acad-ciencias.pt\/eng\/wp-json\/wp\/v2\/ac_scholars"}],"about":[{"href":"https:\/\/www.acad-ciencias.pt\/eng\/wp-json\/wp\/v2\/types\/ac_scholars"}],"author":[{"embeddable":true,"href":"https:\/\/www.acad-ciencias.pt\/eng\/wp-json\/wp\/v2\/users\/16"}],"version-history":[{"count":3,"href":"https:\/\/www.acad-ciencias.pt\/eng\/wp-json\/wp\/v2\/ac_scholars\/25199\/revisions"}],"predecessor-version":[{"id":27475,"href":"https:\/\/www.acad-ciencias.pt\/eng\/wp-json\/wp\/v2\/ac_scholars\/25199\/revisions\/27475"}],"wp:featuredmedia":[{"embeddable":true,"href":"https:\/\/www.acad-ciencias.pt\/eng\/wp-json\/wp\/v2\/media\/27476"}],"wp:attachment":[{"href":"https:\/\/www.acad-ciencias.pt\/eng\/wp-json\/wp\/v2\/media?parent=25199"}],"wp:term":[{"taxonomy":"ac_class","embeddable":true,"href":"https:\/\/www.acad-ciencias.pt\/eng\/wp-json\/wp\/v2\/ac_class?post=25199"},{"taxonomy":"ac_bond","embeddable":true,"href":"https:\/\/www.acad-ciencias.pt\/eng\/wp-json\/wp\/v2\/ac_bond?post=25199"},{"taxonomy":"ac_section","embeddable":true,"href":"https:\/\/www.acad-ciencias.pt\/eng\/wp-json\/wp\/v2\/ac_section?post=25199"}],"curies":[{"name":"wp","href":"https:\/\/api.w.org\/{rel}","templated":true}]}}

<p>Professora Catedrática e Emérita da Universidade do Porto, é investigadora na áreas da Literatura Portuguesa e Comparada e dos Estudos Interartísticos. É especialista na obra de Eça de Queirós. Licenciada em Filologia Românica (1974) e Doutora em Literatura Portuguesa (1987), dedicou a sua carreira académica aos estudos literários em torno de autores clássicos e contemporâneos.  Entre as suas numerosas publicações em Portugal e no estrangeiro, destacam-se títulos como <em>As Máscaras do Desengano: para uma abordagem sociológica de “Os Maias” de Eça de Queirós</em> (1986), <em>Eça e “Os Mais”: cem anos depois</em> (1990), <em>Lettres Européennes – Manuel d’Histoire de la Littérature Européenne</em> (1992), <em>Antero de Quental e o Destino de uma Geração</em> (1993), <em>Sentido que a vida faz – Estudos para Óscar Lopes</em> (1997),<em> Vozes e Olhares no Feminino</em> (2001), <em>Viagem do Século XX em José Gomes Ferreira </em>(2002), <em>O tempo dos ‘inuntensílios’: o lugar das humanidades na contemporaneidade</em> (2015),  <em>Ética e Política na Obra de Agustina Bessa-Luís</em> (2017)<em>,</em><em>Vergílio Ferreira – Escrever e Pensar ou O Apelo Invencível da Arte</em> (2017). Foi curadora da Exposição “Tudo o que tenho no saco”: Eça e <em>Os Maias</em> (Fundação Calouste Gulbenkian, 2018-9). Integrou painéis de avaliação de diversos prémios literários, incluindo o Prémio Camões (2002-3). Paralelamente, integrou os Conselhos Administração de instituições como a Fundação Eça de Queirós e a Fundação de Serralves. Foi deputada à Assembleia da República (1999-2009) e incorporou o Conselho Nacional de Educação. Foi Ministra da Cultura no XVII Governo Constitucional (2005-8). Foi agraciada com os graus de Grande-Oficial da Ordem do Infante D. Henrique (2010), de Doutora “Honoris Causa” pela Universidade de Sófia (2020) e de Chevalier de l’Ordre National de la Légion d’Honneur (2025).</p>

<p>Professora Catedrática e Emérita da Universidade do Porto, é investigadora na áreas da Literatura Portuguesa e Comparada e dos Estudos Interartísticos. É especialista na obra de Eça de Queirós. Licenciada em Filologia Românica (1974) e Doutora em Literatura Portuguesa (1987), dedicou a sua carreira académica aos estudos literários em torno de autores clássicos e contemporâneos. [&hellip;]</p>
