{"id":11940,"date":"2023-02-27T12:02:59","date_gmt":"2023-02-27T12:02:59","guid":{"rendered":"https:\/\/www.academiabeta.galeria-arf-acad-ciencias.pt\/?post_type=mec-events&#038;p=11940"},"modified":"2023-03-13T14:47:21","modified_gmt":"2023-03-13T14:47:21","slug":"saber-mais-conhecer-melhor-ciclo-musica-e-poesia-na-cultura-portuguesa","status":"publish","type":"mec-events","link":"https:\/\/www.acad-ciencias.pt\/eng\/events\/saber-mais-conhecer-melhor-ciclo-musica-e-poesia-na-cultura-portuguesa\/","title":{"rendered":"Saber Mais Conhecer Melhor &#8211; Ciclo &#8220;M\u00fasica e Poesia na Cultura Portuguesa&#8221;"},"content":{"rendered":"<div data-elementor-type=\"wp-post\" data-elementor-id=\"11940\" class=\"elementor elementor-11940\">\n\t\t\t\t\t\t<section class=\"has_eae_slider elementor-section elementor-top-section elementor-element elementor-element-c565f6 elementor-section-boxed elementor-section-height-default elementor-section-height-default\" data-eae-slider=\"18181\" data-id=\"c565f6\" data-element_type=\"section\">\n\t\t\t\t\t\t<div class=\"elementor-container elementor-column-gap-default\">\n\t\t\t\t\t<div class=\"has_eae_slider aux-parallax-section elementor-column elementor-col-100 elementor-top-column elementor-element elementor-element-71954eb7\" data-eae-slider=\"20388\" data-id=\"71954eb7\" data-element_type=\"column\">\n\t\t\t<div class=\"elementor-widget-wrap elementor-element-populated\">\n\t\t\t\t\t\t<div class=\"elementor-element elementor-element-4c91955a elementor-widget elementor-widget-text-editor\" data-id=\"4c91955a\" data-element_type=\"widget\" data-widget_type=\"text-editor.default\">\n\t\t\t\t<div class=\"elementor-widget-container\">\n\t\t\t\t\t\t\t\t\t<p><\/p>\n<h3><strong>Poesia e Canto entre a Ditadura e os anos da constru\u00e7\u00e3o democr\u00e1tica <\/strong><\/h3>\n<h3><strong>&#8211; Nuno Pacheco<\/strong><\/h3>\n<p><\/p>\n<p>\u00a0<\/p>\n<p>Music and poetry are as inseparable as music and language because all languages also have their characteristic intonations - the music of language. In archaic Greek, verse was both a linguistic and a musical reality: \"The Greek word had a fixed body of sound, a musical will of its own\" (Georgiades). Originally, there would have been only one system of acoustic communication (Rousseau), which only later split into music and articulate language. Bringing the two together again and again, as if in the desire to recover this lost unity, has been a common feature of all cultures since time immemorial. That's why the repertoire of sung poetry is so vast, so diverse and so rich in invention - spanning historical eras and manifesting itself in multiple genres, forms and social practices.\u00a0<\/p>\n<p><\/p>\n<p>This cycle deals with this valuable legacy in Portuguese culture.<\/p>\n<p><\/p>\n<p>O Ciclo decorrer\u00e1 em regime online, via Zoom, e os v\u00eddeos das confer\u00eancias poder\u00e3o ser consultados no Youtube da Academia.<\/p>\n<p><span style=\"color: #3366ff;\"><a style=\"color: #3366ff;\" href=\"https:\/\/www.academiabeta.galeria-arf-acad-ciencias.pt\/wp-content\/uploads\/2023\/02\/Programa_detalhado_Ciclo_Musica_Poesia.pdf\"><strong>Detailed programme<\/strong><\/a><\/span><\/p>\n<p>\u00a0<\/p>\n<p>\u00a0<\/p>\n<p><\/p>\t\t\t\t\t\t\t\t<\/div>\n\t\t\t\t<\/div>\n\t\t\t\t\t<\/div>\n\t\t<\/div>\n\t\t\t\t\t<\/div>\n\t\t<\/section>\n\t\t\t\t<\/div>","protected":false},"excerpt":{"rendered":"<p>Poesia e Canto entre a Ditadura e os anos da constru\u00e7\u00e3o democr\u00e1tica &#8211; Nuno Pacheco \u00a0 M\u00fasica e poesia s\u00e3o t\u00e3o indissoci\u00e1veis como m\u00fasica e l\u00edngua, pois todas as l\u00ednguas t\u00eam tamb\u00e9m as suas pr\u00f3prias entoa\u00e7\u00f5es carater\u00edsticas \u2013 a m\u00fasica da l\u00edngua. No grego arcaico, o verso era simultaneamente uma realidade lingu\u00edstica e musical: \u201ca [&hellip;]<\/p>","protected":false},"author":2,"featured_media":11878,"template":"","tags":[],"mec_category":[28],"class_list":["post-11940","mec-events","type-mec-events","status-publish","has-post-thumbnail","hentry","mec_category-conferencias-iae"],"_links":{"self":[{"href":"https:\/\/www.acad-ciencias.pt\/eng\/wp-json\/wp\/v2\/mec-events\/11940","targetHints":{"allow":["GET"]}}],"collection":[{"href":"https:\/\/www.acad-ciencias.pt\/eng\/wp-json\/wp\/v2\/mec-events"}],"about":[{"href":"https:\/\/www.acad-ciencias.pt\/eng\/wp-json\/wp\/v2\/types\/mec-events"}],"author":[{"embeddable":true,"href":"https:\/\/www.acad-ciencias.pt\/eng\/wp-json\/wp\/v2\/users\/2"}],"version-history":[{"count":0,"href":"https:\/\/www.acad-ciencias.pt\/eng\/wp-json\/wp\/v2\/mec-events\/11940\/revisions"}],"wp:featuredmedia":[{"embeddable":true,"href":"https:\/\/www.acad-ciencias.pt\/eng\/wp-json\/wp\/v2\/media\/11878"}],"wp:attachment":[{"href":"https:\/\/www.acad-ciencias.pt\/eng\/wp-json\/wp\/v2\/media?parent=11940"}],"wp:term":[{"taxonomy":"post_tag","embeddable":true,"href":"https:\/\/www.acad-ciencias.pt\/eng\/wp-json\/wp\/v2\/tags?post=11940"},{"taxonomy":"mec_category","embeddable":true,"href":"https:\/\/www.acad-ciencias.pt\/eng\/wp-json\/wp\/v2\/mec_category?post=11940"}],"curies":[{"name":"wp","href":"https:\/\/api.w.org\/{rel}","templated":true}]}}

Saber Mais Conhecer Melhor &#8211; Ciclo &#8220;Música e Poesia na Cultura Portuguesa&#8221;

<div data-elementor-type="wp-post" data-elementor-id="11940" class="elementor elementor-11940">
						<section class="has_eae_slider elementor-section elementor-top-section elementor-element elementor-element-c565f6 elementor-section-boxed elementor-section-height-default elementor-section-height-default" data-eae-slider="18181" data-id="c565f6" data-element_type="section">
						<div class="elementor-container elementor-column-gap-default">
					<div class="has_eae_slider aux-parallax-section elementor-column elementor-col-100 elementor-top-column elementor-element elementor-element-71954eb7" data-eae-slider="20388" data-id="71954eb7" data-element_type="column">
			<div class="elementor-widget-wrap elementor-element-populated">
						<div class="elementor-element elementor-element-4c91955a elementor-widget elementor-widget-text-editor" data-id="4c91955a" data-element_type="widget" data-widget_type="text-editor.default">
				<div class="elementor-widget-container">
									<p></p>
<h3><strong>Poesia e Canto entre a Ditadura e os anos da construção democrática </strong></h3>
<h3><strong>&#8211; Nuno Pacheco</strong></h3>
<p></p>
<p> </p>
<p>Music and poetry are as inseparable as music and language because all languages also have their characteristic intonations - the music of language. In archaic Greek, verse was both a linguistic and a musical reality: "The Greek word had a fixed body of sound, a musical will of its own" (Georgiades). Originally, there would have been only one system of acoustic communication (Rousseau), which only later split into music and articulate language. Bringing the two together again and again, as if in the desire to recover this lost unity, has been a common feature of all cultures since time immemorial. That's why the repertoire of sung poetry is so vast, so diverse and so rich in invention - spanning historical eras and manifesting itself in multiple genres, forms and social practices. </p>
<p></p>
<p>This cycle deals with this valuable legacy in Portuguese culture.</p>
<p></p>
<p>O Ciclo decorrerá em regime online, via Zoom, e os vídeos das conferências poderão ser consultados no Youtube da Academia.</p>
<p><span style="color: #3366ff;"><a style="color: #3366ff;" href="https://www.academiabeta.galeria-arf-acad-ciencias.pt/wp-content/uploads/2023/02/Programa_detalhado_Ciclo_Musica_Poesia.pdf"><strong>Detailed programme</strong></a></span></p>
<p> </p>
<p> </p>
<p></p>								</div>
				</div>
					</div>
		</div>
					</div>
		</section>
				</div>

<p>Poesia e Canto entre a Ditadura e os anos da construção democrática &#8211; Nuno Pacheco   Música e poesia são tão indissociáveis como música e língua, pois todas as línguas têm também as suas próprias entoações caraterísticas – a música da língua. No grego arcaico, o verso era simultaneamente uma realidade linguística e musical: “a [&hellip;]</p>
