{"id":12522,"date":"2023-03-02T12:48:41","date_gmt":"2023-03-02T12:48:41","guid":{"rendered":"https:\/\/www.academiabeta.galeria-arf-acad-ciencias.pt\/?post_type=mec-events&#038;p=12522"},"modified":"2023-04-11T11:33:06","modified_gmt":"2023-04-11T11:33:06","slug":"saber-mais-conhecer-melhor-ciclo-da-arvore-178-961-317-324","status":"publish","type":"mec-events","link":"https:\/\/www.acad-ciencias.pt\/eng\/events\/saber-mais-conhecer-melhor-ciclo-da-arvore-178-961-317-324\/","title":{"rendered":"Saber Mais Conhecer Melhor &#8211; Ciclo A \u00c1rvore"},"content":{"rendered":"<p><h3>A \u00c1rvore um bem social: o valor econ\u00f3mico e a sustentabilidade<\/h3>\n<h3><br>&#8211; Francisco Rego (ISA-ULisboa\/CEABN)<\/h3><\/p>\n\n\n\n<p><p>&nbsp;<\/p>\n<p>The tree, as a biological organism, is a fundamental element for life on Earth. For this reason, throughout human life, the tree has been the subject of reflection by philosophers and theologians and the object of research by scientists. The decisive role that the tree and other representatives of the plant world have played in human nutrition and health since antiquity cannot go unremarked, whether by providing direct food and therapeutic products or by providing material and foundations for the discovery of new ingredients and\/or therapies. Examples include traditional medicine using parts of plants, including trees, widely documented in Chinese treatises, by Dioscorides and Garcia de Orta, among others. It is impossible not to find the tree in works ranging from literature to the arts, where it has been a source of particular inspiration. This cycle will focus on the tree, which is responsible for the ecological balance of the earth and man's physical and spiritual well-being.<\/p><\/p>\n\n\n\n<p><a href=\"https:\/\/www.academiabeta.galeria-arf-acad-ciencias.pt\/wp-content\/uploads\/2023\/03\/Arvore_ProgramaDetalhado-1.pdf\">Detailed programme<\/a><\/p>","protected":false},"excerpt":{"rendered":"<p>A \u00c1rvore um bem social: o valor econ\u00f3mico e a sustentabilidade &#8211; Francisco Rego (ISA-ULisboa\/CEABN) &nbsp; A \u00e1rvore, como organismo biol\u00f3gico, constitui um elemento fundamental para a vida na terra. Por isso, ao longo da vida humana, a \u00e1rvore tem sido mat\u00e9ria de reflex\u00e3o por parte de fil\u00f3sofos e te\u00f3logos e objeto de investiga\u00e7\u00e3o por [&hellip;]<\/p>","protected":false},"author":10,"featured_media":12497,"template":"","tags":[],"mec_category":[28],"class_list":["post-12522","mec-events","type-mec-events","status-publish","has-post-thumbnail","hentry","mec_category-conferencias-iae"],"_links":{"self":[{"href":"https:\/\/www.acad-ciencias.pt\/eng\/wp-json\/wp\/v2\/mec-events\/12522","targetHints":{"allow":["GET"]}}],"collection":[{"href":"https:\/\/www.acad-ciencias.pt\/eng\/wp-json\/wp\/v2\/mec-events"}],"about":[{"href":"https:\/\/www.acad-ciencias.pt\/eng\/wp-json\/wp\/v2\/types\/mec-events"}],"author":[{"embeddable":true,"href":"https:\/\/www.acad-ciencias.pt\/eng\/wp-json\/wp\/v2\/users\/10"}],"version-history":[{"count":0,"href":"https:\/\/www.acad-ciencias.pt\/eng\/wp-json\/wp\/v2\/mec-events\/12522\/revisions"}],"wp:featuredmedia":[{"embeddable":true,"href":"https:\/\/www.acad-ciencias.pt\/eng\/wp-json\/wp\/v2\/media\/12497"}],"wp:attachment":[{"href":"https:\/\/www.acad-ciencias.pt\/eng\/wp-json\/wp\/v2\/media?parent=12522"}],"wp:term":[{"taxonomy":"post_tag","embeddable":true,"href":"https:\/\/www.acad-ciencias.pt\/eng\/wp-json\/wp\/v2\/tags?post=12522"},{"taxonomy":"mec_category","embeddable":true,"href":"https:\/\/www.acad-ciencias.pt\/eng\/wp-json\/wp\/v2\/mec_category?post=12522"}],"curies":[{"name":"wp","href":"https:\/\/api.w.org\/{rel}","templated":true}]}}

Saber Mais Conhecer Melhor &#8211; Ciclo A Árvore

<p><h3>A Árvore um bem social: o valor económico e a sustentabilidade</h3>
<h3><br>&#8211; Francisco Rego (ISA-ULisboa/CEABN)</h3></p>



<p><p>&nbsp;</p>
<p>The tree, as a biological organism, is a fundamental element for life on Earth. For this reason, throughout human life, the tree has been the subject of reflection by philosophers and theologians and the object of research by scientists. The decisive role that the tree and other representatives of the plant world have played in human nutrition and health since antiquity cannot go unremarked, whether by providing direct food and therapeutic products or by providing material and foundations for the discovery of new ingredients and/or therapies. Examples include traditional medicine using parts of plants, including trees, widely documented in Chinese treatises, by Dioscorides and Garcia de Orta, among others. It is impossible not to find the tree in works ranging from literature to the arts, where it has been a source of particular inspiration. This cycle will focus on the tree, which is responsible for the ecological balance of the earth and man's physical and spiritual well-being.</p></p>



<p><a href="https://www.academiabeta.galeria-arf-acad-ciencias.pt/wp-content/uploads/2023/03/Arvore_ProgramaDetalhado-1.pdf">Detailed programme</a></p>

<p>A Árvore um bem social: o valor económico e a sustentabilidade &#8211; Francisco Rego (ISA-ULisboa/CEABN) &nbsp; A árvore, como organismo biológico, constitui um elemento fundamental para a vida na terra. Por isso, ao longo da vida humana, a árvore tem sido matéria de reflexão por parte de filósofos e teólogos e objeto de investigação por [&hellip;]</p>
