{"id":16343,"date":"2023-08-29T14:44:48","date_gmt":"2023-08-29T14:44:48","guid":{"rendered":"https:\/\/www.acad-ciencias.pt\/?post_type=mec-events&#038;p=16343"},"modified":"2023-10-17T13:12:30","modified_gmt":"2023-10-17T12:12:30","slug":"sessao-da-classe-de-letras-8","status":"publish","type":"mec-events","link":"https:\/\/www.acad-ciencias.pt\/eng\/events\/sessao-da-classe-de-letras-8\/","title":{"rendered":"Sess\u00e3o da Classe de Letras"},"content":{"rendered":"<div data-elementor-type=\"wp-post\" data-elementor-id=\"16343\" class=\"elementor elementor-16343\">\n\t\t\t\t\t\t<section class=\"has_eae_slider elementor-section elementor-top-section elementor-element elementor-element-5fa282fa elementor-section-boxed elementor-section-height-default elementor-section-height-default\" data-eae-slider=\"93463\" data-id=\"5fa282fa\" data-element_type=\"section\">\n\t\t\t\t\t\t<div class=\"elementor-container elementor-column-gap-default\">\n\t\t\t\t\t<div class=\"has_eae_slider aux-parallax-section elementor-column elementor-col-100 elementor-top-column elementor-element elementor-element-7c4b4867\" data-eae-slider=\"44885\" data-id=\"7c4b4867\" data-element_type=\"column\">\n\t\t\t<div class=\"elementor-widget-wrap elementor-element-populated\">\n\t\t\t\t\t\t<div class=\"elementor-element elementor-element-2c300e30 elementor-widget elementor-widget-text-editor\" data-id=\"2c300e30\" data-element_type=\"widget\" data-widget_type=\"text-editor.default\">\n\t\t\t\t<div class=\"elementor-widget-container\">\n\t\t\t\t\t\t\t\t\t<p>Sess\u00e3o da Classe de Classe de Letras sob a presid\u00eancia da Senhora Maria da Gl\u00f3ria Garcia, com a seguinte ordem-do-dia:<\/p>\n<ol>\n<li>Comunica\u00e7\u00e3o do acad\u00e9mico Senhor Ricardo Reis intitulada: <em>Crises na economia portuguesa de 1910 a 2021.<\/em><\/li>\n<\/ol>\n<p>Apresenta\u00e7\u00e3o do estudo patrocinado pela Funda\u00e7\u00e3o Francisco Manuel dos Santos, coordenado por Ricardo Reis, que contou com as contribui\u00e7\u00f5es de Pedro Ba\u00e7\u00e3o, Isabel Horta Correia, Nuno Val\u00e9rio, Jos\u00e9 Varej\u00e3o, Jos\u00e9 Tavares, Lu\u00eds Aguiar-Conraria e Jos\u00e9 Alberto Ferreira<\/p>\t\t\t\t\t\t\t\t<\/div>\n\t\t\t\t<\/div>\n\t\t\t\t\t<\/div>\n\t\t<\/div>\n\t\t\t\t\t<\/div>\n\t\t<\/section>\n\t\t\t\t<\/div>","protected":false},"excerpt":{"rendered":"<p>Sess\u00e3o da Classe de Classe de Letras sob a presid\u00eancia do Senhor Jos\u00e9 Lu\u00eds Cardoso, com a seguinte ordem-do-dia: Comunica\u00e7\u00e3o do acad\u00e9mico Senhor Ant\u00f3nio B\u00e1rbolo Alves, intitulada You nun sou you: as teias que a l\u00edngua tece. Comunica\u00e7\u00e3o da acad\u00e9mica Senhora Rita Lobo Xavier, intitulada Polariza\u00e7\u00e3o nas sociedades contempor\u00e2neas \u2013 as quest\u00f5es da Fam\u00edlia no [&hellip;]<\/p>","protected":false},"author":10,"featured_media":12090,"template":"","tags":[],"mec_category":[27],"class_list":["post-16343","mec-events","type-mec-events","status-publish","has-post-thumbnail","hentry","mec_category-sessoes-academicas"],"_links":{"self":[{"href":"https:\/\/www.acad-ciencias.pt\/eng\/wp-json\/wp\/v2\/mec-events\/16343","targetHints":{"allow":["GET"]}}],"collection":[{"href":"https:\/\/www.acad-ciencias.pt\/eng\/wp-json\/wp\/v2\/mec-events"}],"about":[{"href":"https:\/\/www.acad-ciencias.pt\/eng\/wp-json\/wp\/v2\/types\/mec-events"}],"author":[{"embeddable":true,"href":"https:\/\/www.acad-ciencias.pt\/eng\/wp-json\/wp\/v2\/users\/10"}],"version-history":[{"count":0,"href":"https:\/\/www.acad-ciencias.pt\/eng\/wp-json\/wp\/v2\/mec-events\/16343\/revisions"}],"wp:featuredmedia":[{"embeddable":true,"href":"https:\/\/www.acad-ciencias.pt\/eng\/wp-json\/wp\/v2\/media\/12090"}],"wp:attachment":[{"href":"https:\/\/www.acad-ciencias.pt\/eng\/wp-json\/wp\/v2\/media?parent=16343"}],"wp:term":[{"taxonomy":"post_tag","embeddable":true,"href":"https:\/\/www.acad-ciencias.pt\/eng\/wp-json\/wp\/v2\/tags?post=16343"},{"taxonomy":"mec_category","embeddable":true,"href":"https:\/\/www.acad-ciencias.pt\/eng\/wp-json\/wp\/v2\/mec_category?post=16343"}],"curies":[{"name":"wp","href":"https:\/\/api.w.org\/{rel}","templated":true}]}}

Sessão da Classe de Letras

<div data-elementor-type="wp-post" data-elementor-id="16343" class="elementor elementor-16343">
						<section class="has_eae_slider elementor-section elementor-top-section elementor-element elementor-element-5fa282fa elementor-section-boxed elementor-section-height-default elementor-section-height-default" data-eae-slider="93463" data-id="5fa282fa" data-element_type="section">
						<div class="elementor-container elementor-column-gap-default">
					<div class="has_eae_slider aux-parallax-section elementor-column elementor-col-100 elementor-top-column elementor-element elementor-element-7c4b4867" data-eae-slider="44885" data-id="7c4b4867" data-element_type="column">
			<div class="elementor-widget-wrap elementor-element-populated">
						<div class="elementor-element elementor-element-2c300e30 elementor-widget elementor-widget-text-editor" data-id="2c300e30" data-element_type="widget" data-widget_type="text-editor.default">
				<div class="elementor-widget-container">
									<p>Sessão da Classe de Classe de Letras sob a presidência da Senhora Maria da Glória Garcia, com a seguinte ordem-do-dia:</p>
<ol>
<li>Comunicação do académico Senhor Ricardo Reis intitulada: <em>Crises na economia portuguesa de 1910 a 2021.</em></li>
</ol>
<p>Apresentação do estudo patrocinado pela Fundação Francisco Manuel dos Santos, coordenado por Ricardo Reis, que contou com as contribuições de Pedro Bação, Isabel Horta Correia, Nuno Valério, José Varejão, José Tavares, Luís Aguiar-Conraria e José Alberto Ferreira</p>								</div>
				</div>
					</div>
		</div>
					</div>
		</section>
				</div>

<p>Sessão da Classe de Classe de Letras sob a presidência do Senhor José Luís Cardoso, com a seguinte ordem-do-dia: Comunicação do académico Senhor António Bárbolo Alves, intitulada You nun sou you: as teias que a língua tece. Comunicação da académica Senhora Rita Lobo Xavier, intitulada Polarização nas sociedades contemporâneas – as questões da Família no [&hellip;]</p>
