{"id":17642,"date":"2024-01-18T11:33:32","date_gmt":"2024-01-18T11:33:32","guid":{"rendered":"https:\/\/www.acad-ciencias.pt\/?post_type=mec-events&#038;p=17642"},"modified":"2024-01-22T10:50:07","modified_gmt":"2024-01-22T10:50:07","slug":"ciclo-da-inteligencia-humana-a-inteligencia-artificial-programa-ao-encontro-da-sociedade-3","status":"publish","type":"mec-events","link":"https:\/\/www.acad-ciencias.pt\/eng\/events\/ciclo-da-inteligencia-humana-a-inteligencia-artificial-programa-ao-encontro-da-sociedade-3\/","title":{"rendered":"Ciclo &#8211; Da Intelig\u00eancia Humana \u00e0 Intelig\u00eancia Artificial | Programa Ao Encontro da Sociedade"},"content":{"rendered":"<div data-elementor-type=\"wp-post\" data-elementor-id=\"17642\" class=\"elementor elementor-17642\">\n\t\t\t\t\t\t<section class=\"has_eae_slider elementor-section elementor-top-section elementor-element elementor-element-bcca4a3 elementor-section-boxed elementor-section-height-default elementor-section-height-default\" data-eae-slider=\"28781\" data-id=\"bcca4a3\" data-element_type=\"section\">\n\t\t\t\t\t\t<div class=\"elementor-container elementor-column-gap-default\">\n\t\t\t\t\t<div class=\"has_eae_slider aux-parallax-section elementor-column elementor-col-100 elementor-top-column elementor-element elementor-element-3373f432\" data-eae-slider=\"85216\" data-id=\"3373f432\" data-element_type=\"column\">\n\t\t\t<div class=\"elementor-widget-wrap elementor-element-populated\">\n\t\t\t\t\t\t<div class=\"elementor-element elementor-element-567488a4 elementor-widget elementor-widget-text-editor\" data-id=\"567488a4\" data-element_type=\"widget\" data-widget_type=\"text-editor.default\">\n\t\t\t\t<div class=\"elementor-widget-container\">\n\t\t\t\t\t\t\t\t\t\n<h5>Intelig\u00eancia cognitiva e intelig\u00eancia artificial &#8211; a perspetiva da psicologia<\/h5>\n\n<p><strong>Francisco Esteves | UCP<\/strong><\/p>\n\n<p>O caminho desde a compreens\u00e3o da intelig\u00eancia humana \u00e0 intelig\u00eancia artificial revela um not\u00e1vel percurso marcado pela curiosidade, inova\u00e7\u00e3o cient\u00edfica e tecnol\u00f3gica que se apresenta com possibilidades ilimitadas. No centro desta transi\u00e7\u00e3o est\u00e1 a ambi\u00e7\u00e3o de simular, replicar e at\u00e9 mesmo melhorar as not\u00e1veis \u200b\u200bfaculdades cognitivas que definem o intelecto humano. Desde o in\u00edcio da computa\u00e7\u00e3o at\u00e9 ao advento das redes neuronais e da aprendizagem autom\u00e1tica, a procura incessante para replicar em m\u00e1quinas uma intelig\u00eancia semelhante \u00e0 humana tem constitu\u00eddo um desiderato dos cientistas e testemunha a capacidade do engenho humano. Este caminho preenche o abismo entre o natural e o sint\u00e9tico, remodelando a nossa compreens\u00e3o da cogni\u00e7\u00e3o, da resolu\u00e7\u00e3o de problemas e da pr\u00f3pria ess\u00eancia do que significa ser inteligente. As aplica\u00e7\u00f5es da IA v\u00e3o j\u00e1 desde a biomec\u00e2nica especialmente dirigida para a produ\u00e7\u00e3o de equipamentos para pessoas com problemas motores a \u00e1reas as mais diversas que v\u00e3o desde a qu\u00edmica ao ambiente proporcionando conhecimento e an\u00e1lises bio- anal\u00edticas independentes. Este Ciclo pretende contribuir para aumentar\/consciencializar os participantes do impacto desta poderosa tecnologia na vida humana. Vamos embarcar juntos nesta fascinante explora\u00e7\u00e3o, tra\u00e7ando os marcos, os desafios e o impacto transformador na Sociedade do futuro.<\/p>\n\n<p><a href=\"https:\/\/www.acad-ciencias.pt\/wp-content\/uploads\/2024\/01\/Ciclo_Inteligencia_Humana_Artificial_2023.01.22.pdf\" target=\"_blank\" rel=\"noopener\"><span style=\"color: #3366ff;\">Detailed Programme<\/span><\/a><\/p>\n\t\t\t\t\t\t\t\t<\/div>\n\t\t\t\t<\/div>\n\t\t\t\t\t<\/div>\n\t\t<\/div>\n\t\t\t\t\t<\/div>\n\t\t<\/section>\n\t\t\t\t<\/div>","protected":false},"excerpt":{"rendered":"<p>Intelig\u00eancia cognitiva e intelig\u00eancia artificial &#8211; a perspetiva da psicologia Francisco Esteves | UCP O caminho desde a compreens\u00e3o da intelig\u00eancia humana \u00e0 intelig\u00eancia artificial revela um not\u00e1vel percurso marcado pela curiosidade, inova\u00e7\u00e3o cient\u00edfica e tecnol\u00f3gica que se apresenta com possibilidades ilimitadas. No centro desta transi\u00e7\u00e3o est\u00e1 a ambi\u00e7\u00e3o de simular, replicar e at\u00e9 mesmo [&hellip;]<\/p>","protected":false},"author":10,"featured_media":17563,"template":"","tags":[],"mec_category":[28],"class_list":["post-17642","mec-events","type-mec-events","status-publish","has-post-thumbnail","hentry","mec_category-conferencias-iae"],"_links":{"self":[{"href":"https:\/\/www.acad-ciencias.pt\/eng\/wp-json\/wp\/v2\/mec-events\/17642","targetHints":{"allow":["GET"]}}],"collection":[{"href":"https:\/\/www.acad-ciencias.pt\/eng\/wp-json\/wp\/v2\/mec-events"}],"about":[{"href":"https:\/\/www.acad-ciencias.pt\/eng\/wp-json\/wp\/v2\/types\/mec-events"}],"author":[{"embeddable":true,"href":"https:\/\/www.acad-ciencias.pt\/eng\/wp-json\/wp\/v2\/users\/10"}],"version-history":[{"count":0,"href":"https:\/\/www.acad-ciencias.pt\/eng\/wp-json\/wp\/v2\/mec-events\/17642\/revisions"}],"wp:featuredmedia":[{"embeddable":true,"href":"https:\/\/www.acad-ciencias.pt\/eng\/wp-json\/wp\/v2\/media\/17563"}],"wp:attachment":[{"href":"https:\/\/www.acad-ciencias.pt\/eng\/wp-json\/wp\/v2\/media?parent=17642"}],"wp:term":[{"taxonomy":"post_tag","embeddable":true,"href":"https:\/\/www.acad-ciencias.pt\/eng\/wp-json\/wp\/v2\/tags?post=17642"},{"taxonomy":"mec_category","embeddable":true,"href":"https:\/\/www.acad-ciencias.pt\/eng\/wp-json\/wp\/v2\/mec_category?post=17642"}],"curies":[{"name":"wp","href":"https:\/\/api.w.org\/{rel}","templated":true}]}}

Ciclo &#8211; Da Inteligência Humana à Inteligência Artificial | Programa Ao Encontro da Sociedade

<div data-elementor-type="wp-post" data-elementor-id="17642" class="elementor elementor-17642">
						<section class="has_eae_slider elementor-section elementor-top-section elementor-element elementor-element-bcca4a3 elementor-section-boxed elementor-section-height-default elementor-section-height-default" data-eae-slider="28781" data-id="bcca4a3" data-element_type="section">
						<div class="elementor-container elementor-column-gap-default">
					<div class="has_eae_slider aux-parallax-section elementor-column elementor-col-100 elementor-top-column elementor-element elementor-element-3373f432" data-eae-slider="85216" data-id="3373f432" data-element_type="column">
			<div class="elementor-widget-wrap elementor-element-populated">
						<div class="elementor-element elementor-element-567488a4 elementor-widget elementor-widget-text-editor" data-id="567488a4" data-element_type="widget" data-widget_type="text-editor.default">
				<div class="elementor-widget-container">
									
<h5>Inteligência cognitiva e inteligência artificial &#8211; a perspetiva da psicologia</h5>

<p><strong>Francisco Esteves | UCP</strong></p>

<p>O caminho desde a compreensão da inteligência humana à inteligência artificial revela um notável percurso marcado pela curiosidade, inovação científica e tecnológica que se apresenta com possibilidades ilimitadas. No centro desta transição está a ambição de simular, replicar e até mesmo melhorar as notáveis ​​faculdades cognitivas que definem o intelecto humano. Desde o início da computação até ao advento das redes neuronais e da aprendizagem automática, a procura incessante para replicar em máquinas uma inteligência semelhante à humana tem constituído um desiderato dos cientistas e testemunha a capacidade do engenho humano. Este caminho preenche o abismo entre o natural e o sintético, remodelando a nossa compreensão da cognição, da resolução de problemas e da própria essência do que significa ser inteligente. As aplicações da IA vão já desde a biomecânica especialmente dirigida para a produção de equipamentos para pessoas com problemas motores a áreas as mais diversas que vão desde a química ao ambiente proporcionando conhecimento e análises bio- analíticas independentes. Este Ciclo pretende contribuir para aumentar/consciencializar os participantes do impacto desta poderosa tecnologia na vida humana. Vamos embarcar juntos nesta fascinante exploração, traçando os marcos, os desafios e o impacto transformador na Sociedade do futuro.</p>

<p><a href="https://www.acad-ciencias.pt/wp-content/uploads/2024/01/Ciclo_Inteligencia_Humana_Artificial_2023.01.22.pdf" target="_blank" rel="noopener"><span style="color: #3366ff;">Detailed Programme</span></a></p>
								</div>
				</div>
					</div>
		</div>
					</div>
		</section>
				</div>

<p>Inteligência cognitiva e inteligência artificial &#8211; a perspetiva da psicologia Francisco Esteves | UCP O caminho desde a compreensão da inteligência humana à inteligência artificial revela um notável percurso marcado pela curiosidade, inovação científica e tecnológica que se apresenta com possibilidades ilimitadas. No centro desta transição está a ambição de simular, replicar e até mesmo [&hellip;]</p>
