{"id":18821,"date":"2024-05-02T10:58:16","date_gmt":"2024-05-02T09:58:16","guid":{"rendered":"https:\/\/www.acad-ciencias.pt\/?post_type=mec-events&#038;p=18821"},"modified":"2024-05-02T11:11:24","modified_gmt":"2024-05-02T10:11:24","slug":"ciclo-diversidade-cultural-desenvolvimento-e-direitos-humanos-150-938","status":"publish","type":"mec-events","link":"https:\/\/www.acad-ciencias.pt\/eng\/events\/ciclo-diversidade-cultural-desenvolvimento-e-direitos-humanos-150-938\/","title":{"rendered":"Ciclo | A Arte do Azulejo em Portugal"},"content":{"rendered":"<div data-elementor-type=\"wp-post\" data-elementor-id=\"18821\" class=\"elementor elementor-18821\">\n\t\t\t\t\t\t<section class=\"has_eae_slider elementor-section elementor-top-section elementor-element elementor-element-63ee91a5 elementor-section-boxed elementor-section-height-default elementor-section-height-default\" data-eae-slider=\"28055\" data-id=\"63ee91a5\" data-element_type=\"section\">\n\t\t\t\t\t\t<div class=\"elementor-container elementor-column-gap-default\">\n\t\t\t\t\t<div class=\"has_eae_slider aux-parallax-section elementor-column elementor-col-100 elementor-top-column elementor-element elementor-element-49caf2e5\" data-eae-slider=\"82771\" data-id=\"49caf2e5\" data-element_type=\"column\">\n\t\t\t<div class=\"elementor-widget-wrap elementor-element-populated\">\n\t\t\t\t\t\t<div class=\"elementor-element elementor-element-72da38aa elementor-widget elementor-widget-text-editor\" data-id=\"72da38aa\" data-element_type=\"widget\" data-widget_type=\"text-editor.default\">\n\t\t\t\t<div class=\"elementor-widget-container\">\n\t\t\t\t\t\t\t\t\t<h4>Mitologia Greco-romana na Azulejaria do Barroco<\/h4><h5>Ana Paula Rebelo Correia<\/h5><p>\u00a0<\/p><h4>Fontes e Modelos para o Estudo da Imagem Musical, Sacra e Profana, na Pintura do<br \/>Azulejo em Portugal no S\u00e9culo XVIII<\/h4><h5>S\u00f3nia Duarte (ARTIS-IHA, FLUL)<\/h5><p>\u00a0<\/p><p>A arte do Azulejo, uma das grandes especificidades do patrim\u00f3nio art\u00edstico portugu\u00eas &#8211; tanto em Portugal como no mundo onde fez valer a sua influ\u00eancia -, \u00e9 antes de mais uma manifesta\u00e7\u00e3o de grande proje\u00e7\u00e3o cenogr\u00e1fica. Este Ciclo pretende mostrar, mais uma vez, como se processou a sua rela\u00e7\u00e3o viva com a arquitetura (religiosa e civil), atrav\u00e9s de efeitos decorativos integrais, sempre sugestivos e quase sempre diversificados.<br \/>Trata-se de uma linguagem art\u00edstica cuja proje\u00e7\u00e3o na viv\u00eancia quotidiana se tornou, desde o s\u00e9culo XV at\u00e9 aos nossos dias, de grande impacto visual e com for\u00e7a caracterizadora da constru\u00e7\u00e3o, fosse ela erudita ou vern\u00e1cula. Podemos avaliar esse efeito como um verdadeiro \u00abcontentor de mem\u00f3rias e afetos acumulados\u00bb, como diz a historiadora de arte brasileira Dora Alc\u00e2ntara, grande estudiosa da azulejaria luso-brasileira, a qual v\u00ea na cria\u00e7\u00e3o azulejar \u00abuma sinaliza\u00e7\u00e3o viva das nossas mais profundas ra\u00edzes identit\u00e1rias\u00bb.<br \/>Embora fosse durante muito tempo considerada uma \u00abarte menor\u00bb, de efeito exclusivamente decorativo, a verdade \u00e9 que a linguagem do azulejo empregou muitas vezes os melhores artistas, os que tinham maior forma\u00e7\u00e3o erudita (caso de Ant\u00f3nio de Oliveira Bernardes, um genial pintor de \u00f3leo e fresco que, na viragem do s\u00e9culo XVII para o XVIII, se dedicou sobretudo \u00e0 azulejaria e nos legou obras absolutamente prodigiosas).<br \/>Passada a fase em que esta manifesta\u00e7\u00e3o art\u00edstica esteve menorizada face \u00e0s ditas \u00abartes maiores\u00bb, os estudos de refer\u00eancia de Jos\u00e9 Queir\u00f3s, de Verg\u00edlio Correia, de Reynaldo dos Santos e, sobretudo, de Jo\u00e3o Miguel dos Santos Sim\u00f5es, no s\u00e9culo passado, muito contribu\u00edram para o seu definitivo reconhecimento.<br \/>Sim, a arte cer\u00e2mica, de simples mat\u00e9ria fr\u00e1gil pintada e cozida, tem sempre sabedoria e engenho para se multiplicar em efeitos visuais diversificados e que assumem fort\u00edssimas concatena\u00e7\u00f5es est\u00e9ticas cheias de mem\u00f3rias e afetos. Esse \u00e9 um dos milagres da arte portuguesa.<\/p><p><a href=\"https:\/\/www.acad-ciencias.pt\/wp-content\/uploads\/2024\/05\/Programa_Detalhado.pdf\" target=\"_blank\" rel=\"noopener\"><span style=\"color: #3366ff;\">Detailed Programme<\/span><\/a><\/p>\t\t\t\t\t\t\t\t<\/div>\n\t\t\t\t<\/div>\n\t\t\t\t\t<\/div>\n\t\t<\/div>\n\t\t\t\t\t<\/div>\n\t\t<\/section>\n\t\t\t\t<\/div>","protected":false},"excerpt":{"rendered":"<p>Mitologia Greco-romana na Azulejaria do Barroco Ana Paula Rebelo Correia \u00a0 Fontes e Modelos para o Estudo da Imagem Musical, Sacra e Profana, na Pintura doAzulejo em Portugal no S\u00e9culo XVIII S\u00f3nia Duarte (ARTIS-IHA, FLUL) \u00a0 A arte do Azulejo, uma das grandes especificidades do patrim\u00f3nio art\u00edstico portugu\u00eas &#8211; tanto em Portugal como no mundo [&hellip;]<\/p>","protected":false},"author":10,"featured_media":18819,"template":"","tags":[],"mec_category":[28],"class_list":["post-18821","mec-events","type-mec-events","status-publish","has-post-thumbnail","hentry","mec_category-conferencias-iae"],"_links":{"self":[{"href":"https:\/\/www.acad-ciencias.pt\/eng\/wp-json\/wp\/v2\/mec-events\/18821","targetHints":{"allow":["GET"]}}],"collection":[{"href":"https:\/\/www.acad-ciencias.pt\/eng\/wp-json\/wp\/v2\/mec-events"}],"about":[{"href":"https:\/\/www.acad-ciencias.pt\/eng\/wp-json\/wp\/v2\/types\/mec-events"}],"author":[{"embeddable":true,"href":"https:\/\/www.acad-ciencias.pt\/eng\/wp-json\/wp\/v2\/users\/10"}],"version-history":[{"count":0,"href":"https:\/\/www.acad-ciencias.pt\/eng\/wp-json\/wp\/v2\/mec-events\/18821\/revisions"}],"wp:featuredmedia":[{"embeddable":true,"href":"https:\/\/www.acad-ciencias.pt\/eng\/wp-json\/wp\/v2\/media\/18819"}],"wp:attachment":[{"href":"https:\/\/www.acad-ciencias.pt\/eng\/wp-json\/wp\/v2\/media?parent=18821"}],"wp:term":[{"taxonomy":"post_tag","embeddable":true,"href":"https:\/\/www.acad-ciencias.pt\/eng\/wp-json\/wp\/v2\/tags?post=18821"},{"taxonomy":"mec_category","embeddable":true,"href":"https:\/\/www.acad-ciencias.pt\/eng\/wp-json\/wp\/v2\/mec_category?post=18821"}],"curies":[{"name":"wp","href":"https:\/\/api.w.org\/{rel}","templated":true}]}}

<div data-elementor-type="wp-post" data-elementor-id="18821" class="elementor elementor-18821">
						<section class="has_eae_slider elementor-section elementor-top-section elementor-element elementor-element-63ee91a5 elementor-section-boxed elementor-section-height-default elementor-section-height-default" data-eae-slider="28055" data-id="63ee91a5" data-element_type="section">
						<div class="elementor-container elementor-column-gap-default">
					<div class="has_eae_slider aux-parallax-section elementor-column elementor-col-100 elementor-top-column elementor-element elementor-element-49caf2e5" data-eae-slider="82771" data-id="49caf2e5" data-element_type="column">
			<div class="elementor-widget-wrap elementor-element-populated">
						<div class="elementor-element elementor-element-72da38aa elementor-widget elementor-widget-text-editor" data-id="72da38aa" data-element_type="widget" data-widget_type="text-editor.default">
				<div class="elementor-widget-container">
									<h4>Mitologia Greco-romana na Azulejaria do Barroco</h4><h5>Ana Paula Rebelo Correia</h5><p> </p><h4>Fontes e Modelos para o Estudo da Imagem Musical, Sacra e Profana, na Pintura do<br />Azulejo em Portugal no Século XVIII</h4><h5>Sónia Duarte (ARTIS-IHA, FLUL)</h5><p> </p><p>A arte do Azulejo, uma das grandes especificidades do património artístico português &#8211; tanto em Portugal como no mundo onde fez valer a sua influência -, é antes de mais uma manifestação de grande projeção cenográfica. Este Ciclo pretende mostrar, mais uma vez, como se processou a sua relação viva com a arquitetura (religiosa e civil), através de efeitos decorativos integrais, sempre sugestivos e quase sempre diversificados.<br />Trata-se de uma linguagem artística cuja projeção na vivência quotidiana se tornou, desde o século XV até aos nossos dias, de grande impacto visual e com força caracterizadora da construção, fosse ela erudita ou vernácula. Podemos avaliar esse efeito como um verdadeiro «contentor de memórias e afetos acumulados», como diz a historiadora de arte brasileira Dora Alcântara, grande estudiosa da azulejaria luso-brasileira, a qual vê na criação azulejar «uma sinalização viva das nossas mais profundas raízes identitárias».<br />Embora fosse durante muito tempo considerada uma «arte menor», de efeito exclusivamente decorativo, a verdade é que a linguagem do azulejo empregou muitas vezes os melhores artistas, os que tinham maior formação erudita (caso de António de Oliveira Bernardes, um genial pintor de óleo e fresco que, na viragem do século XVII para o XVIII, se dedicou sobretudo à azulejaria e nos legou obras absolutamente prodigiosas).<br />Passada a fase em que esta manifestação artística esteve menorizada face às ditas «artes maiores», os estudos de referência de José Queirós, de Vergílio Correia, de Reynaldo dos Santos e, sobretudo, de João Miguel dos Santos Simões, no século passado, muito contribuíram para o seu definitivo reconhecimento.<br />Sim, a arte cerâmica, de simples matéria frágil pintada e cozida, tem sempre sabedoria e engenho para se multiplicar em efeitos visuais diversificados e que assumem fortíssimas concatenações estéticas cheias de memórias e afetos. Esse é um dos milagres da arte portuguesa.</p><p><a href="https://www.acad-ciencias.pt/wp-content/uploads/2024/05/Programa_Detalhado.pdf" target="_blank" rel="noopener"><span style="color: #3366ff;">Detailed Programme</span></a></p>								</div>
				</div>
					</div>
		</div>
					</div>
		</section>
				</div>

<p>Mitologia Greco-romana na Azulejaria do Barroco Ana Paula Rebelo Correia   Fontes e Modelos para o Estudo da Imagem Musical, Sacra e Profana, na Pintura doAzulejo em Portugal no Século XVIII Sónia Duarte (ARTIS-IHA, FLUL)   A arte do Azulejo, uma das grandes especificidades do património artístico português &#8211; tanto em Portugal como no mundo [&hellip;]</p>
