{"id":19108,"date":"2024-05-21T11:30:43","date_gmt":"2024-05-21T10:30:43","guid":{"rendered":"https:\/\/www.acad-ciencias.pt\/?post_type=mec-events&#038;p=19108"},"modified":"2024-05-21T11:33:29","modified_gmt":"2024-05-21T10:33:29","slug":"concerto-de-finalistas-da-anso","status":"publish","type":"mec-events","link":"https:\/\/www.acad-ciencias.pt\/eng\/events\/concerto-de-finalistas-da-anso\/","title":{"rendered":"Concerto de Finalistas da ANSO"},"content":{"rendered":"<div data-elementor-type=\"wp-post\" data-elementor-id=\"19108\" class=\"elementor elementor-19108\">\n\t\t\t\t\t\t<section class=\"has_eae_slider elementor-section elementor-top-section elementor-element elementor-element-3aac0fb2 elementor-section-boxed elementor-section-height-default elementor-section-height-default\" data-eae-slider=\"6853\" data-id=\"3aac0fb2\" data-element_type=\"section\">\n\t\t\t\t\t\t<div class=\"elementor-container elementor-column-gap-default\">\n\t\t\t\t\t<div class=\"has_eae_slider aux-parallax-section elementor-column elementor-col-100 elementor-top-column elementor-element elementor-element-6481c6dd\" data-eae-slider=\"33192\" data-id=\"6481c6dd\" data-element_type=\"column\">\n\t\t\t<div class=\"elementor-widget-wrap elementor-element-populated\">\n\t\t\t\t\t\t<div class=\"elementor-element elementor-element-6d831468 elementor-widget elementor-widget-text-editor\" data-id=\"6d831468\" data-element_type=\"widget\" data-widget_type=\"text-editor.default\">\n\t\t\t\t<div class=\"elementor-widget-container\">\n\t\t\t\t\t\t\t\t\t\n<h4>Jovens Solistas da Metropolitana<\/h4>\n\n<p>Desenvolvendo uma ponte pedag\u00f3gica in\u00e9dita entre a pr\u00e1tica e o ensino musical, a ANSO \u00e9 a \u00fanica escola do pa\u00eds que forma maestros, instrumentistas de orquestra e pianistas vocacionados para m\u00fasica de c\u00e2mara.<br \/>Ao longo dos seus 30 anos, mudou o panorama cultural em Portugal, sendo muitos os seus alunos a entrar nas mais exigentes institui\u00e7\u00f5es de ensino e forma\u00e7\u00f5es internacionais. Mais premiada escola nacional desta \u00e1rea, as novas gera\u00e7\u00f5es de int\u00e9rpretes e diretores musicais que lan\u00e7a s\u00e3o reconhecidas pela qualidade. A m\u00fasica de c\u00e2mara \u00e9 uma das vertentes fundamentais da Academia Nacional Superior de Orquestra, que todos os anos apresenta o ciclo Jovens Solistas da Metropolitana.<\/p>\n<p><strong>Guilherme Reis (violino)<\/strong><br \/>Pianista acompanhadora: Savka Konjikusic<br \/>Piotr Ilitch Tchaikovsky Canzonetta: Andante, 2.\u00ba and. do Concerto para Violino<\/p>\n<p><strong>Guilherme Cruz (obo\u00e9)<\/strong><br \/>Pianista acompanhadora: Savka Konjikusic<br \/>Georg Phillipp Telemann Fantasia N.\u00ba 3<\/p>\n<p><strong>Sara Oliveira (violoncelo)<\/strong><br \/>Pianista acompanhadora: Anna Tomasik<br \/>Sergei Rachmaninov Andante, 3.\u00ba and. da Sonata para Violoncelo e Piano, Op. 19<\/p>\n<p><strong>Miriam Cunha (fagote)<\/strong><br \/>Pianista acompanhadora: Anna Tomasik<br \/>Philipp Friedrich B\u00f6ddecker Sonata<\/p>\n<p><strong>C\u00edntia Sebasti\u00e3o (violino)<\/strong><br \/>Pianista acompanhador: Yan Mikirtoumov<br \/>Wolfgang Amadeus Mozart Allegro aperto, 1.\u00ba and. do Concerto para Violino e Orquestra N.\u00ba 5<\/p>\n<p><strong>Lu\u00eds Marto (flauta)<\/strong><br \/>Pianista acompanhador: Alexei Eremine<br \/>Andr\u00e9 Jolivet Andante cantabile, 1.\u00ba and. do Concerto para Flauta<\/p>\n<p><strong>Filipa Oliveira (violino)<\/strong><br \/>Johann Sebastian Bach Adagio e Fuga, da Sonata para Violino N.\u00ba 1<\/p>\n<p><strong>Afonso Salazar (piano)<\/strong><br \/>Sergei Prokofiev Toccata em R\u00e9 Menor<\/p>\n<p><strong>Beatriz Correia (violoncelo)<\/strong><br \/>Gy\u00f6rgy Ligeti Di\u00e1logo, 1.\u00ba and. da Sonata para Violoncelo<\/p>\n<p><strong>Beatriz Castro (clarinete)<\/strong><br \/>Bruno Mantovani Bug<\/p>\n<p><br \/>Para ouvir os m\u00fasicos do futuro, com repert\u00f3rios de sempre.<\/p>\n\t\t\t\t\t\t\t\t<\/div>\n\t\t\t\t<\/div>\n\t\t\t\t\t<\/div>\n\t\t<\/div>\n\t\t\t\t\t<\/div>\n\t\t<\/section>\n\t\t\t\t<\/div>","protected":false},"excerpt":{"rendered":"<p>Jovens Solistas da Metropolitana Desenvolvendo uma ponte pedag\u00f3gica in\u00e9dita entre a pr\u00e1tica e o ensino musical, a ANSO \u00e9 a \u00fanica escola do pa\u00eds que forma maestros, instrumentistas de orquestra e pianistas vocacionados para m\u00fasica de c\u00e2mara.Ao longo dos seus 30 anos, mudou o panorama cultural em Portugal, sendo muitos os seus alunos a entrar [&hellip;]<\/p>","protected":false},"author":10,"featured_media":19111,"template":"","tags":[],"mec_category":[29],"class_list":["post-19108","mec-events","type-mec-events","status-publish","has-post-thumbnail","hentry","mec_category-outros-eventos"],"_links":{"self":[{"href":"https:\/\/www.acad-ciencias.pt\/eng\/wp-json\/wp\/v2\/mec-events\/19108","targetHints":{"allow":["GET"]}}],"collection":[{"href":"https:\/\/www.acad-ciencias.pt\/eng\/wp-json\/wp\/v2\/mec-events"}],"about":[{"href":"https:\/\/www.acad-ciencias.pt\/eng\/wp-json\/wp\/v2\/types\/mec-events"}],"author":[{"embeddable":true,"href":"https:\/\/www.acad-ciencias.pt\/eng\/wp-json\/wp\/v2\/users\/10"}],"version-history":[{"count":0,"href":"https:\/\/www.acad-ciencias.pt\/eng\/wp-json\/wp\/v2\/mec-events\/19108\/revisions"}],"wp:featuredmedia":[{"embeddable":true,"href":"https:\/\/www.acad-ciencias.pt\/eng\/wp-json\/wp\/v2\/media\/19111"}],"wp:attachment":[{"href":"https:\/\/www.acad-ciencias.pt\/eng\/wp-json\/wp\/v2\/media?parent=19108"}],"wp:term":[{"taxonomy":"post_tag","embeddable":true,"href":"https:\/\/www.acad-ciencias.pt\/eng\/wp-json\/wp\/v2\/tags?post=19108"},{"taxonomy":"mec_category","embeddable":true,"href":"https:\/\/www.acad-ciencias.pt\/eng\/wp-json\/wp\/v2\/mec_category?post=19108"}],"curies":[{"name":"wp","href":"https:\/\/api.w.org\/{rel}","templated":true}]}}

<div data-elementor-type="wp-post" data-elementor-id="19108" class="elementor elementor-19108">
						<section class="has_eae_slider elementor-section elementor-top-section elementor-element elementor-element-3aac0fb2 elementor-section-boxed elementor-section-height-default elementor-section-height-default" data-eae-slider="6853" data-id="3aac0fb2" data-element_type="section">
						<div class="elementor-container elementor-column-gap-default">
					<div class="has_eae_slider aux-parallax-section elementor-column elementor-col-100 elementor-top-column elementor-element elementor-element-6481c6dd" data-eae-slider="33192" data-id="6481c6dd" data-element_type="column">
			<div class="elementor-widget-wrap elementor-element-populated">
						<div class="elementor-element elementor-element-6d831468 elementor-widget elementor-widget-text-editor" data-id="6d831468" data-element_type="widget" data-widget_type="text-editor.default">
				<div class="elementor-widget-container">
									
<h4>Jovens Solistas da Metropolitana</h4>

<p>Desenvolvendo uma ponte pedagógica inédita entre a prática e o ensino musical, a ANSO é a única escola do país que forma maestros, instrumentistas de orquestra e pianistas vocacionados para música de câmara.<br />Ao longo dos seus 30 anos, mudou o panorama cultural em Portugal, sendo muitos os seus alunos a entrar nas mais exigentes instituições de ensino e formações internacionais. Mais premiada escola nacional desta área, as novas gerações de intérpretes e diretores musicais que lança são reconhecidas pela qualidade. A música de câmara é uma das vertentes fundamentais da Academia Nacional Superior de Orquestra, que todos os anos apresenta o ciclo Jovens Solistas da Metropolitana.</p>
<p><strong>Guilherme Reis (violino)</strong><br />Pianista acompanhadora: Savka Konjikusic<br />Piotr Ilitch Tchaikovsky Canzonetta: Andante, 2.º and. do Concerto para Violino</p>
<p><strong>Guilherme Cruz (oboé)</strong><br />Pianista acompanhadora: Savka Konjikusic<br />Georg Phillipp Telemann Fantasia N.º 3</p>
<p><strong>Sara Oliveira (violoncelo)</strong><br />Pianista acompanhadora: Anna Tomasik<br />Sergei Rachmaninov Andante, 3.º and. da Sonata para Violoncelo e Piano, Op. 19</p>
<p><strong>Miriam Cunha (fagote)</strong><br />Pianista acompanhadora: Anna Tomasik<br />Philipp Friedrich Böddecker Sonata</p>
<p><strong>Cíntia Sebastião (violino)</strong><br />Pianista acompanhador: Yan Mikirtoumov<br />Wolfgang Amadeus Mozart Allegro aperto, 1.º and. do Concerto para Violino e Orquestra N.º 5</p>
<p><strong>Luís Marto (flauta)</strong><br />Pianista acompanhador: Alexei Eremine<br />André Jolivet Andante cantabile, 1.º and. do Concerto para Flauta</p>
<p><strong>Filipa Oliveira (violino)</strong><br />Johann Sebastian Bach Adagio e Fuga, da Sonata para Violino N.º 1</p>
<p><strong>Afonso Salazar (piano)</strong><br />Sergei Prokofiev Toccata em Ré Menor</p>
<p><strong>Beatriz Correia (violoncelo)</strong><br />György Ligeti Diálogo, 1.º and. da Sonata para Violoncelo</p>
<p><strong>Beatriz Castro (clarinete)</strong><br />Bruno Mantovani Bug</p>
<p><br />Para ouvir os músicos do futuro, com repertórios de sempre.</p>
								</div>
				</div>
					</div>
		</div>
					</div>
		</section>
				</div>

<p>Jovens Solistas da Metropolitana Desenvolvendo uma ponte pedagógica inédita entre a prática e o ensino musical, a ANSO é a única escola do país que forma maestros, instrumentistas de orquestra e pianistas vocacionados para música de câmara.Ao longo dos seus 30 anos, mudou o panorama cultural em Portugal, sendo muitos os seus alunos a entrar [&hellip;]</p>
