{"id":19117,"date":"2024-05-21T13:05:46","date_gmt":"2024-05-21T12:05:46","guid":{"rendered":"https:\/\/www.acad-ciencias.pt\/?post_type=mec-events&#038;p=19117"},"modified":"2024-05-21T13:05:51","modified_gmt":"2024-05-21T12:05:51","slug":"sessao-da-classe-de-ciencias-11-407-132-321-229","status":"publish","type":"mec-events","link":"https:\/\/www.acad-ciencias.pt\/eng\/events\/sessao-da-classe-de-ciencias-11-407-132-321-229\/","title":{"rendered":"Sess\u00e3o Conjunta"},"content":{"rendered":"<p>Sess\u00e3o da Conjunta sob a presid\u00eancia do Senhor <strong>Jos\u00e9 Lu\u00eds Cardoso<\/strong>, com a seguinte<br \/>\nordem-do-dia:<\/p>\n<ol>\n<li>Elogio acad\u00e9mico de <strong>Pedro Soares Martinez<\/strong>, pela acad\u00e9mica <strong>Maria da Gl\u00f3ria Garcia<\/strong>. Sauda\u00e7\u00e3o ao recipiend\u00e1rio pelo acad\u00e9mico <strong>Ant\u00f3nio Menezes Cordeiro<\/strong>.<\/li>\n<li>Elogio acad\u00e9mico <strong>J\u00falio M\u00e1ximo de Oliveira Pimentel<\/strong> (1809-1884), 2\u00ba Visconde de Vila Maior, pelo acad\u00e9mico <strong>Jos\u00e9 Lu\u00eds Figueiredo<\/strong>. Sauda\u00e7\u00e3o ao recipiend\u00e1rio pelo acad\u00e9mico <strong>Victor Lobo<\/strong>.<\/li>\n<\/ol>","protected":false},"excerpt":{"rendered":"<p>Sess\u00e3o da Conjunta sob a presid\u00eancia do Senhor Jos\u00e9 Lu\u00eds Cardoso, com a seguinte ordem-do-dia: Elogio acad\u00e9mico de Pedro Soares Martinez, pela acad\u00e9mica Maria da Gl\u00f3ria Garcia. Sauda\u00e7\u00e3o ao recipiend\u00e1rio pelo acad\u00e9mico Ant\u00f3nio Menezes Cordeiro. Elogio acad\u00e9mico J\u00falio M\u00e1ximo de Oliveira Pimentel (1809-1884), 2\u00ba Visconde de Vila Maior, pelo acad\u00e9mico Jos\u00e9 Lu\u00eds Figueiredo. Sauda\u00e7\u00e3o ao [&hellip;]<\/p>","protected":false},"author":10,"featured_media":15126,"template":"","tags":[],"mec_category":[27],"class_list":["post-19117","mec-events","type-mec-events","status-publish","has-post-thumbnail","hentry","mec_category-sessoes-academicas"],"_links":{"self":[{"href":"https:\/\/www.acad-ciencias.pt\/eng\/wp-json\/wp\/v2\/mec-events\/19117","targetHints":{"allow":["GET"]}}],"collection":[{"href":"https:\/\/www.acad-ciencias.pt\/eng\/wp-json\/wp\/v2\/mec-events"}],"about":[{"href":"https:\/\/www.acad-ciencias.pt\/eng\/wp-json\/wp\/v2\/types\/mec-events"}],"author":[{"embeddable":true,"href":"https:\/\/www.acad-ciencias.pt\/eng\/wp-json\/wp\/v2\/users\/10"}],"version-history":[{"count":0,"href":"https:\/\/www.acad-ciencias.pt\/eng\/wp-json\/wp\/v2\/mec-events\/19117\/revisions"}],"wp:featuredmedia":[{"embeddable":true,"href":"https:\/\/www.acad-ciencias.pt\/eng\/wp-json\/wp\/v2\/media\/15126"}],"wp:attachment":[{"href":"https:\/\/www.acad-ciencias.pt\/eng\/wp-json\/wp\/v2\/media?parent=19117"}],"wp:term":[{"taxonomy":"post_tag","embeddable":true,"href":"https:\/\/www.acad-ciencias.pt\/eng\/wp-json\/wp\/v2\/tags?post=19117"},{"taxonomy":"mec_category","embeddable":true,"href":"https:\/\/www.acad-ciencias.pt\/eng\/wp-json\/wp\/v2\/mec_category?post=19117"}],"curies":[{"name":"wp","href":"https:\/\/api.w.org\/{rel}","templated":true}]}}

Sessão Conjunta

<p>Sessão da Conjunta sob a presidência do Senhor <strong>José Luís Cardoso</strong>, com a seguinte<br />
ordem-do-dia:</p>
<ol>
<li>Elogio académico de <strong>Pedro Soares Martinez</strong>, pela académica <strong>Maria da Glória Garcia</strong>. Saudação ao recipiendário pelo académico <strong>António Menezes Cordeiro</strong>.</li>
<li>Elogio académico <strong>Júlio Máximo de Oliveira Pimentel</strong> (1809-1884), 2º Visconde de Vila Maior, pelo académico <strong>José Luís Figueiredo</strong>. Saudação ao recipiendário pelo académico <strong>Victor Lobo</strong>.</li>
</ol>

<p>Sessão da Conjunta sob a presidência do Senhor José Luís Cardoso, com a seguinte ordem-do-dia: Elogio académico de Pedro Soares Martinez, pela académica Maria da Glória Garcia. Saudação ao recipiendário pelo académico António Menezes Cordeiro. Elogio académico Júlio Máximo de Oliveira Pimentel (1809-1884), 2º Visconde de Vila Maior, pelo académico José Luís Figueiredo. Saudação ao [&hellip;]</p>
