{"id":19643,"date":"2024-08-26T13:06:15","date_gmt":"2024-08-26T12:06:15","guid":{"rendered":"https:\/\/www.acad-ciencias.pt\/events\/dia-internacional-do-microrganismo\/"},"modified":"2024-08-29T14:53:50","modified_gmt":"2024-08-29T13:53:50","slug":"dia-internacional-do-microrganismo","status":"publish","type":"mec-events","link":"https:\/\/www.acad-ciencias.pt\/eng\/events\/dia-internacional-do-microrganismo\/","title":{"rendered":"Dia Internacional do Microrganismo"},"content":{"rendered":"<p>No \u00e2mbito das comemora\u00e7\u00f5es do Dia Internacional do Microrganismo de 2024, o Instituto de Altos Estudos da Academia das Ci\u00eancias de Lisboa (ACL), em colabora\u00e7\u00e3o com a Sociedade Portuguesa de Microbiologia (SPM), o Comit\u00e9 Nacional para a D\u00e9cada do Oceano (CNDO) e o Comit\u00e9 Portugu\u00eas para a Comiss\u00e3o Oceanogr\u00e1fica Intergovernamental (CP-COI), organizam, no dia 17 de setembro, 3\u00aa feira, uma tarde de divulga\u00e7\u00e3o da Microbiologia. A sess\u00e3o tem por tema: MICRORGANISMOS NA D\u00c9CADA DAS CI\u00caNCIAS DO OCEANO. Reconhecendo a urg\u00eancia de uma gest\u00e3o das atividades relacionadas ao oceano para a sustentabilidade do planeta, as Na\u00e7\u00f5es Unidas proclamaram a \u2018D\u00e9cada do Oceano\u2019, a ser implementada de 2021 a 2030. O lema \u00e9: \u2018A Ci\u00eancia que Precisamos para o Oceano que Queremos\u2019. Esta sess\u00e3o \u00e9 aberta e decorrer\u00e1, presencialmente, na Sala das Sess\u00f5es da ACL, bem como na plataforma Zoom: ID reuni\u00e3o 93609500879. A sua grava\u00e7\u00e3o estar\u00e1 ainda dispon\u00edvel no YouTube da ACL. A sess\u00e3o decorrer\u00e1 em l\u00edngua Portuguesa.<\/p>\n<p><a href=\"https:\/\/www.acad-ciencias.pt\/wp-content\/uploads\/2024\/08\/Programa_Dia-Internacional-dos-Microrganismos_PT.pdf\" target=\"_blank\" rel=\"noopener\"><span style=\"color: #3366ff;\">Detailed Programme<\/span><\/a><\/p>\n<p>As part of the commemorations of the International Microorganism Day, the Academy of Sciences of Lisbon (ACL) and its Institute of Higher Studies, in collaboration with the Portuguese Society of Microbiology (SPM), the Portuguese Committee for the Ocean Decade (CNDO) and the Portuguese Committee for the Intergovernmental Oceanographic Commission (CP-COI), organize, on September 17, Tuesday, an afternoon of dissemination of Microbiology. The session is themed: MICROORGANISMS IN THE DECADE OF OCEAN SCIENCE. In recognition of the ocean as key to an equitable and sustainable planet, the United Nations declared the current decade the \u2018Ocean Decade\u2019, extending from 2021 to 2030, with the motto \u2018The Science We Need for the Ocean We Want\u2019. This session is open and will take place, in person, at ACL (Sala das Sess\u00f5es), as well as on the Zoom platform: ID 93609500879. The recording will also be available on the ACL YouTube channel. The session will be held in Portuguese.<\/p>\n<p><span style=\"color: #3366ff;\"><a style=\"color: #3366ff;\" href=\"https:\/\/www.acad-ciencias.pt\/wp-content\/uploads\/2024\/08\/Programa_Dia-Internacional-dos-Microrganismos_EN.pdf\" target=\"_blank\" rel=\"noopener\">Detailed Program<\/a><\/span><\/p>","protected":false},"excerpt":{"rendered":"<p>No \u00e2mbito das comemora\u00e7\u00f5es do Dia Internacional do Microrganismo de 2024, o Instituto de Altos Estudos da Academia das Ci\u00eancias de Lisboa (ACL), em colabora\u00e7\u00e3o com a Sociedade Portuguesa de Microbiologia (SPM), o Comit\u00e9 Nacional para a D\u00e9cada do Oceano (CNDO) e o Comit\u00e9 Portugu\u00eas para a Comiss\u00e3o Oceanogr\u00e1fica Intergovernamental (CP-COI), organizam, no dia 17 [&hellip;]<\/p>","protected":false},"author":10,"featured_media":19642,"template":"","tags":[],"mec_category":[28],"class_list":["post-19643","mec-events","type-mec-events","status-publish","has-post-thumbnail","hentry","mec_category-conferencias-iae"],"_links":{"self":[{"href":"https:\/\/www.acad-ciencias.pt\/eng\/wp-json\/wp\/v2\/mec-events\/19643","targetHints":{"allow":["GET"]}}],"collection":[{"href":"https:\/\/www.acad-ciencias.pt\/eng\/wp-json\/wp\/v2\/mec-events"}],"about":[{"href":"https:\/\/www.acad-ciencias.pt\/eng\/wp-json\/wp\/v2\/types\/mec-events"}],"author":[{"embeddable":true,"href":"https:\/\/www.acad-ciencias.pt\/eng\/wp-json\/wp\/v2\/users\/10"}],"version-history":[{"count":0,"href":"https:\/\/www.acad-ciencias.pt\/eng\/wp-json\/wp\/v2\/mec-events\/19643\/revisions"}],"wp:featuredmedia":[{"embeddable":true,"href":"https:\/\/www.acad-ciencias.pt\/eng\/wp-json\/wp\/v2\/media\/19642"}],"wp:attachment":[{"href":"https:\/\/www.acad-ciencias.pt\/eng\/wp-json\/wp\/v2\/media?parent=19643"}],"wp:term":[{"taxonomy":"post_tag","embeddable":true,"href":"https:\/\/www.acad-ciencias.pt\/eng\/wp-json\/wp\/v2\/tags?post=19643"},{"taxonomy":"mec_category","embeddable":true,"href":"https:\/\/www.acad-ciencias.pt\/eng\/wp-json\/wp\/v2\/mec_category?post=19643"}],"curies":[{"name":"wp","href":"https:\/\/api.w.org\/{rel}","templated":true}]}}

<p>No âmbito das comemorações do Dia Internacional do Microrganismo de 2024, o Instituto de Altos Estudos da Academia das Ciências de Lisboa (ACL), em colaboração com a Sociedade Portuguesa de Microbiologia (SPM), o Comité Nacional para a Década do Oceano (CNDO) e o Comité Português para a Comissão Oceanográfica Intergovernamental (CP-COI), organizam, no dia 17 de setembro, 3ª feira, uma tarde de divulgação da Microbiologia. A sessão tem por tema: MICRORGANISMOS NA DÉCADA DAS CIÊNCIAS DO OCEANO. Reconhecendo a urgência de uma gestão das atividades relacionadas ao oceano para a sustentabilidade do planeta, as Nações Unidas proclamaram a ‘Década do Oceano’, a ser implementada de 2021 a 2030. O lema é: ‘A Ciência que Precisamos para o Oceano que Queremos’. Esta sessão é aberta e decorrerá, presencialmente, na Sala das Sessões da ACL, bem como na plataforma Zoom: ID reunião 93609500879. A sua gravação estará ainda disponível no YouTube da ACL. A sessão decorrerá em língua Portuguesa.</p>
<p><a href="https://www.acad-ciencias.pt/wp-content/uploads/2024/08/Programa_Dia-Internacional-dos-Microrganismos_PT.pdf" target="_blank" rel="noopener"><span style="color: #3366ff;">Detailed Programme</span></a></p>
<p>As part of the commemorations of the International Microorganism Day, the Academy of Sciences of Lisbon (ACL) and its Institute of Higher Studies, in collaboration with the Portuguese Society of Microbiology (SPM), the Portuguese Committee for the Ocean Decade (CNDO) and the Portuguese Committee for the Intergovernmental Oceanographic Commission (CP-COI), organize, on September 17, Tuesday, an afternoon of dissemination of Microbiology. The session is themed: MICROORGANISMS IN THE DECADE OF OCEAN SCIENCE. In recognition of the ocean as key to an equitable and sustainable planet, the United Nations declared the current decade the ‘Ocean Decade’, extending from 2021 to 2030, with the motto ‘The Science We Need for the Ocean We Want’. This session is open and will take place, in person, at ACL (Sala das Sessões), as well as on the Zoom platform: ID 93609500879. The recording will also be available on the ACL YouTube channel. The session will be held in Portuguese.</p>
<p><span style="color: #3366ff;"><a style="color: #3366ff;" href="https://www.acad-ciencias.pt/wp-content/uploads/2024/08/Programa_Dia-Internacional-dos-Microrganismos_EN.pdf" target="_blank" rel="noopener">Detailed Program</a></span></p>

<p>No âmbito das comemorações do Dia Internacional do Microrganismo de 2024, o Instituto de Altos Estudos da Academia das Ciências de Lisboa (ACL), em colaboração com a Sociedade Portuguesa de Microbiologia (SPM), o Comité Nacional para a Década do Oceano (CNDO) e o Comité Português para a Comissão Oceanográfica Intergovernamental (CP-COI), organizam, no dia 17 [&hellip;]</p>
