{"id":22955,"date":"2025-03-07T15:37:07","date_gmt":"2025-03-07T15:37:07","guid":{"rendered":"https:\/\/www.acad-ciencias.pt\/?post_type=mec-events&#038;p=22955"},"modified":"2025-03-07T15:46:19","modified_gmt":"2025-03-07T15:46:19","slug":"dia-internacional-da-matematica-arte-e-criatividade","status":"publish","type":"mec-events","link":"https:\/\/www.acad-ciencias.pt\/eng\/events\/dia-internacional-da-matematica-arte-e-criatividade\/","title":{"rendered":"Dia Internacional da Matem\u00e1tica, Arte e Criatividade"},"content":{"rendered":"<div data-elementor-type=\"wp-post\" data-elementor-id=\"22955\" class=\"elementor elementor-22955\">\n\t\t\t\t\t\t<section class=\"has_eae_slider elementor-section elementor-top-section elementor-element elementor-element-2a91a6bc elementor-section-boxed elementor-section-height-default elementor-section-height-default\" data-eae-slider=\"89259\" data-id=\"2a91a6bc\" data-element_type=\"section\">\n\t\t\t\t\t\t<div class=\"elementor-container elementor-column-gap-default\">\n\t\t\t\t\t<div class=\"has_eae_slider aux-parallax-section elementor-column elementor-col-100 elementor-top-column elementor-element elementor-element-218f4622\" data-eae-slider=\"57646\" data-id=\"218f4622\" data-element_type=\"column\">\n\t\t\t<div class=\"elementor-widget-wrap elementor-element-populated\">\n\t\t\t\t\t\t<div class=\"elementor-element elementor-element-41ac09dd elementor-widget elementor-widget-text-editor\" data-id=\"41ac09dd\" data-element_type=\"widget\" data-widget_type=\"text-editor.default\">\n\t\t\t\t<div class=\"elementor-widget-container\">\n\t\t\t\t\t\t\t\t\t\n<p>A Academia das Ci\u00eancias de Lisboa (ACL) e o Semin\u00e1rio de Jovens Cientistas (SJC) celebram a Matem\u00e1tica no panorama cient\u00edfico nacional e em sua rela\u00e7\u00e3o com a sociedade. Se \u00e9 verdade que a Matem\u00e1tica est\u00e1 em toda a parte, nesta ocasi\u00e3o ela ocupar\u00e1 a sede da Academia no contexto de uma sess\u00e3o do SJC e da entrega dos Pr\u00e9mios do Concurso Simetrias das Cal\u00e7adas de Lisboa. O evento realizar-se-\u00e1 em regime h\u00edbrido, no Sal\u00e3o Nobre e por videoconfer\u00eancia.<\/p>\n\n<p><strong>Programa<\/strong><\/p>\n\n<p>14h30 | Confer\u00eancia do Semin\u00e1rio dos Jovens Cientistas com comunica\u00e7\u00f5es de:<\/p>\n\n<p>Maria Ivette Gomes (FC-ULisboa e ACL) | Estat\u00edstica, a ci\u00eancia dos dados<br \/>Emmanuel Cruzeiro (IST-ULisboa e SJC) | <em>Mathematical challenges in quantum foundations<\/em><br \/>Jo\u00e3o Cancela (NOVA FCSH e SJC) | Entre a ilus\u00e3o da exatid\u00e3o e o receio de quantificar: o papel da matem\u00e1tica nas ci\u00eancias sociais<\/p>\n\n<p>16h30 | Intervalo &#8211; Caf\u00e9 <br \/><br \/>17h00 | Entrega de Pr\u00e9mios do Concurso Simetrias das Cal\u00e7adas de Lisboa<\/p>\n\n<p><span style=\"color: #3366ff;\"><a style=\"color: #3366ff;\" href=\"https:\/\/www.acad-ciencias.pt\/wp-content\/uploads\/2025\/03\/Cartaz_Dia-_Internacional_Matematica_14.MAR_.2025.pdf\" data-type=\"link\" data-id=\"https:\/\/www.acad-ciencias.pt\/wp-content\/uploads\/2025\/03\/Cartaz_Dia-_Internacional_Matematica_14.MAR_.2025.pdf\">Detailed programme<\/a><\/span><\/p>\n\n<p>\u00a0<\/p>\n\t\t\t\t\t\t\t\t<\/div>\n\t\t\t\t<\/div>\n\t\t\t\t\t<\/div>\n\t\t<\/div>\n\t\t\t\t\t<\/div>\n\t\t<\/section>\n\t\t\t\t<\/div>","protected":false},"excerpt":{"rendered":"<p>A Academia das Ci\u00eancias de Lisboa (ACL) e o Semin\u00e1rio de Jovens Cientistas (SJC) celebram a Matem\u00e1tica no panorama cient\u00edfico nacional e em sua rela\u00e7\u00e3o com a sociedade. Se \u00e9 verdade que a Matem\u00e1tica est\u00e1 em toda a parte, nesta ocasi\u00e3o ela ocupar\u00e1 a sede da Academia no contexto de uma sess\u00e3o do SJC e [&hellip;]<\/p>","protected":false},"author":10,"featured_media":22957,"template":"","tags":[],"mec_category":[],"class_list":["post-22955","mec-events","type-mec-events","status-publish","has-post-thumbnail","hentry"],"_links":{"self":[{"href":"https:\/\/www.acad-ciencias.pt\/eng\/wp-json\/wp\/v2\/mec-events\/22955","targetHints":{"allow":["GET"]}}],"collection":[{"href":"https:\/\/www.acad-ciencias.pt\/eng\/wp-json\/wp\/v2\/mec-events"}],"about":[{"href":"https:\/\/www.acad-ciencias.pt\/eng\/wp-json\/wp\/v2\/types\/mec-events"}],"author":[{"embeddable":true,"href":"https:\/\/www.acad-ciencias.pt\/eng\/wp-json\/wp\/v2\/users\/10"}],"version-history":[{"count":5,"href":"https:\/\/www.acad-ciencias.pt\/eng\/wp-json\/wp\/v2\/mec-events\/22955\/revisions"}],"predecessor-version":[{"id":22963,"href":"https:\/\/www.acad-ciencias.pt\/eng\/wp-json\/wp\/v2\/mec-events\/22955\/revisions\/22963"}],"wp:featuredmedia":[{"embeddable":true,"href":"https:\/\/www.acad-ciencias.pt\/eng\/wp-json\/wp\/v2\/media\/22957"}],"wp:attachment":[{"href":"https:\/\/www.acad-ciencias.pt\/eng\/wp-json\/wp\/v2\/media?parent=22955"}],"wp:term":[{"taxonomy":"post_tag","embeddable":true,"href":"https:\/\/www.acad-ciencias.pt\/eng\/wp-json\/wp\/v2\/tags?post=22955"},{"taxonomy":"mec_category","embeddable":true,"href":"https:\/\/www.acad-ciencias.pt\/eng\/wp-json\/wp\/v2\/mec_category?post=22955"}],"curies":[{"name":"wp","href":"https:\/\/api.w.org\/{rel}","templated":true}]}}

Dia Internacional da Matemática, Arte e Criatividade

<div data-elementor-type="wp-post" data-elementor-id="22955" class="elementor elementor-22955">
						<section class="has_eae_slider elementor-section elementor-top-section elementor-element elementor-element-2a91a6bc elementor-section-boxed elementor-section-height-default elementor-section-height-default" data-eae-slider="89259" data-id="2a91a6bc" data-element_type="section">
						<div class="elementor-container elementor-column-gap-default">
					<div class="has_eae_slider aux-parallax-section elementor-column elementor-col-100 elementor-top-column elementor-element elementor-element-218f4622" data-eae-slider="57646" data-id="218f4622" data-element_type="column">
			<div class="elementor-widget-wrap elementor-element-populated">
						<div class="elementor-element elementor-element-41ac09dd elementor-widget elementor-widget-text-editor" data-id="41ac09dd" data-element_type="widget" data-widget_type="text-editor.default">
				<div class="elementor-widget-container">
									
<p>A Academia das Ciências de Lisboa (ACL) e o Seminário de Jovens Cientistas (SJC) celebram a Matemática no panorama científico nacional e em sua relação com a sociedade. Se é verdade que a Matemática está em toda a parte, nesta ocasião ela ocupará a sede da Academia no contexto de uma sessão do SJC e da entrega dos Prémios do Concurso Simetrias das Calçadas de Lisboa. O evento realizar-se-á em regime híbrido, no Salão Nobre e por videoconferência.</p>

<p><strong>Programa</strong></p>

<p>14h30 | Conferência do Seminário dos Jovens Cientistas com comunicações de:</p>

<p>Maria Ivette Gomes (FC-ULisboa e ACL) | Estatística, a ciência dos dados<br />Emmanuel Cruzeiro (IST-ULisboa e SJC) | <em>Mathematical challenges in quantum foundations</em><br />João Cancela (NOVA FCSH e SJC) | Entre a ilusão da exatidão e o receio de quantificar: o papel da matemática nas ciências sociais</p>

<p>16h30 | Intervalo &#8211; Café <br /><br />17h00 | Entrega de Prémios do Concurso Simetrias das Calçadas de Lisboa</p>

<p><span style="color: #3366ff;"><a style="color: #3366ff;" href="https://www.acad-ciencias.pt/wp-content/uploads/2025/03/Cartaz_Dia-_Internacional_Matematica_14.MAR_.2025.pdf" data-type="link" data-id="https://www.acad-ciencias.pt/wp-content/uploads/2025/03/Cartaz_Dia-_Internacional_Matematica_14.MAR_.2025.pdf">Detailed programme</a></span></p>

<p> </p>
								</div>
				</div>
					</div>
		</div>
					</div>
		</section>
				</div>

<p>A Academia das Ciências de Lisboa (ACL) e o Seminário de Jovens Cientistas (SJC) celebram a Matemática no panorama científico nacional e em sua relação com a sociedade. Se é verdade que a Matemática está em toda a parte, nesta ocasião ela ocupará a sede da Academia no contexto de uma sessão do SJC e [&hellip;]</p>
