{"id":24014,"date":"2025-04-21T17:19:12","date_gmt":"2025-04-21T16:19:12","guid":{"rendered":"https:\/\/www.acad-ciencias.pt\/?post_type=mec-events&#038;p=24014"},"modified":"2025-04-29T12:37:39","modified_gmt":"2025-04-29T11:37:39","slug":"encontro-energia-perspetivas-seguranca-e-sustentabilidade","status":"publish","type":"mec-events","link":"https:\/\/www.acad-ciencias.pt\/eng\/events\/encontro-energia-perspetivas-seguranca-e-sustentabilidade\/","title":{"rendered":"Encontro | Energia: perspetivas, seguran\u00e7a e sustentabilidade"},"content":{"rendered":"<p><strong>&#8211; Apresenta\u00e7\u00e3o do <a href=\"https:\/\/lnkd.in\/dZfkJ2mT\" data-type=\"link\" data-id=\"https:\/\/lnkd.in\/dZfkJ2mT\">Relat\u00f3rio da EASAC <\/a><\/strong><br><br>Data: 29 de abril 2025<br>In\u00edcio: 15h30<br>Encerramento: 17h00<br>Regime h\u00edbrido: Academia das Ci\u00eancias de Lisboa e Online, via <a href=\"https:\/\/lnkd.in\/d6MfVMSd\" data-type=\"link\" data-id=\"https:\/\/lnkd.in\/d6MfVMSd\">Zoom<\/a><br>Inscri\u00e7\u00f5es em: <a href=\"mailto:geral [at] acad-ciencias.pt\">geral [at] acad-ciencias.pt<\/a><br><br>Num cen\u00e1rio geopol\u00edtico cada vez mais vol\u00e1til, a seguran\u00e7a energ\u00e9tica da Europa \u00e9 cr\u00edtica. No contexto EASAC-European Academies&#8217; Science Advisory Council, foi preparado o relat\u00f3rio &#8220;<a href=\"https:\/\/lnkd.in\/dRer8vQs\" data-type=\"link\" data-id=\"https:\/\/lnkd.in\/dRer8vQs\">Security of Sustainable Energy Supplies<\/a>&#8220;.  <br><br>A EASAC \u00e9 uma associa\u00e7\u00e3o das Academias Nacionais de Ci\u00eancias dos Estados-Membros da UE, entre elas a ACL, e da Noruega, Su\u00ed\u00e7a e Reino Unido e a Academia Europaea, com o objetivo de prestar aconselhamento cient\u00edfico independente sobre desafios importantes para a Europa. Esta sess\u00e3o tem como objetivo debater um desafio importante que \u00e9 o da Seguran\u00e7a do Fornecimento de Energia Sustent\u00e1vel.<br><br>Programa<br>ABERTURA | 15h30<br>Jos\u00e9 Francisco Rodrigues, Presidente (ACL)<br>Isabel S\u00e1-Correia, Secret\u00e1ria-Geral (ACL)<br>Manuel Collares-Pereira, Coautor do Relat\u00f3rio (ACL)<br><br>Comunica\u00e7\u00f5es<br>A ACL e a EASAC no aconselhamento cient\u00edfico independente<br>Isabel S\u00e1-Correia, Secret\u00e1ria-Geral (ACL)<br>Apresenta\u00e7\u00e3o do Relat\u00f3rio<br>Manuel Collares-Pereira, Coautor do Relat\u00f3rio (ACL)<br><br>Debate | 16h00<br>Rui Vilela-Mendes, Moderador (ACL)<br>Paulo Ferr\u00e3o (IST-ULisboa, IN+, Steering Panel da ENERGIA, EASAC)<br>Clara Gouveia, Conselho de Administra\u00e7\u00e3o (INESC TEC)<br>Nelson Lage, Presidente do Conselho de Administra\u00e7\u00e3o (ADENE)<br>Ant\u00f3nio Vidigal, Consultor e especialista em Energia e TIC, ex-presidente da EDP Inova\u00e7\u00e3o<br>Manuel Collares-Pereira, Coautor do Relat\u00f3rio (ACL)<br><br><br><strong>&#8211; Apresenta\u00e7\u00e3o do Livro &#8211; S\u00edntese do Grupo de Trabalho<\/strong><br><br>Data: 29 de abril 2025<br>In\u00edcio: 17h30<br>Encerramento: 18h15<br>Regime h\u00edbrido: Academia das Ci\u00eancias de Lisboa e Online, via <a href=\"https:\/\/lnkd.in\/d6MfVMSd\" data-type=\"link\" data-id=\"https:\/\/lnkd.in\/d6MfVMSd\">Zoom<\/a><br>Inscri\u00e7\u00f5es em: <a href=\"mailto:geral [at] acad-ciencias.pt\">geral [at] acad-ciencias.pt<\/a><br><br>Em 2024, a Academia das Ci\u00eancias de Lisboa promoveu um grupo de estudos sobre Energia: Perspetivas a m\u00e9dio e longo prazo, cujo livro e a respetiva s\u00edntese de conclus\u00f5es e recomenda\u00e7\u00f5es ser\u00e3o apresentados nesta sess\u00e3o, estando dispon\u00edveis na <a href=\"https:\/\/www.acad-ciencias.pt\/books\/energia-perspetivas-a-medio-e-longo-prazo\/\" data-type=\"link\" data-id=\"https:\/\/www.acad-ciencias.pt\/books\/energia-perspetivas-a-medio-e-longo-prazo\/\">p\u00e1gina institucional da ACL<\/a>. <\/p>\n\n\n\n<p><br><br>APRESENTA\u00c7\u00c3O | 17h30<br>Livro &#8211; ENERGIA: PERSPETIVAS A M\u00c9DIO E LONGO PRAZO<br>Rui Vilela-Mendes (ACL)<br><br>Encerramento | 18h15<\/p>\n\n\n\n<p><\/p>","protected":false},"excerpt":{"rendered":"<p>&#8211; Apresenta\u00e7\u00e3o do Relat\u00f3rio da EASAC Data: 29 de abril 2025In\u00edcio: 15h30Encerramento: 17h00Regime h\u00edbrido: Academia das Ci\u00eancias de Lisboa e Online, via ZoomInscri\u00e7\u00f5es em: geral [at] acad-ciencias.pt Num cen\u00e1rio geopol\u00edtico cada vez mais vol\u00e1til, a seguran\u00e7a energ\u00e9tica da Europa \u00e9 cr\u00edtica. No contexto EASAC-European Academies&#8217; Science Advisory Council, foi preparado o relat\u00f3rio &#8220;Security of Sustainable [&hellip;]<\/p>","protected":false},"author":18,"featured_media":0,"template":"","tags":[],"mec_category":[29],"class_list":["post-24014","mec-events","type-mec-events","status-publish","hentry","mec_category-outros-eventos"],"_links":{"self":[{"href":"https:\/\/www.acad-ciencias.pt\/eng\/wp-json\/wp\/v2\/mec-events\/24014","targetHints":{"allow":["GET"]}}],"collection":[{"href":"https:\/\/www.acad-ciencias.pt\/eng\/wp-json\/wp\/v2\/mec-events"}],"about":[{"href":"https:\/\/www.acad-ciencias.pt\/eng\/wp-json\/wp\/v2\/types\/mec-events"}],"author":[{"embeddable":true,"href":"https:\/\/www.acad-ciencias.pt\/eng\/wp-json\/wp\/v2\/users\/18"}],"version-history":[{"count":5,"href":"https:\/\/www.acad-ciencias.pt\/eng\/wp-json\/wp\/v2\/mec-events\/24014\/revisions"}],"predecessor-version":[{"id":24027,"href":"https:\/\/www.acad-ciencias.pt\/eng\/wp-json\/wp\/v2\/mec-events\/24014\/revisions\/24027"}],"wp:attachment":[{"href":"https:\/\/www.acad-ciencias.pt\/eng\/wp-json\/wp\/v2\/media?parent=24014"}],"wp:term":[{"taxonomy":"post_tag","embeddable":true,"href":"https:\/\/www.acad-ciencias.pt\/eng\/wp-json\/wp\/v2\/tags?post=24014"},{"taxonomy":"mec_category","embeddable":true,"href":"https:\/\/www.acad-ciencias.pt\/eng\/wp-json\/wp\/v2\/mec_category?post=24014"}],"curies":[{"name":"wp","href":"https:\/\/api.w.org\/{rel}","templated":true}]}}

Encontro | Energia: perspetivas, segurança e sustentabilidade

<p><strong>&#8211; Apresentação do <a href="https://lnkd.in/dZfkJ2mT" data-type="link" data-id="https://lnkd.in/dZfkJ2mT">Relatório da EASAC </a></strong><br><br>Data: 29 de abril 2025<br>Início: 15h30<br>Encerramento: 17h00<br>Regime híbrido: Academia das Ciências de Lisboa e Online, via <a href="https://lnkd.in/d6MfVMSd" data-type="link" data-id="https://lnkd.in/d6MfVMSd">Zoom</a><br>Inscrições em: <a href="mailto:geral [at] acad-ciencias.pt">geral [at] acad-ciencias.pt</a><br><br>Num cenário geopolítico cada vez mais volátil, a segurança energética da Europa é crítica. No contexto EASAC-European Academies&#8217; Science Advisory Council, foi preparado o relatório &#8220;<a href="https://lnkd.in/dRer8vQs" data-type="link" data-id="https://lnkd.in/dRer8vQs">Security of Sustainable Energy Supplies</a>&#8220;.  <br><br>A EASAC é uma associação das Academias Nacionais de Ciências dos Estados-Membros da UE, entre elas a ACL, e da Noruega, Suíça e Reino Unido e a Academia Europaea, com o objetivo de prestar aconselhamento científico independente sobre desafios importantes para a Europa. Esta sessão tem como objetivo debater um desafio importante que é o da Segurança do Fornecimento de Energia Sustentável.<br><br>Programa<br>ABERTURA | 15h30<br>José Francisco Rodrigues, Presidente (ACL)<br>Isabel Sá-Correia, Secretária-Geral (ACL)<br>Manuel Collares-Pereira, Coautor do Relatório (ACL)<br><br>Comunicações<br>A ACL e a EASAC no aconselhamento científico independente<br>Isabel Sá-Correia, Secretária-Geral (ACL)<br>Apresentação do Relatório<br>Manuel Collares-Pereira, Coautor do Relatório (ACL)<br><br>Debate | 16h00<br>Rui Vilela-Mendes, Moderador (ACL)<br>Paulo Ferrão (IST-ULisboa, IN+, Steering Panel da ENERGIA, EASAC)<br>Clara Gouveia, Conselho de Administração (INESC TEC)<br>Nelson Lage, Presidente do Conselho de Administração (ADENE)<br>António Vidigal, Consultor e especialista em Energia e TIC, ex-presidente da EDP Inovação<br>Manuel Collares-Pereira, Coautor do Relatório (ACL)<br><br><br><strong>&#8211; Apresentação do Livro &#8211; Síntese do Grupo de Trabalho</strong><br><br>Data: 29 de abril 2025<br>Início: 17h30<br>Encerramento: 18h15<br>Regime híbrido: Academia das Ciências de Lisboa e Online, via <a href="https://lnkd.in/d6MfVMSd" data-type="link" data-id="https://lnkd.in/d6MfVMSd">Zoom</a><br>Inscrições em: <a href="mailto:geral [at] acad-ciencias.pt">geral [at] acad-ciencias.pt</a><br><br>Em 2024, a Academia das Ciências de Lisboa promoveu um grupo de estudos sobre Energia: Perspetivas a médio e longo prazo, cujo livro e a respetiva síntese de conclusões e recomendações serão apresentados nesta sessão, estando disponíveis na <a href="https://www.acad-ciencias.pt/books/energia-perspetivas-a-medio-e-longo-prazo/" data-type="link" data-id="https://www.acad-ciencias.pt/books/energia-perspetivas-a-medio-e-longo-prazo/">página institucional da ACL</a>. </p>



<p><br><br>APRESENTAÇÃO | 17h30<br>Livro &#8211; ENERGIA: PERSPETIVAS A MÉDIO E LONGO PRAZO<br>Rui Vilela-Mendes (ACL)<br><br>Encerramento | 18h15</p>



<p></p>

<p>&#8211; Apresentação do Relatório da EASAC Data: 29 de abril 2025Início: 15h30Encerramento: 17h00Regime híbrido: Academia das Ciências de Lisboa e Online, via ZoomInscrições em: geral [at] acad-ciencias.pt Num cenário geopolítico cada vez mais volátil, a segurança energética da Europa é crítica. No contexto EASAC-European Academies&#8217; Science Advisory Council, foi preparado o relatório &#8220;Security of Sustainable [&hellip;]</p>
