{"id":24314,"date":"2025-05-08T17:21:11","date_gmt":"2025-05-08T16:21:11","guid":{"rendered":"https:\/\/www.acad-ciencias.pt\/?post_type=mec-events&#038;p=24314"},"modified":"2025-06-03T15:04:40","modified_gmt":"2025-06-03T14:04:40","slug":"jovens-solistas-da-epm-2","status":"publish","type":"mec-events","link":"https:\/\/www.acad-ciencias.pt\/eng\/events\/jovens-solistas-da-epm-2\/","title":{"rendered":"Jovens Solistas da EPM"},"content":{"rendered":"<p>Quarta-feira, 14 de maio, 17h00, Academia das Ci\u00eancias de Lisboa<\/p>\n\n\n\n<p>&nbsp;&nbsp;&nbsp;&nbsp;&nbsp;&nbsp;&nbsp;&nbsp;&nbsp;&nbsp;&nbsp;&nbsp;<strong>Johann Baptist Cramer<\/strong>&nbsp;<em>Vivace<\/em>, Estudo N.\u00ba 17, em R\u00e9 Maior, dos 60 Estudos Selecionados por B\u00fclow (1)<\/p>\n\n\n\n<p>&nbsp;&nbsp;&nbsp;&nbsp;&nbsp;&nbsp;&nbsp;&nbsp;&nbsp;&nbsp;&nbsp;&nbsp;<strong>Joseph Haydn<\/strong>&nbsp;<em>Presto<\/em>, 3.\u00ba andamento da Sonata em R\u00e9 Maior, Hob. XVI: 24 (1)<\/p>\n\n\n\n<p>&nbsp;&nbsp;&nbsp;&nbsp;&nbsp;&nbsp;&nbsp;&nbsp;&nbsp;&nbsp;&nbsp;&nbsp;<strong>Moritz Moszkowski<\/strong>&nbsp;Estudo N.\u00b0 15, Op. 91, da cole\u00e7\u00e3o&nbsp;<em>20 Petites \u00c9tudes<\/em>&nbsp;(2)<\/p>\n\n\n\n<p>&nbsp;&nbsp;&nbsp;&nbsp;&nbsp;&nbsp;&nbsp;&nbsp;&nbsp;&nbsp;&nbsp;&nbsp;<strong>Fr\u00e9d\u00e9ric Chopin<\/strong>&nbsp;Valsa em F\u00e1 Maior, Op. 34\/3,&nbsp;<em>Grande valse brillante<\/em>&nbsp;(2)<\/p>\n\n\n\n<p>&nbsp;&nbsp;&nbsp;&nbsp;&nbsp;&nbsp;&nbsp;&nbsp;&nbsp;&nbsp;&nbsp;&nbsp;<strong>Alexander Scriabin<\/strong>&nbsp;Mazurka em Sol Menor, Op. 3\/3 (3)<\/p>\n\n\n\n<p>&nbsp;&nbsp;&nbsp;&nbsp;&nbsp;&nbsp;&nbsp;&nbsp;&nbsp;&nbsp;&nbsp;&nbsp;<strong>Arno Babadjanian<\/strong>&nbsp;<em>Elegia \u00e0 Mem\u00f3ria de Khachaturian<\/em>&nbsp;(3)<\/p>\n\n\n\n<p>&nbsp;&nbsp;&nbsp;&nbsp;&nbsp;&nbsp;&nbsp;&nbsp;&nbsp;&nbsp;&nbsp;&nbsp;<strong>Dmitri Chostakovitch<\/strong>&nbsp;5 Pe\u00e7as para Violino, Clarinete e Piano (orig. dois violinos e piano) (4)<\/p>\n\n\n\n<p>&nbsp;&nbsp;&nbsp;&nbsp;&nbsp;&nbsp;&nbsp;&nbsp;&nbsp;&nbsp;&nbsp;&nbsp;<strong>Joseph Haydn<\/strong>&nbsp;Varia\u00e7\u00f5es sobre&nbsp;<em>God Save the Emperor<\/em>&nbsp;(trans de G. Appunn) (5)<\/p>\n\n\n\n<p>&nbsp;&nbsp;&nbsp;&nbsp;&nbsp;&nbsp;&nbsp;&nbsp;&nbsp;&nbsp;&nbsp;&nbsp;<strong>Johann Sebastian Bach<\/strong>&nbsp;3 Corais (6)<\/p>\n\n\n\n<p>&nbsp;&nbsp;&nbsp;&nbsp;&nbsp;&nbsp;&nbsp;&nbsp;&nbsp;&nbsp;&nbsp;&nbsp;<strong>Robert Muczynski<\/strong>&nbsp;Trio Fantasia, Op. 26 (7)<\/p>\n\n\n\n<p>&nbsp;&nbsp;&nbsp;&nbsp;&nbsp;&nbsp;&nbsp;&nbsp;&nbsp;&nbsp;&nbsp;&nbsp;<strong>Felix Mendelssohn<\/strong>&nbsp;<em>Grave &#8211; Allegro<\/em>, 1.\u00ba andamento da Sinfonia para Cordas N.\u00ba 4, em D\u00f3 Menor (8)<\/p>\n\n\n\n<p>&nbsp;&nbsp;&nbsp;&nbsp;&nbsp;&nbsp;&nbsp;&nbsp;&nbsp;&nbsp;&nbsp;&nbsp;<strong>Georg Philipp Telemann<\/strong>&nbsp;2 andamentos do Concerto para 2 Violas e Cordas, TWV 52:G3 (8)<\/p>\n\n\n\n<p>(1)&nbsp;<strong>Lude Ding<\/strong>&nbsp;(piano)<\/p>\n\n\n\n<p>(2)&nbsp;<strong>Marta Soares<\/strong>&nbsp;(piano)<\/p>\n\n\n\n<p>(3)&nbsp;<strong>Dinis Brito<\/strong>&nbsp;(piano)<\/p>\n\n\n\n<p>(4)&nbsp;<strong>Trio para Clarinete, Violino e Piano<\/strong>:&nbsp;<strong>Clara Sobral<\/strong>&nbsp;(violino),&nbsp;<strong>Matilde Gomes<\/strong>&nbsp;(clarinete),&nbsp;<strong>Marta Soares<\/strong>&nbsp;(piano)<\/p>\n\n\n\n<p>(5)&nbsp;<strong>Trio pra Flauta, Violino e Piano<\/strong>:&nbsp;<strong>Lara Faria<\/strong>&nbsp;(flauta),&nbsp;<strong>Lucas bastos<\/strong>&nbsp;(violino),&nbsp;<strong>Lude Ding<\/strong>&nbsp;(piano)<\/p>\n\n\n\n<p>(6)&nbsp;<strong>Quarteto de Cordas<\/strong>:&nbsp;<strong>Maria Paradela<\/strong>,&nbsp;<strong>Jos\u00e9 Maria Lu\u00eds<\/strong>&nbsp;(violinos),&nbsp;<strong>Diogo Silva<\/strong>&nbsp;(viola),&nbsp;<strong>\u00cdris Matos<\/strong>&nbsp;(violoncelo)<\/p>\n\n\n\n<p>(7)&nbsp;<strong>Trio para Clarinete, Violoncelo e Piano<\/strong>:&nbsp;<strong>Isis Reis<\/strong>&nbsp;(clarinete),&nbsp;<strong>Beatriz Pereira<\/strong>&nbsp;(violoncelo),&nbsp;<strong>Dinis Brito<\/strong>&nbsp;(piano)<\/p>\n\n\n\n<p>(8)&nbsp;<strong>Camerata de Cordas<\/strong>:&nbsp;<strong>Tom\u00e1s Silva<\/strong>,&nbsp;<strong>Mafalda Martinho<\/strong>,&nbsp;<strong>Hugo Paris<\/strong>,&nbsp;<strong>Jos\u00e9 Gomes<\/strong>,&nbsp;<strong>Guadalupe Favinha<\/strong>,&nbsp;<strong>Mariana Santos<\/strong>&nbsp;(violinos),&nbsp;<strong>Matilde Duarte<\/strong>,&nbsp;<strong>David Marques<\/strong>&nbsp;(violas),&nbsp;<strong>Beatriz Pereira<\/strong>,&nbsp;<strong>Madalena Ara\u00fajo<\/strong>,&nbsp;<strong>Duarte Teixeira<\/strong>&nbsp;(violoncelos),&nbsp;<strong>Sara Lacerda<\/strong>&nbsp;(contrabaixo)<\/p>","protected":false},"excerpt":{"rendered":"<p>Quarta-feira, 14 de maio, 17h00, Academia das Ci\u00eancias de Lisboa &nbsp;&nbsp;&nbsp;&nbsp;&nbsp;&nbsp;&nbsp;&nbsp;&nbsp;&nbsp;&nbsp;&nbsp;Johann Baptist Cramer&nbsp;Vivace, Estudo N.\u00ba 17, em R\u00e9 Maior, dos 60 Estudos Selecionados por B\u00fclow (1) &nbsp;&nbsp;&nbsp;&nbsp;&nbsp;&nbsp;&nbsp;&nbsp;&nbsp;&nbsp;&nbsp;&nbsp;Joseph Haydn&nbsp;Presto, 3.\u00ba andamento da Sonata em R\u00e9 Maior, Hob. XVI: 24 (1) &nbsp;&nbsp;&nbsp;&nbsp;&nbsp;&nbsp;&nbsp;&nbsp;&nbsp;&nbsp;&nbsp;&nbsp;Moritz Moszkowski&nbsp;Estudo N.\u00b0 15, Op. 91, da cole\u00e7\u00e3o&nbsp;20 Petites \u00c9tudes&nbsp;(2) &nbsp;&nbsp;&nbsp;&nbsp;&nbsp;&nbsp;&nbsp;&nbsp;&nbsp;&nbsp;&nbsp;&nbsp;Fr\u00e9d\u00e9ric Chopin&nbsp;Valsa em F\u00e1 Maior, Op. [&hellip;]<\/p>","protected":false},"author":18,"featured_media":24315,"template":"","tags":[161,176,175],"mec_category":[29],"class_list":["post-24314","mec-events","type-mec-events","status-publish","has-post-thumbnail","hentry","tag-concerto","tag-epm","tag-solistas","mec_category-outros-eventos"],"_links":{"self":[{"href":"https:\/\/www.acad-ciencias.pt\/eng\/wp-json\/wp\/v2\/mec-events\/24314","targetHints":{"allow":["GET"]}}],"collection":[{"href":"https:\/\/www.acad-ciencias.pt\/eng\/wp-json\/wp\/v2\/mec-events"}],"about":[{"href":"https:\/\/www.acad-ciencias.pt\/eng\/wp-json\/wp\/v2\/types\/mec-events"}],"author":[{"embeddable":true,"href":"https:\/\/www.acad-ciencias.pt\/eng\/wp-json\/wp\/v2\/users\/18"}],"version-history":[{"count":1,"href":"https:\/\/www.acad-ciencias.pt\/eng\/wp-json\/wp\/v2\/mec-events\/24314\/revisions"}],"predecessor-version":[{"id":24316,"href":"https:\/\/www.acad-ciencias.pt\/eng\/wp-json\/wp\/v2\/mec-events\/24314\/revisions\/24316"}],"wp:featuredmedia":[{"embeddable":true,"href":"https:\/\/www.acad-ciencias.pt\/eng\/wp-json\/wp\/v2\/media\/24315"}],"wp:attachment":[{"href":"https:\/\/www.acad-ciencias.pt\/eng\/wp-json\/wp\/v2\/media?parent=24314"}],"wp:term":[{"taxonomy":"post_tag","embeddable":true,"href":"https:\/\/www.acad-ciencias.pt\/eng\/wp-json\/wp\/v2\/tags?post=24314"},{"taxonomy":"mec_category","embeddable":true,"href":"https:\/\/www.acad-ciencias.pt\/eng\/wp-json\/wp\/v2\/mec_category?post=24314"}],"curies":[{"name":"wp","href":"https:\/\/api.w.org\/{rel}","templated":true}]}}

<p>Quarta-feira, 14 de maio, 17h00, Academia das Ciências de Lisboa</p>



<p>&nbsp;&nbsp;&nbsp;&nbsp;&nbsp;&nbsp;&nbsp;&nbsp;&nbsp;&nbsp;&nbsp;&nbsp;<strong>Johann Baptist Cramer</strong>&nbsp;<em>Vivace</em>, Estudo N.º 17, em Ré Maior, dos 60 Estudos Selecionados por Bülow (1)</p>



<p>&nbsp;&nbsp;&nbsp;&nbsp;&nbsp;&nbsp;&nbsp;&nbsp;&nbsp;&nbsp;&nbsp;&nbsp;<strong>Joseph Haydn</strong>&nbsp;<em>Presto</em>, 3.º andamento da Sonata em Ré Maior, Hob. XVI: 24 (1)</p>



<p>&nbsp;&nbsp;&nbsp;&nbsp;&nbsp;&nbsp;&nbsp;&nbsp;&nbsp;&nbsp;&nbsp;&nbsp;<strong>Moritz Moszkowski</strong>&nbsp;Estudo N.° 15, Op. 91, da coleção&nbsp;<em>20 Petites Études</em>&nbsp;(2)</p>



<p>&nbsp;&nbsp;&nbsp;&nbsp;&nbsp;&nbsp;&nbsp;&nbsp;&nbsp;&nbsp;&nbsp;&nbsp;<strong>Frédéric Chopin</strong>&nbsp;Valsa em Fá Maior, Op. 34/3,&nbsp;<em>Grande valse brillante</em>&nbsp;(2)</p>



<p>&nbsp;&nbsp;&nbsp;&nbsp;&nbsp;&nbsp;&nbsp;&nbsp;&nbsp;&nbsp;&nbsp;&nbsp;<strong>Alexander Scriabin</strong>&nbsp;Mazurka em Sol Menor, Op. 3/3 (3)</p>



<p>&nbsp;&nbsp;&nbsp;&nbsp;&nbsp;&nbsp;&nbsp;&nbsp;&nbsp;&nbsp;&nbsp;&nbsp;<strong>Arno Babadjanian</strong>&nbsp;<em>Elegia à Memória de Khachaturian</em>&nbsp;(3)</p>



<p>&nbsp;&nbsp;&nbsp;&nbsp;&nbsp;&nbsp;&nbsp;&nbsp;&nbsp;&nbsp;&nbsp;&nbsp;<strong>Dmitri Chostakovitch</strong>&nbsp;5 Peças para Violino, Clarinete e Piano (orig. dois violinos e piano) (4)</p>



<p>&nbsp;&nbsp;&nbsp;&nbsp;&nbsp;&nbsp;&nbsp;&nbsp;&nbsp;&nbsp;&nbsp;&nbsp;<strong>Joseph Haydn</strong>&nbsp;Variações sobre&nbsp;<em>God Save the Emperor</em>&nbsp;(trans de G. Appunn) (5)</p>



<p>&nbsp;&nbsp;&nbsp;&nbsp;&nbsp;&nbsp;&nbsp;&nbsp;&nbsp;&nbsp;&nbsp;&nbsp;<strong>Johann Sebastian Bach</strong>&nbsp;3 Corais (6)</p>



<p>&nbsp;&nbsp;&nbsp;&nbsp;&nbsp;&nbsp;&nbsp;&nbsp;&nbsp;&nbsp;&nbsp;&nbsp;<strong>Robert Muczynski</strong>&nbsp;Trio Fantasia, Op. 26 (7)</p>



<p>&nbsp;&nbsp;&nbsp;&nbsp;&nbsp;&nbsp;&nbsp;&nbsp;&nbsp;&nbsp;&nbsp;&nbsp;<strong>Felix Mendelssohn</strong>&nbsp;<em>Grave &#8211; Allegro</em>, 1.º andamento da Sinfonia para Cordas N.º 4, em Dó Menor (8)</p>



<p>&nbsp;&nbsp;&nbsp;&nbsp;&nbsp;&nbsp;&nbsp;&nbsp;&nbsp;&nbsp;&nbsp;&nbsp;<strong>Georg Philipp Telemann</strong>&nbsp;2 andamentos do Concerto para 2 Violas e Cordas, TWV 52:G3 (8)</p>



<p>(1)&nbsp;<strong>Lude Ding</strong>&nbsp;(piano)</p>



<p>(2)&nbsp;<strong>Marta Soares</strong>&nbsp;(piano)</p>



<p>(3)&nbsp;<strong>Dinis Brito</strong>&nbsp;(piano)</p>



<p>(4)&nbsp;<strong>Trio para Clarinete, Violino e Piano</strong>:&nbsp;<strong>Clara Sobral</strong>&nbsp;(violino),&nbsp;<strong>Matilde Gomes</strong>&nbsp;(clarinete),&nbsp;<strong>Marta Soares</strong>&nbsp;(piano)</p>



<p>(5)&nbsp;<strong>Trio pra Flauta, Violino e Piano</strong>:&nbsp;<strong>Lara Faria</strong>&nbsp;(flauta),&nbsp;<strong>Lucas bastos</strong>&nbsp;(violino),&nbsp;<strong>Lude Ding</strong>&nbsp;(piano)</p>



<p>(6)&nbsp;<strong>Quarteto de Cordas</strong>:&nbsp;<strong>Maria Paradela</strong>,&nbsp;<strong>José Maria Luís</strong>&nbsp;(violinos),&nbsp;<strong>Diogo Silva</strong>&nbsp;(viola),&nbsp;<strong>Íris Matos</strong>&nbsp;(violoncelo)</p>



<p>(7)&nbsp;<strong>Trio para Clarinete, Violoncelo e Piano</strong>:&nbsp;<strong>Isis Reis</strong>&nbsp;(clarinete),&nbsp;<strong>Beatriz Pereira</strong>&nbsp;(violoncelo),&nbsp;<strong>Dinis Brito</strong>&nbsp;(piano)</p>



<p>(8)&nbsp;<strong>Camerata de Cordas</strong>:&nbsp;<strong>Tomás Silva</strong>,&nbsp;<strong>Mafalda Martinho</strong>,&nbsp;<strong>Hugo Paris</strong>,&nbsp;<strong>José Gomes</strong>,&nbsp;<strong>Guadalupe Favinha</strong>,&nbsp;<strong>Mariana Santos</strong>&nbsp;(violinos),&nbsp;<strong>Matilde Duarte</strong>,&nbsp;<strong>David Marques</strong>&nbsp;(violas),&nbsp;<strong>Beatriz Pereira</strong>,&nbsp;<strong>Madalena Araújo</strong>,&nbsp;<strong>Duarte Teixeira</strong>&nbsp;(violoncelos),&nbsp;<strong>Sara Lacerda</strong>&nbsp;(contrabaixo)</p>

<p>Quarta-feira, 14 de maio, 17h00, Academia das Ciências de Lisboa &nbsp;&nbsp;&nbsp;&nbsp;&nbsp;&nbsp;&nbsp;&nbsp;&nbsp;&nbsp;&nbsp;&nbsp;Johann Baptist Cramer&nbsp;Vivace, Estudo N.º 17, em Ré Maior, dos 60 Estudos Selecionados por Bülow (1) &nbsp;&nbsp;&nbsp;&nbsp;&nbsp;&nbsp;&nbsp;&nbsp;&nbsp;&nbsp;&nbsp;&nbsp;Joseph Haydn&nbsp;Presto, 3.º andamento da Sonata em Ré Maior, Hob. XVI: 24 (1) &nbsp;&nbsp;&nbsp;&nbsp;&nbsp;&nbsp;&nbsp;&nbsp;&nbsp;&nbsp;&nbsp;&nbsp;Moritz Moszkowski&nbsp;Estudo N.° 15, Op. 91, da coleção&nbsp;20 Petites Études&nbsp;(2) &nbsp;&nbsp;&nbsp;&nbsp;&nbsp;&nbsp;&nbsp;&nbsp;&nbsp;&nbsp;&nbsp;&nbsp;Frédéric Chopin&nbsp;Valsa em Fá Maior, Op. [&hellip;]</p>
