{"id":27626,"date":"2026-04-20T14:34:20","date_gmt":"2026-04-20T13:34:20","guid":{"rendered":"https:\/\/www.acad-ciencias.pt\/?post_type=mec-events&#038;p=27626"},"modified":"2026-04-20T14:42:48","modified_gmt":"2026-04-20T13:42:48","slug":"concerto-52o-festival-estoril-lisboa-3","status":"publish","type":"mec-events","link":"https:\/\/www.acad-ciencias.pt\/eng\/events\/concerto-52o-festival-estoril-lisboa-3\/","title":{"rendered":"Concerto | 52\u00ba Festival Estoril Lisboa"},"content":{"rendered":"<p><strong>Ant\u00f3n Cort\u00e9s, piano <\/strong><br>D<em>e Cam\u00e1rom a Paco de Lucia <\/em>* <br><br>*Estreia em Portugal <\/p>\n\n\n\n<p>Acesso \u00e0 <a href=\"https:\/\/www.ticketline.pt\/evento\/52-fel-ensemble-darcos-103999\" data-type=\"link\" data-id=\"https:\/\/www.ticketline.pt\/evento\/52-fel-ensemble-darcos-103999\" target=\"_blank\" rel=\"noreferrer noopener\">Bilheteira <\/a><\/p>\n\n\n\n<p><\/p>","protected":false},"excerpt":{"rendered":"<p>Ant\u00f3n Cort\u00e9s, piano De Cam\u00e1rom a Paco de Lucia * *Estreia em Portugal Acesso \u00e0 Bilheteira<\/p>","protected":false},"author":18,"featured_media":27627,"template":"","tags":[163],"mec_category":[29],"class_list":["post-27626","mec-events","type-mec-events","status-publish","has-post-thumbnail","hentry","tag-academiadascienciasdelisboa","mec_category-outros-eventos"],"_links":{"self":[{"href":"https:\/\/www.acad-ciencias.pt\/eng\/wp-json\/wp\/v2\/mec-events\/27626","targetHints":{"allow":["GET"]}}],"collection":[{"href":"https:\/\/www.acad-ciencias.pt\/eng\/wp-json\/wp\/v2\/mec-events"}],"about":[{"href":"https:\/\/www.acad-ciencias.pt\/eng\/wp-json\/wp\/v2\/types\/mec-events"}],"author":[{"embeddable":true,"href":"https:\/\/www.acad-ciencias.pt\/eng\/wp-json\/wp\/v2\/users\/18"}],"version-history":[{"count":2,"href":"https:\/\/www.acad-ciencias.pt\/eng\/wp-json\/wp\/v2\/mec-events\/27626\/revisions"}],"predecessor-version":[{"id":27633,"href":"https:\/\/www.acad-ciencias.pt\/eng\/wp-json\/wp\/v2\/mec-events\/27626\/revisions\/27633"}],"wp:featuredmedia":[{"embeddable":true,"href":"https:\/\/www.acad-ciencias.pt\/eng\/wp-json\/wp\/v2\/media\/27627"}],"wp:attachment":[{"href":"https:\/\/www.acad-ciencias.pt\/eng\/wp-json\/wp\/v2\/media?parent=27626"}],"wp:term":[{"taxonomy":"post_tag","embeddable":true,"href":"https:\/\/www.acad-ciencias.pt\/eng\/wp-json\/wp\/v2\/tags?post=27626"},{"taxonomy":"mec_category","embeddable":true,"href":"https:\/\/www.acad-ciencias.pt\/eng\/wp-json\/wp\/v2\/mec_category?post=27626"}],"curies":[{"name":"wp","href":"https:\/\/api.w.org\/{rel}","templated":true}]}}

Concerto | 52º Festival Estoril Lisboa

<p><strong>Antón Cortés, piano </strong><br>D<em>e Camárom a Paco de Lucia </em>* <br><br>*Estreia em Portugal </p>



<p>Acesso à <a href="https://www.ticketline.pt/evento/52-fel-ensemble-darcos-103999" data-type="link" data-id="https://www.ticketline.pt/evento/52-fel-ensemble-darcos-103999" target="_blank" rel="noreferrer noopener">Bilheteira </a></p>



<p></p>

<p>Antón Cortés, piano De Camárom a Paco de Lucia * *Estreia em Portugal Acesso à Bilheteira</p>
