{"id":27696,"date":"2026-04-27T10:16:33","date_gmt":"2026-04-27T09:16:33","guid":{"rendered":"https:\/\/www.acad-ciencias.pt\/?post_type=mec-events&#038;p=27696"},"modified":"2026-04-27T11:16:55","modified_gmt":"2026-04-27T10:16:55","slug":"sessao-da-classe-de-ciencias-25","status":"publish","type":"mec-events","link":"https:\/\/www.acad-ciencias.pt\/eng\/events\/sessao-da-classe-de-ciencias-25\/","title":{"rendered":"Sess\u00e3o da Classe de Ci\u00eancias"},"content":{"rendered":"<div data-elementor-type=\"wp-post\" data-elementor-id=\"27696\" class=\"elementor elementor-27696\">\n\t\t\t\t\t\t<section class=\"has_eae_slider elementor-section elementor-top-section elementor-element elementor-element-3284d8ea elementor-section-boxed elementor-section-height-default elementor-section-height-default\" data-eae-slider=\"85844\" data-id=\"3284d8ea\" data-element_type=\"section\">\n\t\t\t\t\t\t<div class=\"elementor-container elementor-column-gap-default\">\n\t\t\t\t\t<div class=\"has_eae_slider aux-parallax-section elementor-column elementor-col-100 elementor-top-column elementor-element elementor-element-6616bf29\" data-eae-slider=\"49925\" data-id=\"6616bf29\" data-element_type=\"column\">\n\t\t\t<div class=\"elementor-widget-wrap elementor-element-populated\">\n\t\t\t\t\t\t<div class=\"elementor-element elementor-element-a2f2eac elementor-widget elementor-widget-text-editor\" data-id=\"a2f2eac\" data-element_type=\"widget\" data-widget_type=\"text-editor.default\">\n\t\t\t\t<div class=\"elementor-widget-container\">\n\t\t\t\t\t\t\t\t\t\n<p>Sess\u00e3o da Classe de Letras sob a presid\u00eancia do acad\u00e9mico <strong>Jos\u00e9 Francisco Rodrigues<\/strong>, com a seguinte ordem-do-dia:<\/p>\n\n<ol class=\"wp-block-list\">\n<li>Comunica\u00e7\u00e3o do acad\u00e9mico <strong>Henrique de Barros<\/strong> intitulada <span style=\"color: #0000ff;\"><a style=\"color: #0000ff;\" href=\"https:\/\/www.acad-ciencias.pt\/wp-content\/uploads\/2026\/04\/14.05.2026-Resumo-Henrique-de-Barros.pdf\" target=\"_blank\" rel=\"noopener\"><em>Sa\u00fade P\u00fablica: a cl\u00ednica das popula\u00e7\u00f5es<\/em><\/a><\/span>.<\/li>\n\n<li>Comunica\u00e7\u00e3o da acad\u00e9mica <strong>Concei\u00e7\u00e3o Peleteiro<\/strong> e do convidado <strong>Manuel<\/strong> <strong>Sant\u2019Ana<\/strong> intitulada <em><span style=\"color: #0000ff;\"><a style=\"color: #0000ff;\" href=\"https:\/\/www.acad-ciencias.pt\/wp-content\/uploads\/2026\/04\/14.05.2026-Resumo-Conceicao-Peleteiro-e-Manuel-Santana-.pdf\" target=\"_blank\" rel=\"noopener\">Atuais desafios \u00e9ticos e deontol\u00f3gicos em medicina veterin\u00e1ria e a experi\u00eancia da entidade de supervis\u00e3o<\/a><\/span>.<\/em><\/li>\n<\/ol>\n\n<p>\u00a0<\/p>\n\t\t\t\t\t\t\t\t<\/div>\n\t\t\t\t<\/div>\n\t\t\t\t\t<\/div>\n\t\t<\/div>\n\t\t\t\t\t<\/div>\n\t\t<\/section>\n\t\t\t\t<\/div>","protected":false},"excerpt":{"rendered":"<p>Sess\u00e3o da Classe de Letras sob a presid\u00eancia do acad\u00e9mico Jos\u00e9 Francisco Rodrigues, com a seguinte ordem-do-dia: \u00a0<\/p>","protected":false},"author":18,"featured_media":27698,"template":"","tags":[163,209],"mec_category":[27],"class_list":["post-27696","mec-events","type-mec-events","status-publish","has-post-thumbnail","hentry","tag-academiadascienciasdelisboa","tag-classeciencias","mec_category-sessoes-academicas"],"_links":{"self":[{"href":"https:\/\/www.acad-ciencias.pt\/eng\/wp-json\/wp\/v2\/mec-events\/27696","targetHints":{"allow":["GET"]}}],"collection":[{"href":"https:\/\/www.acad-ciencias.pt\/eng\/wp-json\/wp\/v2\/mec-events"}],"about":[{"href":"https:\/\/www.acad-ciencias.pt\/eng\/wp-json\/wp\/v2\/types\/mec-events"}],"author":[{"embeddable":true,"href":"https:\/\/www.acad-ciencias.pt\/eng\/wp-json\/wp\/v2\/users\/18"}],"version-history":[{"count":4,"href":"https:\/\/www.acad-ciencias.pt\/eng\/wp-json\/wp\/v2\/mec-events\/27696\/revisions"}],"predecessor-version":[{"id":27713,"href":"https:\/\/www.acad-ciencias.pt\/eng\/wp-json\/wp\/v2\/mec-events\/27696\/revisions\/27713"}],"wp:featuredmedia":[{"embeddable":true,"href":"https:\/\/www.acad-ciencias.pt\/eng\/wp-json\/wp\/v2\/media\/27698"}],"wp:attachment":[{"href":"https:\/\/www.acad-ciencias.pt\/eng\/wp-json\/wp\/v2\/media?parent=27696"}],"wp:term":[{"taxonomy":"post_tag","embeddable":true,"href":"https:\/\/www.acad-ciencias.pt\/eng\/wp-json\/wp\/v2\/tags?post=27696"},{"taxonomy":"mec_category","embeddable":true,"href":"https:\/\/www.acad-ciencias.pt\/eng\/wp-json\/wp\/v2\/mec_category?post=27696"}],"curies":[{"name":"wp","href":"https:\/\/api.w.org\/{rel}","templated":true}]}}

Sessão da Classe de Ciências

<div data-elementor-type="wp-post" data-elementor-id="27696" class="elementor elementor-27696">
						<section class="has_eae_slider elementor-section elementor-top-section elementor-element elementor-element-3284d8ea elementor-section-boxed elementor-section-height-default elementor-section-height-default" data-eae-slider="85844" data-id="3284d8ea" data-element_type="section">
						<div class="elementor-container elementor-column-gap-default">
					<div class="has_eae_slider aux-parallax-section elementor-column elementor-col-100 elementor-top-column elementor-element elementor-element-6616bf29" data-eae-slider="49925" data-id="6616bf29" data-element_type="column">
			<div class="elementor-widget-wrap elementor-element-populated">
						<div class="elementor-element elementor-element-a2f2eac elementor-widget elementor-widget-text-editor" data-id="a2f2eac" data-element_type="widget" data-widget_type="text-editor.default">
				<div class="elementor-widget-container">
									
<p>Sessão da Classe de Letras sob a presidência do académico <strong>José Francisco Rodrigues</strong>, com a seguinte ordem-do-dia:</p>

<ol class="wp-block-list">
<li>Comunicação do académico <strong>Henrique de Barros</strong> intitulada <span style="color: #0000ff;"><a style="color: #0000ff;" href="https://www.acad-ciencias.pt/wp-content/uploads/2026/04/14.05.2026-Resumo-Henrique-de-Barros.pdf" target="_blank" rel="noopener"><em>Saúde Pública: a clínica das populações</em></a></span>.</li>

<li>Comunicação da académica <strong>Conceição Peleteiro</strong> e do convidado <strong>Manuel</strong> <strong>Sant’Ana</strong> intitulada <em><span style="color: #0000ff;"><a style="color: #0000ff;" href="https://www.acad-ciencias.pt/wp-content/uploads/2026/04/14.05.2026-Resumo-Conceicao-Peleteiro-e-Manuel-Santana-.pdf" target="_blank" rel="noopener">Atuais desafios éticos e deontológicos em medicina veterinária e a experiência da entidade de supervisão</a></span>.</em></li>
</ol>

<p> </p>
								</div>
				</div>
					</div>
		</div>
					</div>
		</section>
				</div>

<p>Sessão da Classe de Letras sob a presidência do académico José Francisco Rodrigues, com a seguinte ordem-do-dia:  </p>
