{"id":27724,"date":"2026-04-27T11:45:00","date_gmt":"2026-04-27T10:45:00","guid":{"rendered":"https:\/\/www.acad-ciencias.pt\/?post_type=mec-events&#038;p=27724"},"modified":"2026-04-27T11:45:49","modified_gmt":"2026-04-27T10:45:49","slug":"sessao-da-classes-de-letras","status":"publish","type":"mec-events","link":"https:\/\/www.acad-ciencias.pt\/eng\/events\/sessao-da-classes-de-letras\/","title":{"rendered":"Sess\u00e3o da Classes de Letras"},"content":{"rendered":"<p><strong>Sess\u00e3o da Classe de Letras&nbsp;<\/strong>sob a presid\u00eancia do acad\u00e9mico&nbsp;<strong>Jos\u00e9 Lu\u00eds Cardoso<\/strong>, com a seguinte ordem-do-dia:<\/p>\n\n\n\n<p>Titulo&nbsp;geral<em>&nbsp;&#8211; Cr\u00edtica das variantes e transmiss\u00e3o da l\u00edrica de Cam\u00f5es<\/em><\/p>\n\n\n\n<ol start=\"1\" class=\"wp-block-list\">\n<li>Comunica\u00e7\u00e3o da\u00a0acad\u00e9mica\u00a0<strong>Rita Mamoto<\/strong>:<br><em>O projeto editorial da Imprensa Nacional e do Centre International d\u2019\u00c9tudes Portugaises de Gen\u00e8ve.<\/em><br><\/li>\n\n\n\n<li>Comunica\u00e7\u00e3o da convidada\u00a0<strong>Barbara Spaggiari<\/strong>:\u00a0<br><em>A tradi\u00e7\u00e3o manuscrita e impressa.<\/em><br><\/li>\n\n\n\n<li>Comunica\u00e7\u00e3o do convidado\u00a0<strong>Maurizio Perugi:\u00a0<\/strong><br>A cr\u00edtica das variantes.\u00a0<\/li>\n<\/ol>","protected":false},"excerpt":{"rendered":"<p>Sess\u00e3o da Classe de Letras&nbsp;sob a presid\u00eancia do acad\u00e9mico&nbsp;Jos\u00e9 Lu\u00eds Cardoso, com a seguinte ordem-do-dia: Titulo&nbsp;geral&nbsp;&#8211; Cr\u00edtica das variantes e transmiss\u00e3o da l\u00edrica de Cam\u00f5es<\/p>","protected":false},"author":18,"featured_media":27725,"template":"","tags":[163],"mec_category":[27],"class_list":["post-27724","mec-events","type-mec-events","status-publish","has-post-thumbnail","hentry","tag-academiadascienciasdelisboa","mec_category-sessoes-academicas"],"_links":{"self":[{"href":"https:\/\/www.acad-ciencias.pt\/eng\/wp-json\/wp\/v2\/mec-events\/27724","targetHints":{"allow":["GET"]}}],"collection":[{"href":"https:\/\/www.acad-ciencias.pt\/eng\/wp-json\/wp\/v2\/mec-events"}],"about":[{"href":"https:\/\/www.acad-ciencias.pt\/eng\/wp-json\/wp\/v2\/types\/mec-events"}],"author":[{"embeddable":true,"href":"https:\/\/www.acad-ciencias.pt\/eng\/wp-json\/wp\/v2\/users\/18"}],"version-history":[{"count":1,"href":"https:\/\/www.acad-ciencias.pt\/eng\/wp-json\/wp\/v2\/mec-events\/27724\/revisions"}],"predecessor-version":[{"id":27726,"href":"https:\/\/www.acad-ciencias.pt\/eng\/wp-json\/wp\/v2\/mec-events\/27724\/revisions\/27726"}],"wp:featuredmedia":[{"embeddable":true,"href":"https:\/\/www.acad-ciencias.pt\/eng\/wp-json\/wp\/v2\/media\/27725"}],"wp:attachment":[{"href":"https:\/\/www.acad-ciencias.pt\/eng\/wp-json\/wp\/v2\/media?parent=27724"}],"wp:term":[{"taxonomy":"post_tag","embeddable":true,"href":"https:\/\/www.acad-ciencias.pt\/eng\/wp-json\/wp\/v2\/tags?post=27724"},{"taxonomy":"mec_category","embeddable":true,"href":"https:\/\/www.acad-ciencias.pt\/eng\/wp-json\/wp\/v2\/mec_category?post=27724"}],"curies":[{"name":"wp","href":"https:\/\/api.w.org\/{rel}","templated":true}]}}

Sessão da Classes de Letras

<p><strong>Sessão da Classe de Letras&nbsp;</strong>sob a presidência do académico&nbsp;<strong>José Luís Cardoso</strong>, com a seguinte ordem-do-dia:</p>



<p>Titulo&nbsp;geral<em>&nbsp;&#8211; Crítica das variantes e transmissão da lírica de Camões</em></p>



<ol start="1" class="wp-block-list">
<li>Comunicação da académica <strong>Rita Mamoto</strong>:<br><em>O projeto editorial da Imprensa Nacional e do Centre International d’Études Portugaises de Genève.</em><br></li>



<li>Comunicação da convidada <strong>Barbara Spaggiari</strong>: <br><em>A tradição manuscrita e impressa.</em><br></li>



<li>Comunicação do convidado <strong>Maurizio Perugi: </strong><br>A crítica das variantes. </li>
</ol>

<p>Sessão da Classe de Letras&nbsp;sob a presidência do académico&nbsp;José Luís Cardoso, com a seguinte ordem-do-dia: Titulo&nbsp;geral&nbsp;&#8211; Crítica das variantes e transmissão da lírica de Camões</p>
