{"id":5298,"date":"2021-11-09T15:44:52","date_gmt":"2021-11-09T15:44:52","guid":{"rendered":"https:\/\/www.academiabeta.galeria-arf-acad-ciencias.pt\/?page_id=5298"},"modified":"2023-03-08T17:11:04","modified_gmt":"2023-03-08T17:11:04","slug":"sessoes-academicas","status":"publish","type":"page","link":"https:\/\/www.acad-ciencias.pt\/eng\/academia\/sessoes-academicas\/","title":{"rendered":"Academic Sessions"},"content":{"rendered":"<div data-elementor-type=\"wp-page\" data-elementor-id=\"5298\" class=\"elementor elementor-5298\">\n\t\t\t\t\t\t<section class=\"has_eae_slider elementor-section elementor-top-section elementor-element elementor-element-316950cb elementor-section-full_width elementor-section-height-default elementor-section-height-default\" data-eae-slider=\"42592\" data-id=\"316950cb\" data-element_type=\"section\">\n\t\t\t\t\t\t<div class=\"elementor-container elementor-column-gap-default\">\n\t\t\t\t\t<div class=\"has_eae_slider aux-parallax-section elementor-column elementor-col-50 elementor-top-column elementor-element elementor-element-41c2aad\" data-eae-slider=\"84784\" data-id=\"41c2aad\" data-element_type=\"column\" data-settings=\"{&quot;background_background&quot;:&quot;slideshow&quot;,&quot;background_slideshow_gallery&quot;:[],&quot;background_slideshow_loop&quot;:&quot;yes&quot;,&quot;background_slideshow_slide_duration&quot;:5000,&quot;background_slideshow_slide_transition&quot;:&quot;fade&quot;,&quot;background_slideshow_transition_duration&quot;:500}\">\n\t\t\t<div class=\"elementor-widget-wrap elementor-element-populated\">\n\t\t\t\t\t\t<section class=\"has_eae_slider elementor-section elementor-inner-section elementor-element elementor-element-77462918 elementor-section-boxed elementor-section-height-default elementor-section-height-default\" data-eae-slider=\"52444\" data-id=\"77462918\" data-element_type=\"section\" id=\"9999\" data-settings=\"{&quot;background_background&quot;:&quot;slideshow&quot;,&quot;background_slideshow_gallery&quot;:[],&quot;background_slideshow_loop&quot;:&quot;yes&quot;,&quot;background_slideshow_slide_duration&quot;:5000,&quot;background_slideshow_slide_transition&quot;:&quot;fade&quot;,&quot;background_slideshow_transition_duration&quot;:500}\">\n\t\t\t\t\t\t<div class=\"elementor-container elementor-column-gap-no\">\n\t\t\t\t\t<div class=\"has_eae_slider aux-parallax-section elementor-column elementor-col-100 elementor-inner-column elementor-element elementor-element-389cad97\" data-eae-slider=\"77308\" data-id=\"389cad97\" data-element_type=\"column\" data-settings=\"{&quot;background_background&quot;:&quot;slideshow&quot;,&quot;background_slideshow_gallery&quot;:[],&quot;background_slideshow_loop&quot;:&quot;yes&quot;,&quot;background_slideshow_slide_duration&quot;:5000,&quot;background_slideshow_slide_transition&quot;:&quot;fade&quot;,&quot;background_slideshow_transition_duration&quot;:500}\">\n\t\t\t<div class=\"elementor-widget-wrap elementor-element-populated\">\n\t\t\t\t\t\t<div class=\"elementor-element elementor-element-2a6f702f elementor-widget elementor-widget-aux_breadcrumbs\" data-id=\"2a6f702f\" data-element_type=\"widget\" data-widget_type=\"aux_breadcrumbs.default\">\n\t\t\t\t<div class=\"elementor-widget-container\">\n\t\t\t\t\t<div class=\"aux-elementor-breadcrumbs\"><p class=\"aux-breadcrumbs\"><span><a href=\"https:\/\/www.acad-ciencias.pt\/eng\" title=\"Home\">Home<\/a><\/span><\/div>\t\t\t\t<\/div>\n\t\t\t\t<\/div>\n\t\t\t\t<div class=\"elementor-element elementor-element-1f771a91 elementor-widget elementor-widget-text-editor\" data-id=\"1f771a91\" data-element_type=\"widget\" data-widget_type=\"text-editor.default\">\n\t\t\t\t<div class=\"elementor-widget-container\">\n\t\t\t\t\t\t\t\t\t<h1>Academic Sessions<\/h1>\t\t\t\t\t\t\t\t<\/div>\n\t\t\t\t<\/div>\n\t\t\t\t<div class=\"elementor-element elementor-element-44a464d elementor-widget elementor-widget-aux_menu_box\" data-id=\"44a464d\" data-element_type=\"widget\" data-widget_type=\"aux_menu_box.default\">\n\t\t\t\t<div class=\"elementor-widget-container\">\n\t\t\t\t\t<div class=\"aux-elementor-header-menu aux-nav-menu-element aux-nav-menu-element-44a464d\"><div class=\"aux-burger-box\" data-target-panel=\"toggle-bar\" data-target-content=\".elementor-element-44a464d .aux-master-menu\"><div class=\"aux-burger aux-lite-small\"><span class=\"mid-line\"><\/span><\/div><\/div><!-- start master menu -->\n<nav id=\"master-menu-elementor-44a464d\" class=\"menu-agenda-container\">\n\n\t<ul id=\"menu-agenda\" class=\"aux-master-menu aux-no-js aux-skin-classic aux-horizontal\" data-type=\"horizontal\"  data-switch-type=\"toggle\" data-switch-parent=\".elementor-element-44a464d .aux-toggle-menu-bar\" data-switch-width=\"768\"  >\n\t\t<!-- start single menu -->\n\t\t<li id=\"menu-item-10148\" class=\"menu-item menu-item-type-custom menu-item-object-custom menu-item-10148 aux-menu-depth-0 aux-menu-root-1 aux-menu-item\">\n\t\t\t<a href=\"\/sessoes-academicas\" class=\"aux-item-content\">\n\t\t\t\t<span class=\"aux-menu-label\">ACADEMIC SESSIONS<\/span>\n\t\t\t<\/a>\n\t\t<\/li>\n\t\t<!-- end single menu -->\n\t\t<!-- start single menu -->\n\t\t<li id=\"menu-item-10145\" class=\"menu-item menu-item-type-custom menu-item-object-custom menu-item-10145 aux-menu-depth-0 aux-menu-root-2 aux-menu-item\">\n\t\t\t<a href=\"\/conferencias-iae\" class=\"aux-item-content\">\n\t\t\t\t<span class=\"aux-menu-label\">IAS CONFERENCES<\/span>\n\t\t\t<\/a>\n\t\t<\/li>\n\t\t<!-- end single menu -->\n\t\t<!-- start single menu -->\n\t\t<li id=\"menu-item-5217\" class=\"menu-item menu-item-type-post_type menu-item-object-page menu-item-5217 aux-menu-depth-0 aux-menu-root-3 aux-menu-item\">\n\t\t\t<a href=\"https:\/\/www.acad-ciencias.pt\/eng\/outros-eventos-2\/\" class=\"aux-item-content\">\n\t\t\t\t<span class=\"aux-menu-label\">OTHER EVENTS<\/span>\n\t\t\t<\/a>\n\t\t<\/li>\n\t\t<!-- end single menu -->\n\t\t<!-- start single menu -->\n\t\t<li id=\"menu-item-5150\" class=\"menu-item menu-item-type-post_type menu-item-object-page menu-item-5150 aux-menu-depth-0 aux-menu-root-4 aux-menu-item\">\n\t\t\t<a href=\"https:\/\/www.acad-ciencias.pt\/eng\/agenda\/\" class=\"aux-item-content\">\n\t\t\t\t<span class=\"aux-menu-label\">ALL EVENTS<\/span>\n\t\t\t<\/a>\n\t\t<\/li>\n\t\t<!-- end single menu -->\n\t<\/ul>\n\n<\/nav>\n<!-- end master menu -->\n<div class=\"aux-toggle-menu-bar\"><\/div><\/div><style>@media only screen and (min-width: 769px) { .elementor-element-44a464d .aux-burger-box { display: none } }<\/style>\t\t\t\t<\/div>\n\t\t\t\t<\/div>\n\t\t\t\t<div class=\"elementor-element elementor-element-220d250 elementor-widget elementor-widget-shortcode\" data-id=\"220d250\" data-element_type=\"widget\" data-widget_type=\"shortcode.default\">\n\t\t\t\t<div class=\"elementor-widget-container\">\n\t\t\t\t\t\t\t<div class=\"elementor-shortcode\"><div id=\"mec_skin_5310\" class=\"mec-wrap colorskin-custom\">\r\n\r\n    \r\n    <div class=\"mec-calendar\" id=\"mec_skin_events_5310_full\">\r\n        <div class=\"mec-calendar-topsec\">        <div class=\"mec-calendar-side mec-clear\">\r\n                        <div class=\"mec-skin-monthly-view-month-navigator-container\">\r\n                <div class=\"mec-month-navigator\" id=\"mec_month_navigator_5310_202604\"><div class=\"mec-previous-month mec-load-month mec-previous-month\" data-mec-year=\"2026\" data-mec-month=\"03\"><a href=\"#\" class=\"mec-load-month-link\"><i class=\"mec-sl-angle-left\"><\/i> March<\/a><\/div><div class=\"mec-calendar-header\"><h2>April 2026<\/h2><\/div><div class=\"mec-next-month mec-load-month mec-next-month\" data-mec-year=\"2026\" data-mec-month=\"05\"><a href=\"#\" class=\"mec-load-month-link\">May <i class=\"mec-sl-angle-right\"><\/i><\/a><\/div><\/div>\r\n            <\/div>\r\n            \r\n            <div class=\"mec-calendar-table\" id=\"mec_skin_events_5310\">\r\n                <div class=\"mec-month-container mec-month-container-selected\" id=\"mec_monthly_view_month_5310_202604\" data-month-id=\"202604\"><dl class=\"mec-calendar-table-head\"><dt class=\"mec-calendar-day-head\">SEG<\/dt><dt class=\"mec-calendar-day-head\">TER<\/dt><dt class=\"mec-calendar-day-head\">QUA<\/dt><dt class=\"mec-calendar-day-head\">QUI<\/dt><dt class=\"mec-calendar-day-head\">SEX<\/dt><dt class=\"mec-calendar-day-head\">SAB<\/dt><dt class=\"mec-calendar-day-head\">DOM<\/dt><\/dl><dl class=\"mec-calendar-row\">\r\n    <dt class=\"mec-table-nullday\">30<\/dt><dt class=\"mec-table-nullday\">31<\/dt><dt class=\"mec-calendar-day\" data-mec-cell=\"20260401\" data-day=\"1\" data-month=\"202604\">1<\/dt><\/dt><dt class=\"mec-calendar-day\" data-mec-cell=\"20260402\" data-day=\"2\" data-month=\"202604\">2<\/dt><\/dt><dt class=\"mec-calendar-day\" data-mec-cell=\"20260403\" data-day=\"3\" data-month=\"202604\">3<\/dt><\/dt><dt class=\"mec-calendar-day\" data-mec-cell=\"20260404\" data-day=\"4\" data-month=\"202604\">4<\/dt><\/dt><dt class=\"mec-calendar-day\" data-mec-cell=\"20260405\" data-day=\"5\" data-month=\"202604\">5<\/dt><\/dt><\/dl><dl class=\"mec-calendar-row\"><dt class=\"mec-calendar-day\" data-mec-cell=\"20260406\" data-day=\"6\" data-month=\"202604\">6<\/dt><\/dt><dt class=\"mec-calendar-day\" data-mec-cell=\"20260407\" data-day=\"7\" data-month=\"202604\">7<\/dt><\/dt><dt class=\"mec-calendar-day\" data-mec-cell=\"20260408\" data-day=\"8\" data-month=\"202604\">8<\/dt><\/dt><dt class=\"mec-calendar-day mec-has-event\" data-mec-cell=\"20260409\" data-day=\"9\" data-month=\"202604\"><a href=\"#mec-calendar-events-sec-5310-20260409\" class=\"mec-has-event-a\">9<\/a><\/dt><\/dt><dt class=\"mec-calendar-day\" data-mec-cell=\"20260410\" data-day=\"10\" data-month=\"202604\">10<\/dt><\/dt><dt class=\"mec-calendar-day\" data-mec-cell=\"20260411\" data-day=\"11\" data-month=\"202604\">11<\/dt><\/dt><dt class=\"mec-calendar-day\" data-mec-cell=\"20260412\" data-day=\"12\" data-month=\"202604\">12<\/dt><\/dt><\/dl><dl class=\"mec-calendar-row\"><dt class=\"mec-calendar-day\" data-mec-cell=\"20260413\" data-day=\"13\" data-month=\"202604\">13<\/dt><\/dt><dt class=\"mec-calendar-day\" data-mec-cell=\"20260414\" data-day=\"14\" data-month=\"202604\">14<\/dt><\/dt><dt class=\"mec-calendar-day\" data-mec-cell=\"20260415\" data-day=\"15\" data-month=\"202604\">15<\/dt><\/dt><dt class=\"mec-calendar-day mec-has-event\" data-mec-cell=\"20260416\" data-day=\"16\" data-month=\"202604\"><a href=\"#mec-calendar-events-sec-5310-20260416\" class=\"mec-has-event-a\">16<\/a><\/dt><\/dt><dt class=\"mec-calendar-day\" data-mec-cell=\"20260417\" data-day=\"17\" data-month=\"202604\">17<\/dt><\/dt><dt class=\"mec-calendar-day\" data-mec-cell=\"20260418\" data-day=\"18\" data-month=\"202604\">18<\/dt><\/dt><dt class=\"mec-calendar-day\" data-mec-cell=\"20260419\" data-day=\"19\" data-month=\"202604\">19<\/dt><\/dt><\/dl><dl class=\"mec-calendar-row\"><dt class=\"mec-calendar-day\" data-mec-cell=\"20260420\" data-day=\"20\" data-month=\"202604\">20<\/dt><\/dt><dt class=\"mec-calendar-day\" data-mec-cell=\"20260421\" data-day=\"21\" data-month=\"202604\">21<\/dt><\/dt><dt class=\"mec-calendar-day\" data-mec-cell=\"20260422\" data-day=\"22\" data-month=\"202604\">22<\/dt><\/dt><dt class=\"mec-calendar-day mec-has-event  mec-selected-day\" data-mec-cell=\"20260423\" data-day=\"23\" data-month=\"202604\"><a href=\"#mec-calendar-events-sec-5310-20260423\" class=\"mec-has-event-a\">23<\/a><\/dt><\/dt><dt class=\"mec-calendar-day\" data-mec-cell=\"20260424\" data-day=\"24\" data-month=\"202604\">24<\/dt><\/dt><dt class=\"mec-calendar-day\" data-mec-cell=\"20260425\" data-day=\"25\" data-month=\"202604\">25<\/dt><\/dt><dt class=\"mec-calendar-day\" data-mec-cell=\"20260426\" data-day=\"26\" data-month=\"202604\">26<\/dt><\/dt><\/dl><dl class=\"mec-calendar-row\"><dt class=\"mec-calendar-day\" data-mec-cell=\"20260427\" data-day=\"27\" data-month=\"202604\">27<\/dt><\/dt><dt class=\"mec-calendar-day\" data-mec-cell=\"20260428\" data-day=\"28\" data-month=\"202604\">28<\/dt><\/dt><dt class=\"mec-calendar-day\" data-mec-cell=\"20260429\" data-day=\"29\" data-month=\"202604\">29<\/dt><\/dt><dt class=\"mec-calendar-day mec-has-event\" data-mec-cell=\"20260430\" data-day=\"30\" data-month=\"202604\"><a href=\"#mec-calendar-events-sec-5310-20260430\" class=\"mec-has-event-a\">30<\/a><\/dt><\/dt><dt class=\"mec-table-nullday\">1<\/dt><dt class=\"mec-table-nullday\">2<\/dt><dt class=\"mec-table-nullday\">3<\/dt><\/dl>\r\n<\/div>\r\n            <\/div>\r\n\r\n                    <\/div>\r\n        <div class=\"mec-calendar-events-side mec-clear\"><div class=\"mec-month-side\" id=\"mec_month_side_5310_202604\"><h3 class=\"mec-table-side-title\">Events<\/h3><div class=\"mec-calendar-events-sec\" id=\"mec-calendar-events-sec-5310-20260409\" data-mec-cell=\"20260409\"  style=\"display: block;\"><article class=\"mec-past-event mec-event-article\"><div class=\"mec-event-image\"><img fetchpriority=\"high\" decoding=\"async\" width=\"300\" height=\"300\" src=\"https:\/\/www.acad-ciencias.pt\/wp-content\/uploads\/2026\/03\/Classe-letras-1202--300x300.jpg\" class=\"attachment-thumblist size-thumblist wp-post-image\" alt=\"\" data-mec-postid=\"27335\" srcset=\"https:\/\/www.acad-ciencias.pt\/wp-content\/uploads\/2026\/03\/Classe-letras-1202--300x300.jpg 300w, https:\/\/www.acad-ciencias.pt\/wp-content\/uploads\/2026\/03\/Classe-letras-1202--1024x1024.jpg 1024w, https:\/\/www.acad-ciencias.pt\/wp-content\/uploads\/2026\/03\/Classe-letras-1202--150x150.jpg 150w, https:\/\/www.acad-ciencias.pt\/wp-content\/uploads\/2026\/03\/Classe-letras-1202--768x768.jpg 768w, https:\/\/www.acad-ciencias.pt\/wp-content\/uploads\/2026\/03\/Classe-letras-1202--500x500.jpg 500w, https:\/\/www.acad-ciencias.pt\/wp-content\/uploads\/2026\/03\/Classe-letras-1202--12x12.jpg 12w, https:\/\/www.acad-ciencias.pt\/wp-content\/uploads\/2026\/03\/Classe-letras-1202-.jpg 1080w\" \/><\/div><div class=\"mec-monthly-contents\" style=\"width: calc(100% - 85px)\"><div class=\"mec-event-date\">09\/04\/2026<\/div><div class=\"mec-event-time mec-color\"><i class=\"mec-sl-clock-o\"><\/i> 15:00 - 17:00<\/div><h4 class=\"mec-event-title\"><a class=\"mec-color-hover\" data-event-id=\"27335\" href=\"https:\/\/www.acad-ciencias.pt\/eng\/events\/sessao-da-classe-de-letras-28\/\" target=\"_self\" rel=\"noopener\">Sess\u00e3o da Classe de Letras<\/a><\/h4><div class=\"mec-event-detail\">\r\n                        <div class=\"mec-event-loc-place\">Academia das Ciencias<\/div>\r\n                        \r\n                    <\/div><\/div><div style=\"clear:both\"><\/div><\/article><\/div><div class=\"mec-calendar-events-sec\" id=\"mec-calendar-events-sec-5310-20260416\" data-mec-cell=\"20260416\"  style=\"display: block;\"><article class=\"mec-past-event mec-event-article\"><div class=\"mec-event-image\"><img decoding=\"async\" width=\"300\" height=\"300\" src=\"https:\/\/www.acad-ciencias.pt\/wp-content\/uploads\/2026\/03\/Classe-ciencias-1902-300x300.jpg\" class=\"attachment-thumblist size-thumblist wp-post-image\" alt=\"\" data-mec-postid=\"27343\" srcset=\"https:\/\/www.acad-ciencias.pt\/wp-content\/uploads\/2026\/03\/Classe-ciencias-1902-300x300.jpg 300w, https:\/\/www.acad-ciencias.pt\/wp-content\/uploads\/2026\/03\/Classe-ciencias-1902-1024x1024.jpg 1024w, https:\/\/www.acad-ciencias.pt\/wp-content\/uploads\/2026\/03\/Classe-ciencias-1902-150x150.jpg 150w, https:\/\/www.acad-ciencias.pt\/wp-content\/uploads\/2026\/03\/Classe-ciencias-1902-768x768.jpg 768w, https:\/\/www.acad-ciencias.pt\/wp-content\/uploads\/2026\/03\/Classe-ciencias-1902-500x500.jpg 500w, https:\/\/www.acad-ciencias.pt\/wp-content\/uploads\/2026\/03\/Classe-ciencias-1902-12x12.jpg 12w, https:\/\/www.acad-ciencias.pt\/wp-content\/uploads\/2026\/03\/Classe-ciencias-1902.jpg 1080w\" \/><\/div><div class=\"mec-monthly-contents\" style=\"width: calc(100% - 85px)\"><div class=\"mec-event-date\">16\/04\/2026<\/div><div class=\"mec-event-time mec-color\"><i class=\"mec-sl-clock-o\"><\/i> 15:00 - 17:00<\/div><h4 class=\"mec-event-title\"><a class=\"mec-color-hover\" data-event-id=\"27343\" href=\"https:\/\/www.acad-ciencias.pt\/eng\/events\/sessao-da-classe-de-ciencias-23\/\" target=\"_self\" rel=\"noopener\">Sess\u00e3o da Classe de Ci\u00eancias<\/a><\/h4><div class=\"mec-event-detail\">\r\n                        <div class=\"mec-event-loc-place\">Academia das Ciencias<\/div>\r\n                        \r\n                    <\/div><\/div><div style=\"clear:both\"><\/div><\/article><\/div><div class=\"mec-calendar-events-sec\" id=\"mec-calendar-events-sec-5310-20260423\" data-mec-cell=\"20260423\"  style=\"display: block;\"><article class=\"mec-event-article\"><div class=\"mec-event-image\"><img decoding=\"async\" width=\"300\" height=\"300\" src=\"https:\/\/www.acad-ciencias.pt\/wp-content\/uploads\/2026\/03\/Classe-letras-1202-2-300x300.jpg\" class=\"attachment-thumblist size-thumblist wp-post-image\" alt=\"\" data-mec-postid=\"27368\" srcset=\"https:\/\/www.acad-ciencias.pt\/wp-content\/uploads\/2026\/03\/Classe-letras-1202-2-300x300.jpg 300w, https:\/\/www.acad-ciencias.pt\/wp-content\/uploads\/2026\/03\/Classe-letras-1202-2-1024x1024.jpg 1024w, https:\/\/www.acad-ciencias.pt\/wp-content\/uploads\/2026\/03\/Classe-letras-1202-2-150x150.jpg 150w, https:\/\/www.acad-ciencias.pt\/wp-content\/uploads\/2026\/03\/Classe-letras-1202-2-768x768.jpg 768w, https:\/\/www.acad-ciencias.pt\/wp-content\/uploads\/2026\/03\/Classe-letras-1202-2-500x500.jpg 500w, https:\/\/www.acad-ciencias.pt\/wp-content\/uploads\/2026\/03\/Classe-letras-1202-2-12x12.jpg 12w, https:\/\/www.acad-ciencias.pt\/wp-content\/uploads\/2026\/03\/Classe-letras-1202-2.jpg 1080w\" \/><\/div><div class=\"mec-monthly-contents\" style=\"width: calc(100% - 85px)\"><div class=\"mec-event-date\">23\/04\/2026<\/div><div class=\"mec-event-time mec-color\"><i class=\"mec-sl-clock-o\"><\/i> 15:00 - 17:00<\/div><h4 class=\"mec-event-title\"><a class=\"mec-color-hover\" data-event-id=\"27368\" href=\"https:\/\/www.acad-ciencias.pt\/eng\/events\/sessao-da-classe-de-letras-29\/\" target=\"_self\" rel=\"noopener\">Sess\u00e3o da Classe de Letras<\/a><\/h4><div class=\"mec-event-detail\">\r\n                        <div class=\"mec-event-loc-place\">Academia das Ciencias<\/div>\r\n                        \r\n                    <\/div><\/div><div style=\"clear:both\"><\/div><\/article><\/div><div class=\"mec-calendar-events-sec\" id=\"mec-calendar-events-sec-5310-20260430\" data-mec-cell=\"20260430\"  style=\"display: block;\"><article class=\"mec-event-article\"><div class=\"mec-event-image\"><img loading=\"lazy\" decoding=\"async\" width=\"300\" height=\"300\" src=\"https:\/\/www.acad-ciencias.pt\/wp-content\/uploads\/2026\/03\/Classe-ciencias-1902-1-300x300.jpg\" class=\"attachment-thumblist size-thumblist wp-post-image\" alt=\"\" data-mec-postid=\"27371\" srcset=\"https:\/\/www.acad-ciencias.pt\/wp-content\/uploads\/2026\/03\/Classe-ciencias-1902-1-300x300.jpg 300w, https:\/\/www.acad-ciencias.pt\/wp-content\/uploads\/2026\/03\/Classe-ciencias-1902-1-1024x1024.jpg 1024w, https:\/\/www.acad-ciencias.pt\/wp-content\/uploads\/2026\/03\/Classe-ciencias-1902-1-150x150.jpg 150w, https:\/\/www.acad-ciencias.pt\/wp-content\/uploads\/2026\/03\/Classe-ciencias-1902-1-768x768.jpg 768w, https:\/\/www.acad-ciencias.pt\/wp-content\/uploads\/2026\/03\/Classe-ciencias-1902-1-500x500.jpg 500w, https:\/\/www.acad-ciencias.pt\/wp-content\/uploads\/2026\/03\/Classe-ciencias-1902-1-12x12.jpg 12w, https:\/\/www.acad-ciencias.pt\/wp-content\/uploads\/2026\/03\/Classe-ciencias-1902-1.jpg 1080w\" \/><\/div><div class=\"mec-monthly-contents\" style=\"width: calc(100% - 85px)\"><div class=\"mec-event-date\">30\/04\/2026<\/div><div class=\"mec-event-time mec-color\"><i class=\"mec-sl-clock-o\"><\/i> 15:00 - 17:00<\/div><h4 class=\"mec-event-title\"><a class=\"mec-color-hover\" data-event-id=\"27371\" href=\"https:\/\/www.acad-ciencias.pt\/eng\/events\/sessao-da-classe-de-ciencias-24\/\" target=\"_self\" rel=\"noopener\">Sess\u00e3o da Classe de Ci\u00eancias<\/a><\/h4><div class=\"mec-event-detail\">\r\n                        <div class=\"mec-event-loc-place\">Academia das Ciencias<\/div>\r\n                        \r\n                    <\/div><\/div><div style=\"clear:both\"><\/div><\/article><\/div><\/div><\/div><\/div><div class=\"mec-event-footer\"><\/div>    <\/div>\r\n\r\n        \r\n        <div class=\"mec-modal-result\"><\/div>\r\n\r\n<\/div><\/div>\n\t\t\t\t\t\t<\/div>\n\t\t\t\t<\/div>\n\t\t\t\t<div class=\"elementor-element elementor-element-1536c0f9 elementor-widget elementor-widget-spacer\" data-id=\"1536c0f9\" data-element_type=\"widget\" data-widget_type=\"spacer.default\">\n\t\t\t\t<div class=\"elementor-widget-container\">\n\t\t\t\t\t\t\t<div class=\"elementor-spacer\">\n\t\t\t<div class=\"elementor-spacer-inner\"><\/div>\n\t\t<\/div>\n\t\t\t\t\t\t<\/div>\n\t\t\t\t<\/div>\n\t\t\t\t\t<\/div>\n\t\t<\/div>\n\t\t\t\t\t<\/div>\n\t\t<\/section>\n\t\t\t\t\t<\/div>\n\t\t<\/div>\n\t\t\t\t<div class=\"has_eae_slider aux-parallax-section elementor-column elementor-col-50 elementor-top-column elementor-element elementor-element-51489566 fixed-colum elementor-hidden-mobile\" data-eae-slider=\"95230\" data-id=\"51489566\" data-element_type=\"column\" data-settings=\"{&quot;background_background&quot;:&quot;classic&quot;}\">\n\t\t\t<div class=\"elementor-widget-wrap elementor-element-populated\">\n\t\t\t\t\t\t<div class=\"elementor-element elementor-element-297963b6 elementor-widget elementor-widget-spacer\" data-id=\"297963b6\" data-element_type=\"widget\" data-widget_type=\"spacer.default\">\n\t\t\t\t<div class=\"elementor-widget-container\">\n\t\t\t\t\t\t\t<div class=\"elementor-spacer\">\n\t\t\t<div class=\"elementor-spacer-inner\"><\/div>\n\t\t<\/div>\n\t\t\t\t\t\t<\/div>\n\t\t\t\t<\/div>\n\t\t\t\t\t<\/div>\n\t\t<\/div>\n\t\t\t\t\t<\/div>\n\t\t<\/section>\n\t\t\t\t<\/div>","protected":false},"excerpt":{"rendered":"<p>Home Sess\u00f5es Acad\u00e9micas SESS\u00d5ES ACAD\u00c9MICAS CONFER\u00caNCIAS IAE OUTROS EVENTOS TODOS OS EVENTOS<\/p>","protected":false},"author":1,"featured_media":0,"parent":13172,"menu_order":0,"comment_status":"closed","ping_status":"closed","template":"","meta":{"footnotes":""},"class_list":["post-5298","page","type-page","status-publish","hentry"],"_links":{"self":[{"href":"https:\/\/www.acad-ciencias.pt\/eng\/wp-json\/wp\/v2\/pages\/5298","targetHints":{"allow":["GET"]}}],"collection":[{"href":"https:\/\/www.acad-ciencias.pt\/eng\/wp-json\/wp\/v2\/pages"}],"about":[{"href":"https:\/\/www.acad-ciencias.pt\/eng\/wp-json\/wp\/v2\/types\/page"}],"author":[{"embeddable":true,"href":"https:\/\/www.acad-ciencias.pt\/eng\/wp-json\/wp\/v2\/users\/1"}],"replies":[{"embeddable":true,"href":"https:\/\/www.acad-ciencias.pt\/eng\/wp-json\/wp\/v2\/comments?post=5298"}],"version-history":[{"count":1,"href":"https:\/\/www.acad-ciencias.pt\/eng\/wp-json\/wp\/v2\/pages\/5298\/revisions"}],"predecessor-version":[{"id":24054,"href":"https:\/\/www.acad-ciencias.pt\/eng\/wp-json\/wp\/v2\/pages\/5298\/revisions\/24054"}],"up":[{"embeddable":true,"href":"https:\/\/www.acad-ciencias.pt\/eng\/wp-json\/wp\/v2\/pages\/13172"}],"wp:attachment":[{"href":"https:\/\/www.acad-ciencias.pt\/eng\/wp-json\/wp\/v2\/media?parent=5298"}],"curies":[{"name":"wp","href":"https:\/\/api.w.org\/{rel}","templated":true}]}}